{"id":18667,"date":"2025-07-16T11:00:56","date_gmt":"2025-07-16T09:00:56","guid":{"rendered":"https:\/\/uj.adatbank.ro\/lexikon\/termek\/popp-romulus\/"},"modified":"2025-07-16T11:00:56","modified_gmt":"2025-07-16T09:00:56","slug":"popp-romulus","status":"publish","type":"product","link":"https:\/\/uj.adatbank.ro\/lexikon\/termek\/popp-romulus\/","title":{"rendered":"POPP Romulus"},"content":{"rendered":"<p>? \u2020\u00a0?: \u00edt\u00e9l\u0151t\u00e1blai eln\u00f6k. \u2013 Kv.-on volt t\u00e1blab\u00edr\u00f3, amikor Mv.-re a T\u00e1bla eln\u00f6k\u00e9v\u00e9 nevezte ki a Korm\u00e1nyz\u00f3tan\u00e1cs (1919). Lemeszeltette az Igazs\u00e1g\u00fcgyi palota fresk\u00f3it, az \u00e9p\u00edt\u00e9s adatait r\u00f6gz\u00edt\u0151 m\u00e1rv\u00e1nyt\u00e1bl\u00e1t befalaztatta. Kit\u00fcntett\u00e9k a rom\u00e1n csillagkereszt I. o. keresztj\u00e9vel (1921). Brass\u00f3ba helyezt\u00e9k (1926). <br \/><strong>Irod.:<\/strong> Id\u0151t\u00e1r 3<\/br><\/p>\n","protected":false},"excerpt":{"rendered":"<p>? \u2020\u00a0?: \u00edt\u00e9l\u0151t\u00e1blai eln\u00f6k. \u2013 Kv.-on volt t\u00e1blab\u00edr\u00f3, amikor Mv.-re a T\u00e1bla eln\u00f6k\u00e9v\u00e9 nevezte ki a Korm\u00e1nyz\u00f3tan\u00e1cs (1919). Lemeszeltette az Igazs\u00e1g\u00fcgyi palota fresk\u00f3it, az \u00e9p\u00edt\u00e9s adatait r\u00f6gz\u00edt\u0151 m\u00e1rv\u00e1nyt\u00e1bl\u00e1t befalaztatta. Kit\u00fcntett\u00e9k a rom\u00e1n csillagkereszt I. o. keresztj\u00e9vel (1921). Brass\u00f3ba helyezt\u00e9k (1926). Irod.: Id\u0151t\u00e1r 3<\/p>\n","protected":false},"featured_media":0,"comment_status":"open","ping_status":"closed","template":"","meta":[],"product_brand":[],"product_cat":[137],"product_tag":[],"class_list":{"0":"post-18667","1":"product","2":"type-product","3":"status-publish","5":"product_cat-maros-megyei-eletrajzi-lexikon","7":"first","8":"instock","9":"shipping-taxable","10":"product-type-simple"},"_links":{"self":[{"href":"https:\/\/uj.adatbank.ro\/lexikon\/wp-json\/wp\/v2\/product\/18667","targetHints":{"allow":["GET"]}}],"collection":[{"href":"https:\/\/uj.adatbank.ro\/lexikon\/wp-json\/wp\/v2\/product"}],"about":[{"href":"https:\/\/uj.adatbank.ro\/lexikon\/wp-json\/wp\/v2\/types\/product"}],"replies":[{"embeddable":true,"href":"https:\/\/uj.adatbank.ro\/lexikon\/wp-json\/wp\/v2\/comments?post=18667"}],"wp:attachment":[{"href":"https:\/\/uj.adatbank.ro\/lexikon\/wp-json\/wp\/v2\/media?parent=18667"}],"wp:term":[{"taxonomy":"product_brand","embeddable":true,"href":"https:\/\/uj.adatbank.ro\/lexikon\/wp-json\/wp\/v2\/product_brand?post=18667"},{"taxonomy":"product_cat","embeddable":true,"href":"https:\/\/uj.adatbank.ro\/lexikon\/wp-json\/wp\/v2\/product_cat?post=18667"},{"taxonomy":"product_tag","embeddable":true,"href":"https:\/\/uj.adatbank.ro\/lexikon\/wp-json\/wp\/v2\/product_tag?post=18667"}],"curies":[{"name":"wp","href":"https:\/\/api.w.org\/{rel}","templated":true}]}}