{"id":18672,"date":"2025-07-16T11:01:14","date_gmt":"2025-07-16T09:01:14","guid":{"rendered":"https:\/\/uj.adatbank.ro\/lexikon\/termek\/popsor-alexandru\/"},"modified":"2025-07-16T11:01:14","modified_gmt":"2025-07-16T09:01:14","slug":"popsor-alexandru","status":"publish","type":"product","link":"https:\/\/uj.adatbank.ro\/lexikon\/termek\/popsor-alexandru\/","title":{"rendered":"POP\u015eOR, Alexandru"},"content":{"rendered":"<p>Mez\u0151\u00f6rm\u00e9nyes, 1919. szept. 21., \u2020 Marosszentkir\u00e1ly, ?: veter\u00e1n harcos. \u2013 Csend\u0151r-\u0151rmesterk\u00e9nt a marosorb\u00f3i front m\u00f6g\u00f6tt tev\u00e9kenykedett (1944. szept. 4. \u2013 okt. 10). A h\u00e1bor\u00fa ut\u00e1n Mv.-en \u00e9lt \u00e9s a H\u00e1bor\u00fas Veter\u00e1nok Egyes\u00fclet\u00e9nek eln\u00f6ke volt. <br \/><strong>Irod.:<\/strong> Suciu<\/br><\/p>\n","protected":false},"excerpt":{"rendered":"<p>Mez\u0151\u00f6rm\u00e9nyes, 1919. szept. 21., \u2020 Marosszentkir\u00e1ly, ?: veter\u00e1n harcos. \u2013 Csend\u0151r-\u0151rmesterk\u00e9nt a marosorb\u00f3i front m\u00f6g\u00f6tt tev\u00e9kenykedett (1944. szept. 4. \u2013 okt. 10). A h\u00e1bor\u00fa ut\u00e1n Mv.-en \u00e9lt \u00e9s a H\u00e1bor\u00fas Veter\u00e1nok Egyes\u00fclet\u00e9nek eln\u00f6ke volt. Irod.: Suciu<\/p>\n","protected":false},"featured_media":0,"comment_status":"open","ping_status":"closed","template":"","meta":[],"product_brand":[],"product_cat":[137],"product_tag":[],"class_list":{"0":"post-18672","1":"product","2":"type-product","3":"status-publish","5":"product_cat-maros-megyei-eletrajzi-lexikon","7":"first","8":"instock","9":"shipping-taxable","10":"product-type-simple"},"_links":{"self":[{"href":"https:\/\/uj.adatbank.ro\/lexikon\/wp-json\/wp\/v2\/product\/18672","targetHints":{"allow":["GET"]}}],"collection":[{"href":"https:\/\/uj.adatbank.ro\/lexikon\/wp-json\/wp\/v2\/product"}],"about":[{"href":"https:\/\/uj.adatbank.ro\/lexikon\/wp-json\/wp\/v2\/types\/product"}],"replies":[{"embeddable":true,"href":"https:\/\/uj.adatbank.ro\/lexikon\/wp-json\/wp\/v2\/comments?post=18672"}],"wp:attachment":[{"href":"https:\/\/uj.adatbank.ro\/lexikon\/wp-json\/wp\/v2\/media?parent=18672"}],"wp:term":[{"taxonomy":"product_brand","embeddable":true,"href":"https:\/\/uj.adatbank.ro\/lexikon\/wp-json\/wp\/v2\/product_brand?post=18672"},{"taxonomy":"product_cat","embeddable":true,"href":"https:\/\/uj.adatbank.ro\/lexikon\/wp-json\/wp\/v2\/product_cat?post=18672"},{"taxonomy":"product_tag","embeddable":true,"href":"https:\/\/uj.adatbank.ro\/lexikon\/wp-json\/wp\/v2\/product_tag?post=18672"}],"curies":[{"name":"wp","href":"https:\/\/api.w.org\/{rel}","templated":true}]}}