{"id":18687,"date":"2025-07-16T11:01:45","date_gmt":"2025-07-16T09:01:45","guid":{"rendered":"https:\/\/uj.adatbank.ro\/lexikon\/termek\/porczel-ioan-janos\/"},"modified":"2025-07-16T11:01:45","modified_gmt":"2025-07-16T09:01:45","slug":"porczel-ioan-janos","status":"publish","type":"product","link":"https:\/\/uj.adatbank.ro\/lexikon\/termek\/porczel-ioan-janos\/","title":{"rendered":"PORCZ\u00c9L, Ioan \/ J\u00e1nos"},"content":{"rendered":"<p>? \u2020\u00a0?: hadnagy. \u2013 Mv.-en hadnagy (1953), a sz\u00e1szr\u00e9geni Rajoni Securitate-n hadnagy (1954\u2013), f\u0151hadnagy (1956), sz\u00e1zados (1959), az int\u00e9zm\u00e9ny f\u0151n\u00f6ke. <br \/><strong>Irod.:<\/strong> Bartos 2012<\/br><\/p>\n","protected":false},"excerpt":{"rendered":"<p>? \u2020\u00a0?: hadnagy. \u2013 Mv.-en hadnagy (1953), a sz\u00e1szr\u00e9geni Rajoni Securitate-n hadnagy (1954\u2013), f\u0151hadnagy (1956), sz\u00e1zados (1959), az int\u00e9zm\u00e9ny f\u0151n\u00f6ke. Irod.: Bartos 2012<\/p>\n","protected":false},"featured_media":0,"comment_status":"open","ping_status":"closed","template":"","meta":[],"product_brand":[],"product_cat":[137],"product_tag":[],"class_list":{"0":"post-18687","1":"product","2":"type-product","3":"status-publish","5":"product_cat-maros-megyei-eletrajzi-lexikon","7":"first","8":"instock","9":"shipping-taxable","10":"product-type-simple"},"_links":{"self":[{"href":"https:\/\/uj.adatbank.ro\/lexikon\/wp-json\/wp\/v2\/product\/18687","targetHints":{"allow":["GET"]}}],"collection":[{"href":"https:\/\/uj.adatbank.ro\/lexikon\/wp-json\/wp\/v2\/product"}],"about":[{"href":"https:\/\/uj.adatbank.ro\/lexikon\/wp-json\/wp\/v2\/types\/product"}],"replies":[{"embeddable":true,"href":"https:\/\/uj.adatbank.ro\/lexikon\/wp-json\/wp\/v2\/comments?post=18687"}],"wp:attachment":[{"href":"https:\/\/uj.adatbank.ro\/lexikon\/wp-json\/wp\/v2\/media?parent=18687"}],"wp:term":[{"taxonomy":"product_brand","embeddable":true,"href":"https:\/\/uj.adatbank.ro\/lexikon\/wp-json\/wp\/v2\/product_brand?post=18687"},{"taxonomy":"product_cat","embeddable":true,"href":"https:\/\/uj.adatbank.ro\/lexikon\/wp-json\/wp\/v2\/product_cat?post=18687"},{"taxonomy":"product_tag","embeddable":true,"href":"https:\/\/uj.adatbank.ro\/lexikon\/wp-json\/wp\/v2\/product_tag?post=18687"}],"curies":[{"name":"wp","href":"https:\/\/api.w.org\/{rel}","templated":true}]}}