{"id":1869,"date":"2025-06-28T11:55:54","date_gmt":"2025-06-28T09:55:54","guid":{"rendered":"https:\/\/uj.adatbank.ro\/lexikon\/termek\/baki-pal-bernecki\/"},"modified":"2025-06-28T11:55:54","modified_gmt":"2025-06-28T09:55:54","slug":"baki-pal-bernecki","status":"publish","type":"product","link":"https:\/\/uj.adatbank.ro\/lexikon\/termek\/baki-pal-bernecki\/","title":{"rendered":"BAKI P\u00e1l, bernecki"},"content":{"rendered":"<p>? \u2020\u00a0? : birtokos. \u2013 B\u00e1thori Istv\u00e1n fejedelemt\u0151l kapta a mez\u0151paniti birtok\u00e1t (1572), amit t\u0151le Al\u00e1rdi Ferenc vett \u00e1t (1573). A szentkir\u00e1lyi P\u00e1los kolostort adom\u00e1nyk\u00e9nt kapta (1573) J\u00e1nos Zsigmond fejedelemt\u0151l, az \u0151 \u00e9s Angyalosi J\u00e1nos birtok\u00e1ba ker\u00fclt a reform\u00e1ci\u00f3val. A szentkir\u00e1lyi p\u00e1losi rend t\u00f6bb birtok\u00e1t Remeteszegen, T\u00f3falv\u00e1n, Szentkir\u00e1lyon, Bergeny\u00e9ben, Harc\u00f3n, B\u00e1rdoson, Szabadon, Szentgy\u00f6rgy\u00f6n \u00e9s Csejden elcser\u00e9lt Al\u00e1rdi Ferenc Feh\u00e9r megyei birtokaival (1573. nov. 3.). <br \/><strong>Irod.:<\/strong> Darvas-Kozma J\u00f3zsef: A p\u00e1losok Erd\u00e9lyben (N\u00fa., Sz\u00ednes Vil\u00e1g, 2011. m\u00e1j. 7.); Csejd \u2013T\u00f3falva; Id\u0151t\u00e1r 1.; Kr\u00f3n F\u00fcz. (1937. 2\/6); Mez\u0151panit<\/br><\/p>\n","protected":false},"excerpt":{"rendered":"<p>? \u2020\u00a0? : birtokos. \u2013 B\u00e1thori Istv\u00e1n fejedelemt\u0151l kapta a mez\u0151paniti birtok\u00e1t (1572), amit t\u0151le Al\u00e1rdi Ferenc vett \u00e1t (1573). A szentkir\u00e1lyi P\u00e1los kolostort adom\u00e1nyk\u00e9nt kapta (1573) J\u00e1nos Zsigmond fejedelemt\u0151l, az \u0151 \u00e9s Angyalosi J\u00e1nos birtok\u00e1ba ker\u00fclt a reform\u00e1ci\u00f3val. A szentkir\u00e1lyi p\u00e1losi rend t\u00f6bb birtok\u00e1t Remeteszegen, T\u00f3falv\u00e1n, Szentkir\u00e1lyon, Bergeny\u00e9ben, Harc\u00f3n, B\u00e1rdoson, Szabadon, Szentgy\u00f6rgy\u00f6n \u00e9s Csejden [&hellip;]<\/p>\n","protected":false},"featured_media":0,"comment_status":"open","ping_status":"closed","template":"","meta":[],"product_brand":[],"product_cat":[137],"product_tag":[],"class_list":{"0":"post-1869","1":"product","2":"type-product","3":"status-publish","5":"product_cat-maros-megyei-eletrajzi-lexikon","7":"first","8":"instock","9":"shipping-taxable","10":"product-type-simple"},"_links":{"self":[{"href":"https:\/\/uj.adatbank.ro\/lexikon\/wp-json\/wp\/v2\/product\/1869","targetHints":{"allow":["GET"]}}],"collection":[{"href":"https:\/\/uj.adatbank.ro\/lexikon\/wp-json\/wp\/v2\/product"}],"about":[{"href":"https:\/\/uj.adatbank.ro\/lexikon\/wp-json\/wp\/v2\/types\/product"}],"replies":[{"embeddable":true,"href":"https:\/\/uj.adatbank.ro\/lexikon\/wp-json\/wp\/v2\/comments?post=1869"}],"wp:attachment":[{"href":"https:\/\/uj.adatbank.ro\/lexikon\/wp-json\/wp\/v2\/media?parent=1869"}],"wp:term":[{"taxonomy":"product_brand","embeddable":true,"href":"https:\/\/uj.adatbank.ro\/lexikon\/wp-json\/wp\/v2\/product_brand?post=1869"},{"taxonomy":"product_cat","embeddable":true,"href":"https:\/\/uj.adatbank.ro\/lexikon\/wp-json\/wp\/v2\/product_cat?post=1869"},{"taxonomy":"product_tag","embeddable":true,"href":"https:\/\/uj.adatbank.ro\/lexikon\/wp-json\/wp\/v2\/product_tag?post=1869"}],"curies":[{"name":"wp","href":"https:\/\/api.w.org\/{rel}","templated":true}]}}

BAKI Pál, bernecki

<p>? † ? : birtokos. – Báthori István fejedelemtől kapta a mezőpaniti birtokát (1572), amit tőle Alárdi Ferenc vett át (1573). A szentkirályi Pálos kolostort adományként kapta (1573) János Zsigmond fejedelemtől, az ő és Angyalosi János birtokába került a reformációval. A szentkirályi pálosi rend több birtokát Remeteszegen, Tófalván, Szentkirályon, Bergenyében, Harcón, Bárdoson, Szabadon, Szentgyörgyön és Csejden elcserélt Alárdi Ferenc Fehér megyei birtokaival (1573. nov. 3.). <br /><strong>Irod.:</strong> Darvas-Kozma József: A pálosok Erdélyben (Nú., Színes Világ, 2011. máj. 7.); Csejd –Tófalva; Időtár 1.; Krón Füz. (1937. 2/6); Mezőpanit</br></p>

<p>? † ? : birtokos. – Báthori István fejedelemtől kapta a mezőpaniti birtokát (1572), amit tőle Alárdi Ferenc vett át (1573). A szentkirályi Pálos kolostort adományként kapta (1573) János Zsigmond fejedelemtől, az ő és Angyalosi János birtokába került a reformációval. A szentkirályi pálosi rend több birtokát Remeteszegen, Tófalván, Szentkirályon, Bergenyében, Harcón, Bárdoson, Szabadon, Szentgyörgyön és Csejden [&hellip;]</p>
