{"id":1870,"date":"2025-06-28T11:55:57","date_gmt":"2025-06-28T09:55:57","guid":{"rendered":"https:\/\/uj.adatbank.ro\/lexikon\/termek\/bakk-ilona\/"},"modified":"2025-06-28T11:55:57","modified_gmt":"2025-06-28T09:55:57","slug":"bakk-ilona","status":"publish","type":"product","link":"https:\/\/uj.adatbank.ro\/lexikon\/termek\/bakk-ilona\/","title":{"rendered":"BAKK Ilona"},"content":{"rendered":"<p>? \u2020?: f\u00f6ldbirtokos. \u2013 Alap\u00edt\u00f3 levele alapj\u00e1n k\u00e9t darab f\u00f6ldet adom\u00e1nyozott a szov\u00e1tai egyh\u00e1znak a katolikus templom fel\u00e9p\u00edt\u00e9se r\u00e9sz\u00e9re (1630. j\u00fal. 22.). <br \/><strong>Irod.:<\/strong> Maros \u2013 m\u0171eml\u00e9kek<\/br><\/p>\n","protected":false},"excerpt":{"rendered":"<p>? \u2020?: f\u00f6ldbirtokos. \u2013 Alap\u00edt\u00f3 levele alapj\u00e1n k\u00e9t darab f\u00f6ldet adom\u00e1nyozott a szov\u00e1tai egyh\u00e1znak a katolikus templom fel\u00e9p\u00edt\u00e9se r\u00e9sz\u00e9re (1630. j\u00fal. 22.). Irod.: Maros \u2013 m\u0171eml\u00e9kek<\/p>\n","protected":false},"featured_media":0,"comment_status":"open","ping_status":"closed","template":"","meta":[],"product_brand":[],"product_cat":[137],"product_tag":[],"class_list":{"0":"post-1870","1":"product","2":"type-product","3":"status-publish","5":"product_cat-maros-megyei-eletrajzi-lexikon","7":"first","8":"instock","9":"shipping-taxable","10":"product-type-simple"},"_links":{"self":[{"href":"https:\/\/uj.adatbank.ro\/lexikon\/wp-json\/wp\/v2\/product\/1870","targetHints":{"allow":["GET"]}}],"collection":[{"href":"https:\/\/uj.adatbank.ro\/lexikon\/wp-json\/wp\/v2\/product"}],"about":[{"href":"https:\/\/uj.adatbank.ro\/lexikon\/wp-json\/wp\/v2\/types\/product"}],"replies":[{"embeddable":true,"href":"https:\/\/uj.adatbank.ro\/lexikon\/wp-json\/wp\/v2\/comments?post=1870"}],"wp:attachment":[{"href":"https:\/\/uj.adatbank.ro\/lexikon\/wp-json\/wp\/v2\/media?parent=1870"}],"wp:term":[{"taxonomy":"product_brand","embeddable":true,"href":"https:\/\/uj.adatbank.ro\/lexikon\/wp-json\/wp\/v2\/product_brand?post=1870"},{"taxonomy":"product_cat","embeddable":true,"href":"https:\/\/uj.adatbank.ro\/lexikon\/wp-json\/wp\/v2\/product_cat?post=1870"},{"taxonomy":"product_tag","embeddable":true,"href":"https:\/\/uj.adatbank.ro\/lexikon\/wp-json\/wp\/v2\/product_tag?post=1870"}],"curies":[{"name":"wp","href":"https:\/\/api.w.org\/{rel}","templated":true}]}}