{"id":1872,"date":"2025-06-28T11:56:06","date_gmt":"2025-06-28T09:56:06","guid":{"rendered":"https:\/\/uj.adatbank.ro\/lexikon\/termek\/bakk-jozsef\/"},"modified":"2025-06-28T11:56:06","modified_gmt":"2025-06-28T09:56:06","slug":"bakk-jozsef","status":"publish","type":"product","link":"https:\/\/uj.adatbank.ro\/lexikon\/termek\/bakk-jozsef\/","title":{"rendered":"BAKK J\u00f3zsef"},"content":{"rendered":"<p>Fels\u0151boldogfalva, 1890. j\u00fal. 14., \u2020 Radn\u00f3tf\u00e1ja, 1960. nov. 17.: ref. lelk\u00e9sz. \u2013 A sz\u00e9kelyudvarhelyi ref. koll.-ban \u00e9retts\u00e9gizett (1910), a kv.-i ref. teol\u00f3gi\u00e1n v\u00e9gzett. A p\u00e1lyafut\u00e1s\u00e1t Bogd\u00e1ndon mint k\u00e1pl\u00e1n kezdte (1914. j\u00fan. \u2013 1916), ott tan\u00edtott is, majd Mv.-en k\u00e1pl\u00e1n (1916. j\u00fal. \u2013), lelk\u00e9szi k\u00e9pes\u00edt\u0151 vizsg\u00e1t tett (1916. okt.). Erd\u0151csin\u00e1dra v\u00e1lasztott\u00e1k meg lp.-nak (1917. j\u00fan.), R\u00e1dn\u00f3tf\u00e1j\u00e1n folytatta m\u0171k\u00f6d\u00e9s\u00e9t (1918. szept. \u2013), ahol \u00faj harangot vettek (1924), \u00faj tantermeket \u00e9s tan\u00edt\u00f3 lakot \u00e9p\u00edtettek (1926), \u00faj orgon\u00e1t vettek (1931), templomot jav\u00edtottak (1945); az egyh\u00e1z 55 hold f\u00f6ldj\u00e9t \u00e1tadt\u00e1k az \u00e1llamnak (1952), egyh\u00e1zmegyei tan\u00fcgyi el\u0151ad\u00f3 (1928\u201345), esperes (1945. szept. 27. \u2013 1952. dec. 29.). A Ref. Ifj\u00fas\u00e1g c. lap f\u0151szerk.-je. Vall\u00e1serk\u00f6lcsi novell\u00e1i jelentek meg k\u00fcl\u00f6nf\u00e9le lapokban, n\u00e9pies f\u00fczeteket \u00edrt \u00e9s adott ki. K\u00f6z\u00f6lte \u00edr\u00e1sait a Ref. Napt\u00e1r, Harangsz\u00f3, Gy\u00fclekezeti \u00c9let, Ref. Szemle, Az \u00e9n kicsinyeim. \u2013 <strong>F. m.:<\/strong> Az \u00faj tudom\u00e1ny. Elbesz\u00e9l\u00e9s (Cluj-Kv., 1926); \u201e&#8230; Ti is ek\u00e9ppen cselekedjetek\u201d: Gyermekjelenetek kar\u00e1csonyfa \u00e9s m\u00e1s \u00fcnnep\u00e9lyes alkalomra (Tg. M., 1937). <br \/><strong>Irod.:<\/strong> B\u00f6jthe; Sz\u00e9kelyf\u00f6ld \u00ed. k.; Valentiny 1938<\/br><\/p>\n","protected":false},"excerpt":{"rendered":"<p>Fels\u0151boldogfalva, 1890. j\u00fal. 14., \u2020 Radn\u00f3tf\u00e1ja, 1960. nov. 17.: ref. lelk\u00e9sz. \u2013 A sz\u00e9kelyudvarhelyi ref. koll.-ban \u00e9retts\u00e9gizett (1910), a kv.-i ref. teol\u00f3gi\u00e1n v\u00e9gzett. A p\u00e1lyafut\u00e1s\u00e1t Bogd\u00e1ndon mint k\u00e1pl\u00e1n kezdte (1914. j\u00fan. \u2013 1916), ott tan\u00edtott is, majd Mv.-en k\u00e1pl\u00e1n (1916. j\u00fal. \u2013), lelk\u00e9szi k\u00e9pes\u00edt\u0151 vizsg\u00e1t tett (1916. okt.). Erd\u0151csin\u00e1dra v\u00e1lasztott\u00e1k meg lp.-nak (1917. j\u00fan.), R\u00e1dn\u00f3tf\u00e1j\u00e1n [&hellip;]<\/p>\n","protected":false},"featured_media":0,"comment_status":"open","ping_status":"closed","template":"","meta":[],"product_brand":[],"product_cat":[137],"product_tag":[],"class_list":{"0":"post-1872","1":"product","2":"type-product","3":"status-publish","5":"product_cat-maros-megyei-eletrajzi-lexikon","7":"first","8":"instock","9":"shipping-taxable","10":"product-type-simple"},"_links":{"self":[{"href":"https:\/\/uj.adatbank.ro\/lexikon\/wp-json\/wp\/v2\/product\/1872","targetHints":{"allow":["GET"]}}],"collection":[{"href":"https:\/\/uj.adatbank.ro\/lexikon\/wp-json\/wp\/v2\/product"}],"about":[{"href":"https:\/\/uj.adatbank.ro\/lexikon\/wp-json\/wp\/v2\/types\/product"}],"replies":[{"embeddable":true,"href":"https:\/\/uj.adatbank.ro\/lexikon\/wp-json\/wp\/v2\/comments?post=1872"}],"wp:attachment":[{"href":"https:\/\/uj.adatbank.ro\/lexikon\/wp-json\/wp\/v2\/media?parent=1872"}],"wp:term":[{"taxonomy":"product_brand","embeddable":true,"href":"https:\/\/uj.adatbank.ro\/lexikon\/wp-json\/wp\/v2\/product_brand?post=1872"},{"taxonomy":"product_cat","embeddable":true,"href":"https:\/\/uj.adatbank.ro\/lexikon\/wp-json\/wp\/v2\/product_cat?post=1872"},{"taxonomy":"product_tag","embeddable":true,"href":"https:\/\/uj.adatbank.ro\/lexikon\/wp-json\/wp\/v2\/product_tag?post=1872"}],"curies":[{"name":"wp","href":"https:\/\/api.w.org\/{rel}","templated":true}]}}

BAKK József

<p>Felsőboldogfalva, 1890. júl. 14., † Radnótfája, 1960. nov. 17.: ref. lelkész. – A székelyudvarhelyi ref. koll.-ban érettségizett (1910), a kv.-i ref. teológián végzett. A pályafutását Bogdándon mint káplán kezdte (1914. jún. – 1916), ott tanított is, majd Mv.-en káplán (1916. júl. –), lelkészi képesítő vizsgát tett (1916. okt.). Erdőcsinádra választották meg lp.-nak (1917. jún.), Rádnótfáján folytatta működését (1918. szept. –), ahol új harangot vettek (1924), új tantermeket és tanító lakot építettek (1926), új orgonát vettek (1931), templomot javítottak (1945); az egyház 55 hold földjét átadták az államnak (1952), egyházmegyei tanügyi előadó (1928–45), esperes (1945. szept. 27. – 1952. dec. 29.). A Ref. Ifjúság c. lap főszerk.-je. Valláserkölcsi novellái jelentek meg különféle lapokban, népies füzeteket írt és adott ki. Közölte írásait a Ref. Naptár, Harangszó, Gyülekezeti Élet, Ref. Szemle, Az én kicsinyeim. – <strong>F. m.:</strong> Az új tudomány. Elbeszélés (Cluj-Kv., 1926); „&#8230; Ti is eképpen cselekedjetek”: Gyermekjelenetek karácsonyfa és más ünnepélyes alkalomra (Tg. M., 1937). <br /><strong>Irod.:</strong> Böjthe; Székelyföld í. k.; Valentiny 1938</br></p>

<p>Felsőboldogfalva, 1890. júl. 14., † Radnótfája, 1960. nov. 17.: ref. lelkész. – A székelyudvarhelyi ref. koll.-ban érettségizett (1910), a kv.-i ref. teológián végzett. A pályafutását Bogdándon mint káplán kezdte (1914. jún. – 1916), ott tanított is, majd Mv.-en káplán (1916. júl. –), lelkészi képesítő vizsgát tett (1916. okt.). Erdőcsinádra választották meg lp.-nak (1917. jún.), Rádnótfáján [&hellip;]</p>
