{"id":18725,"date":"2025-07-16T11:03:17","date_gmt":"2025-07-16T09:03:17","guid":{"rendered":"https:\/\/uj.adatbank.ro\/lexikon\/termek\/potyo-peter\/"},"modified":"2025-07-16T11:03:17","modified_gmt":"2025-07-16T09:03:17","slug":"potyo-peter","status":"publish","type":"product","link":"https:\/\/uj.adatbank.ro\/lexikon\/termek\/potyo-peter\/","title":{"rendered":"P\u00d6TY\u0150 P\u00e9ter"},"content":{"rendered":"<p>Lemh\u00e9ny, 1888., \u2020\u00a0?: szab\u00f3. \u2013 Iskol\u00e1i elv\u00e9gz\u00e9se ut\u00e1n szab\u00f3s\u00e1got tanult \u00f6n\u00e1ll\u00f3 lett Mv.-en (1911). R\u00e9szt vett az els\u0151 vh.-ban. J\u00f3nev\u0171 iparosa volt a v\u00e1rosnak, rendel\u00e9sre dolgozott. <br \/><strong>Irod.:<\/strong> Sz\u00e9kelyf\u00f6ld \u00ed.k.<\/br><\/p>\n","protected":false},"excerpt":{"rendered":"<p>Lemh\u00e9ny, 1888., \u2020\u00a0?: szab\u00f3. \u2013 Iskol\u00e1i elv\u00e9gz\u00e9se ut\u00e1n szab\u00f3s\u00e1got tanult \u00f6n\u00e1ll\u00f3 lett Mv.-en (1911). R\u00e9szt vett az els\u0151 vh.-ban. J\u00f3nev\u0171 iparosa volt a v\u00e1rosnak, rendel\u00e9sre dolgozott. Irod.: Sz\u00e9kelyf\u00f6ld \u00ed.k.<\/p>\n","protected":false},"featured_media":0,"comment_status":"open","ping_status":"closed","template":"","meta":[],"product_brand":[],"product_cat":[137],"product_tag":[],"class_list":{"0":"post-18725","1":"product","2":"type-product","3":"status-publish","5":"product_cat-maros-megyei-eletrajzi-lexikon","7":"first","8":"instock","9":"shipping-taxable","10":"product-type-simple"},"_links":{"self":[{"href":"https:\/\/uj.adatbank.ro\/lexikon\/wp-json\/wp\/v2\/product\/18725","targetHints":{"allow":["GET"]}}],"collection":[{"href":"https:\/\/uj.adatbank.ro\/lexikon\/wp-json\/wp\/v2\/product"}],"about":[{"href":"https:\/\/uj.adatbank.ro\/lexikon\/wp-json\/wp\/v2\/types\/product"}],"replies":[{"embeddable":true,"href":"https:\/\/uj.adatbank.ro\/lexikon\/wp-json\/wp\/v2\/comments?post=18725"}],"wp:attachment":[{"href":"https:\/\/uj.adatbank.ro\/lexikon\/wp-json\/wp\/v2\/media?parent=18725"}],"wp:term":[{"taxonomy":"product_brand","embeddable":true,"href":"https:\/\/uj.adatbank.ro\/lexikon\/wp-json\/wp\/v2\/product_brand?post=18725"},{"taxonomy":"product_cat","embeddable":true,"href":"https:\/\/uj.adatbank.ro\/lexikon\/wp-json\/wp\/v2\/product_cat?post=18725"},{"taxonomy":"product_tag","embeddable":true,"href":"https:\/\/uj.adatbank.ro\/lexikon\/wp-json\/wp\/v2\/product_tag?post=18725"}],"curies":[{"name":"wp","href":"https:\/\/api.w.org\/{rel}","templated":true}]}}