{"id":18727,"date":"2025-07-16T11:03:22","date_gmt":"2025-07-16T09:03:22","guid":{"rendered":"https:\/\/uj.adatbank.ro\/lexikon\/termek\/pozsonyi-gabor-posoni-papolci\/"},"modified":"2025-07-16T11:03:22","modified_gmt":"2025-07-16T09:03:22","slug":"pozsonyi-gabor-posoni-papolci","status":"publish","type":"product","link":"https:\/\/uj.adatbank.ro\/lexikon\/termek\/pozsonyi-gabor-posoni-papolci\/","title":{"rendered":"POZSONYI G\u00e1bor; Posoni papolci"},"content":{"rendered":"<p>Torda, 1864., \u2020 Mv., 1916. m\u00e1j. 5. Kisg\u00f6rg\u00e9nyi csal\u00e1di sirboltba temett\u00e9k: jog\u00e1sz, t\u00e1blai tan\u00e1cseln\u00f6k. \u2013 A csal\u00e1d nemess\u00e9g\u00e9t B\u00e1thory Zsigmond er\u0151sitette meg (1601). Tanulm\u00e1nyait Kv.-on v\u00e9gezte. A tordai t\u00f6rv\u00e9nysz\u00e9kn\u00e9l kezdte p\u00e1ly\u00e1j\u00e1t, jegyz\u0151k\u00e9nt, majd fogalmaz\u00f3 Kv.-on, Mv.-en \u00fcgy\u00e9sz, nemsok\u00e1ra t\u00e1blai eln\u00f6ki titk\u00e1r, t\u00e1blai b\u00edr\u00f3, a kir. t\u00f6rv\u00e9nysz\u00e9k eln\u00f6ke majd t\u00e1blai tan\u00e1csi eln\u00f6k lett (1912\u2013). Bern\u00e1dy Gy\u00f6rgyh\u00f6z meleg bar\u00e1ts\u00e1g f\u0171zte. Nagy tud\u00e1s\u00e1t irodalmi munk\u00e1ss\u00e1ga is bizony\u00edtja, polg\u00e1ri jog\u00e1sz, a jog\u00e1szk\u00e9pz\u00e9s ter\u00fclet\u00e9n az \u00fcgyv\u00e9dvizsg\u00e1l\u00f3 bizotts\u00e1gokban is tev\u00e9kenykedett. A v\u00e1rmegye \u00e9s a v\u00e1ros valamennyi fontosabb kultur\u00e1lis \u00e9s t\u00e1rsadalmi egyes\u00fclet\u00e9nek tagja. Kisg\u00f6rg\u00e9nyben kast\u00e9lyt \u00e9p\u00edtetett, fenyves, gy\u0171m\u00f6lcs\u00f6skert \u00e9s tornakert vette k\u00f6r\u00fcl. A h\u00e1bor\u00fa idej\u00e9n a kast\u00e9lyt lebomb\u00e1zt\u00e1k, a fenyvest k\u00e9s\u0151bb kiv\u00e1gt\u00e1k \u00e9s minden vagyonukat sz\u00e9thordt\u00e1k.H\u00e1rom gyermeke: G\u00e1bor, L\u00e1szl\u00f3, R\u00f3zsika, aki a p\u00f3kakereszt\u00fari Tolvaj f\u00f6ldbirtokos feles\u00e9ge, le\u00e1nyuk Tolvaj M\u00e1rta. <br \/><strong>Irod.:<\/strong> A IV. Orsz\u00e1gos Patronage Kongresszus iratai (Kv., 1914); Kisg\u00f6rg\u00e9ny; Sz\u00e9kelyf\u00f6ld \u00ed.k.<\/br><\/p>\n","protected":false},"excerpt":{"rendered":"<p>Torda, 1864., \u2020 Mv., 1916. m\u00e1j. 5. Kisg\u00f6rg\u00e9nyi csal\u00e1di sirboltba temett\u00e9k: jog\u00e1sz, t\u00e1blai tan\u00e1cseln\u00f6k. \u2013 A csal\u00e1d nemess\u00e9g\u00e9t B\u00e1thory Zsigmond er\u0151sitette meg (1601). Tanulm\u00e1nyait Kv.-on v\u00e9gezte. A tordai t\u00f6rv\u00e9nysz\u00e9kn\u00e9l kezdte p\u00e1ly\u00e1j\u00e1t, jegyz\u0151k\u00e9nt, majd fogalmaz\u00f3 Kv.-on, Mv.-en \u00fcgy\u00e9sz, nemsok\u00e1ra t\u00e1blai eln\u00f6ki titk\u00e1r, t\u00e1blai b\u00edr\u00f3, a kir. t\u00f6rv\u00e9nysz\u00e9k eln\u00f6ke majd t\u00e1blai tan\u00e1csi eln\u00f6k lett (1912\u2013). Bern\u00e1dy Gy\u00f6rgyh\u00f6z [&hellip;]<\/p>\n","protected":false},"featured_media":0,"comment_status":"open","ping_status":"closed","template":"","meta":[],"product_brand":[],"product_cat":[137],"product_tag":[],"class_list":{"0":"post-18727","1":"product","2":"type-product","3":"status-publish","5":"product_cat-maros-megyei-eletrajzi-lexikon","7":"first","8":"instock","9":"shipping-taxable","10":"product-type-simple"},"_links":{"self":[{"href":"https:\/\/uj.adatbank.ro\/lexikon\/wp-json\/wp\/v2\/product\/18727","targetHints":{"allow":["GET"]}}],"collection":[{"href":"https:\/\/uj.adatbank.ro\/lexikon\/wp-json\/wp\/v2\/product"}],"about":[{"href":"https:\/\/uj.adatbank.ro\/lexikon\/wp-json\/wp\/v2\/types\/product"}],"replies":[{"embeddable":true,"href":"https:\/\/uj.adatbank.ro\/lexikon\/wp-json\/wp\/v2\/comments?post=18727"}],"wp:attachment":[{"href":"https:\/\/uj.adatbank.ro\/lexikon\/wp-json\/wp\/v2\/media?parent=18727"}],"wp:term":[{"taxonomy":"product_brand","embeddable":true,"href":"https:\/\/uj.adatbank.ro\/lexikon\/wp-json\/wp\/v2\/product_brand?post=18727"},{"taxonomy":"product_cat","embeddable":true,"href":"https:\/\/uj.adatbank.ro\/lexikon\/wp-json\/wp\/v2\/product_cat?post=18727"},{"taxonomy":"product_tag","embeddable":true,"href":"https:\/\/uj.adatbank.ro\/lexikon\/wp-json\/wp\/v2\/product_tag?post=18727"}],"curies":[{"name":"wp","href":"https:\/\/api.w.org\/{rel}","templated":true}]}}