{"id":18741,"date":"2025-07-16T11:03:52","date_gmt":"2025-07-16T09:03:52","guid":{"rendered":"https:\/\/uj.adatbank.ro\/lexikon\/termek\/precup-grigore\/"},"modified":"2025-07-16T11:03:52","modified_gmt":"2025-07-16T09:03:52","slug":"precup-grigore","status":"publish","type":"product","link":"https:\/\/uj.adatbank.ro\/lexikon\/termek\/precup-grigore\/","title":{"rendered":"PRECUP, Grigore"},"content":{"rendered":"<p>Bala, 1793., \u2020 Mez\u0151kir\u00e1lyfalva, 1862.: g. kat. pap, tan\u00e1r. \u2013 Teol\u00f3gi\u00e1t Bal\u00e1zsfalv\u00e1n v\u00e9gzett, uo. tan\u00edtott (1821\u201322), majd Kir\u00e1lyfalv\u00e1ra k\u00fcldt\u00e9k pl\u00e9b\u00e1nosnak (val\u00f3sz\u00edn\u0171 \u00e9lete v\u00e9g\u00e9ig). <br \/><strong>Irod.:<\/strong> Com\u015fa\u2013Seiceanu, Todea 2013<\/br><\/p>\n","protected":false},"excerpt":{"rendered":"<p>Bala, 1793., \u2020 Mez\u0151kir\u00e1lyfalva, 1862.: g. kat. pap, tan\u00e1r. \u2013 Teol\u00f3gi\u00e1t Bal\u00e1zsfalv\u00e1n v\u00e9gzett, uo. tan\u00edtott (1821\u201322), majd Kir\u00e1lyfalv\u00e1ra k\u00fcldt\u00e9k pl\u00e9b\u00e1nosnak (val\u00f3sz\u00edn\u0171 \u00e9lete v\u00e9g\u00e9ig). Irod.: Com\u015fa\u2013Seiceanu, Todea 2013<\/p>\n","protected":false},"featured_media":0,"comment_status":"open","ping_status":"closed","template":"","meta":[],"product_brand":[],"product_cat":[137],"product_tag":[],"class_list":{"0":"post-18741","1":"product","2":"type-product","3":"status-publish","5":"product_cat-maros-megyei-eletrajzi-lexikon","7":"first","8":"instock","9":"shipping-taxable","10":"product-type-simple"},"_links":{"self":[{"href":"https:\/\/uj.adatbank.ro\/lexikon\/wp-json\/wp\/v2\/product\/18741","targetHints":{"allow":["GET"]}}],"collection":[{"href":"https:\/\/uj.adatbank.ro\/lexikon\/wp-json\/wp\/v2\/product"}],"about":[{"href":"https:\/\/uj.adatbank.ro\/lexikon\/wp-json\/wp\/v2\/types\/product"}],"replies":[{"embeddable":true,"href":"https:\/\/uj.adatbank.ro\/lexikon\/wp-json\/wp\/v2\/comments?post=18741"}],"wp:attachment":[{"href":"https:\/\/uj.adatbank.ro\/lexikon\/wp-json\/wp\/v2\/media?parent=18741"}],"wp:term":[{"taxonomy":"product_brand","embeddable":true,"href":"https:\/\/uj.adatbank.ro\/lexikon\/wp-json\/wp\/v2\/product_brand?post=18741"},{"taxonomy":"product_cat","embeddable":true,"href":"https:\/\/uj.adatbank.ro\/lexikon\/wp-json\/wp\/v2\/product_cat?post=18741"},{"taxonomy":"product_tag","embeddable":true,"href":"https:\/\/uj.adatbank.ro\/lexikon\/wp-json\/wp\/v2\/product_tag?post=18741"}],"curies":[{"name":"wp","href":"https:\/\/api.w.org\/{rel}","templated":true}]}}