{"id":18752,"date":"2025-07-16T11:04:20","date_gmt":"2025-07-16T09:04:20","guid":{"rendered":"https:\/\/uj.adatbank.ro\/lexikon\/termek\/prescurea-ion-%c2%a7\/"},"modified":"2025-07-16T11:04:20","modified_gmt":"2025-07-16T09:04:20","slug":"prescurea-ion-%c2%a7","status":"publish","type":"product","link":"https:\/\/uj.adatbank.ro\/lexikon\/termek\/prescurea-ion-%c2%a7\/","title":{"rendered":"PRESCUREA, Ion, \u00a7"},"content":{"rendered":"<p>? \u2020\u00a0?: prefektus. \u2013 Nagyk\u00fck\u00fcll\u0151 prefektusa (1920 ut\u00e1n, 1924 k.). Megszervezte Nagyk\u00fck\u00fcll\u0151 megye adminisztr\u00e1ci\u00f3j\u00e1t (1920\u2013). <br \/><strong>Irod.:<\/strong> Figuri pol.<\/br><\/p>\n","protected":false},"excerpt":{"rendered":"<p>? \u2020\u00a0?: prefektus. \u2013 Nagyk\u00fck\u00fcll\u0151 prefektusa (1920 ut\u00e1n, 1924 k.). Megszervezte Nagyk\u00fck\u00fcll\u0151 megye adminisztr\u00e1ci\u00f3j\u00e1t (1920\u2013). Irod.: Figuri pol.<\/p>\n","protected":false},"featured_media":0,"comment_status":"open","ping_status":"closed","template":"","meta":[],"product_brand":[],"product_cat":[137],"product_tag":[],"class_list":{"0":"post-18752","1":"product","2":"type-product","3":"status-publish","5":"product_cat-maros-megyei-eletrajzi-lexikon","7":"first","8":"instock","9":"shipping-taxable","10":"product-type-simple"},"_links":{"self":[{"href":"https:\/\/uj.adatbank.ro\/lexikon\/wp-json\/wp\/v2\/product\/18752","targetHints":{"allow":["GET"]}}],"collection":[{"href":"https:\/\/uj.adatbank.ro\/lexikon\/wp-json\/wp\/v2\/product"}],"about":[{"href":"https:\/\/uj.adatbank.ro\/lexikon\/wp-json\/wp\/v2\/types\/product"}],"replies":[{"embeddable":true,"href":"https:\/\/uj.adatbank.ro\/lexikon\/wp-json\/wp\/v2\/comments?post=18752"}],"wp:attachment":[{"href":"https:\/\/uj.adatbank.ro\/lexikon\/wp-json\/wp\/v2\/media?parent=18752"}],"wp:term":[{"taxonomy":"product_brand","embeddable":true,"href":"https:\/\/uj.adatbank.ro\/lexikon\/wp-json\/wp\/v2\/product_brand?post=18752"},{"taxonomy":"product_cat","embeddable":true,"href":"https:\/\/uj.adatbank.ro\/lexikon\/wp-json\/wp\/v2\/product_cat?post=18752"},{"taxonomy":"product_tag","embeddable":true,"href":"https:\/\/uj.adatbank.ro\/lexikon\/wp-json\/wp\/v2\/product_tag?post=18752"}],"curies":[{"name":"wp","href":"https:\/\/api.w.org\/{rel}","templated":true}]}}