{"id":18753,"date":"2025-07-16T11:04:22","date_gmt":"2025-07-16T09:04:22","guid":{"rendered":"https:\/\/uj.adatbank.ro\/lexikon\/termek\/presecan-petru-%c2%a7\/"},"modified":"2025-07-16T11:04:22","modified_gmt":"2025-07-16T09:04:22","slug":"presecan-petru-%c2%a7","status":"publish","type":"product","link":"https:\/\/uj.adatbank.ro\/lexikon\/termek\/presecan-petru-%c2%a7\/","title":{"rendered":"PRESECAN, Petru, \u00a7"},"content":{"rendered":"<p>Fenes, 1926. aug. 27. \u2020 Mv., 1992. j\u00fal. 25., eltemetve Zalatn\u00e1n : tan\u00e1r. \u2013 A sz\u00fcl\u0151faluj\u00e1ban kezdte el tanulm\u00e1nyait, egyetemet Kv.-on v\u00e9gzett, \u00e9s mat.-fizikatan\u00e1ri okl.-t szerzett (1957). P\u00e1ly\u00e1j\u00e1t Zalatn\u00e1n kezdte a szakiskol\u00e1ban (1948\u201349), azut\u00e1n a k\u00f6z\u00e9piskol\u00e1ban volt tan\u00e1r, majd K\u0151r\u00f6sb\u00e1ny\u00e1n (Hunyad) a Gyermekek H\u00e1z\u00e1nak igazgat\u00f3ja (1955\u201356). Sz\u00fcl\u0151faluj\u00e1ban az \u00c1lt. Isk. Tan\u00e1ra (1955. szept. 1.\u201356), majd Zalatn\u00e1n a K\u00f6z\u00e9piskol\u00e1ban (1956\u201366). Fizikatan\u00e1rk\u00e9nt \u00e1thelyeztette mag\u00e1t Mv.-re a Papiu Lic.-ba, ahonnan nyugd\u00edjba ment (1966\u201388). A fizika katedra vezet\u0151je; k\u00e9t \u00faj laborat\u00f3riumot l\u00e9tes\u00edtett: elektomoss\u00e1gtanit \u00e9s mechanikait. A lic.-ban fizika k\u00f6rt vezetett a tanul\u00f3k r\u00e9sz\u00e9re, akikkel tant\u00e1rgyversenyeken vett r\u00e9szt, k\u00fcl\u00f6nb\u00f6z\u0151 t\u00e9m\u00e1j\u00fa el\u0151ad\u00e1sokat tartott szimp\u00f3ziumokon \u00e9s pedag\u00f3giai k\u00f6r\u00f6k\u00f6n. Tagja volt a Fizika-k\u00e9mia T\u00e1rsas\u00e1g marosi fi\u00f3kj\u00e1nak, Maros Megye Tanfel\u00fcgyel\u0151s\u00e9g\u00e9nek \u00f6nk\u00e9ntes aktivist\u00e1ja. Minden tan\u00fcgyi fokozati vizsg\u00e1t letett: II.fokozat (1971), I. fokozat (Kv., 1976). Dolgozat\u00e1nak c\u00edme: Metodica pred\u0103rii teoriei relativit\u0103\u0163ii \u00een liceu. <br \/><strong>Irod.:<\/strong> Dasc\u0103li mure\u015feni, 5.<\/br><\/p>\n","protected":false},"excerpt":{"rendered":"<p>Fenes, 1926. aug. 27. \u2020 Mv., 1992. j\u00fal. 25., eltemetve Zalatn\u00e1n : tan\u00e1r. \u2013 A sz\u00fcl\u0151faluj\u00e1ban kezdte el tanulm\u00e1nyait, egyetemet Kv.-on v\u00e9gzett, \u00e9s mat.-fizikatan\u00e1ri okl.-t szerzett (1957). P\u00e1ly\u00e1j\u00e1t Zalatn\u00e1n kezdte a szakiskol\u00e1ban (1948\u201349), azut\u00e1n a k\u00f6z\u00e9piskol\u00e1ban volt tan\u00e1r, majd K\u0151r\u00f6sb\u00e1ny\u00e1n (Hunyad) a Gyermekek H\u00e1z\u00e1nak igazgat\u00f3ja (1955\u201356). Sz\u00fcl\u0151faluj\u00e1ban az \u00c1lt. Isk. Tan\u00e1ra (1955. szept. 1.\u201356), majd [&hellip;]<\/p>\n","protected":false},"featured_media":0,"comment_status":"open","ping_status":"closed","template":"","meta":[],"product_brand":[],"product_cat":[137],"product_tag":[],"class_list":{"0":"post-18753","1":"product","2":"type-product","3":"status-publish","5":"product_cat-maros-megyei-eletrajzi-lexikon","7":"first","8":"instock","9":"shipping-taxable","10":"product-type-simple"},"_links":{"self":[{"href":"https:\/\/uj.adatbank.ro\/lexikon\/wp-json\/wp\/v2\/product\/18753","targetHints":{"allow":["GET"]}}],"collection":[{"href":"https:\/\/uj.adatbank.ro\/lexikon\/wp-json\/wp\/v2\/product"}],"about":[{"href":"https:\/\/uj.adatbank.ro\/lexikon\/wp-json\/wp\/v2\/types\/product"}],"replies":[{"embeddable":true,"href":"https:\/\/uj.adatbank.ro\/lexikon\/wp-json\/wp\/v2\/comments?post=18753"}],"wp:attachment":[{"href":"https:\/\/uj.adatbank.ro\/lexikon\/wp-json\/wp\/v2\/media?parent=18753"}],"wp:term":[{"taxonomy":"product_brand","embeddable":true,"href":"https:\/\/uj.adatbank.ro\/lexikon\/wp-json\/wp\/v2\/product_brand?post=18753"},{"taxonomy":"product_cat","embeddable":true,"href":"https:\/\/uj.adatbank.ro\/lexikon\/wp-json\/wp\/v2\/product_cat?post=18753"},{"taxonomy":"product_tag","embeddable":true,"href":"https:\/\/uj.adatbank.ro\/lexikon\/wp-json\/wp\/v2\/product_tag?post=18753"}],"curies":[{"name":"wp","href":"https:\/\/api.w.org\/{rel}","templated":true}]}}