{"id":18761,"date":"2025-07-16T11:04:40","date_gmt":"2025-07-16T09:04:40","guid":{"rendered":"https:\/\/uj.adatbank.ro\/lexikon\/termek\/prohaszka-gyula\/"},"modified":"2025-07-16T11:04:40","modified_gmt":"2025-07-16T09:04:40","slug":"prohaszka-gyula","status":"publish","type":"product","link":"https:\/\/uj.adatbank.ro\/lexikon\/termek\/prohaszka-gyula\/","title":{"rendered":"PROH\u00c1SZKA Gyula"},"content":{"rendered":"<p>Gyimesb\u00fckk, 1915. \u00e1pr. 12., \u2020\u00a0Marosszentgy\u00f6rgy, 1996. jan. 28.: r. k. pap. \u2013 Cs\u00edkszered\u00e1ban \u00e9s Gyulafeh\u00e9rv\u00e1ron tanult, papp\u00e1 szentelt\u00e9k (1938. m\u00e1rc. 12. v. 13). Szolg\u00e1lt\u00e1t Cs\u00edkszentgy\u00f6rgy\u00f6n kezdte, majd Sz\u00e1szr\u00e9genben (1943\u2013), Mv.-en k\u00e1pl\u00e1n (1947), Tusn\u00e1dr\u00f3l helyezt\u00e9k Szentdemeterre pl\u00e9b\u00e1nosnak nyugd\u00edjaz\u00e1s\u00e1ig (1970. okt. 1.- 1989. aug. 1.). <br \/><strong>Irod.:<\/strong> Ferenczi S\u00e1ndor 2009; Maros-k\u00fck\u00fcll\u0151i f\u0151esp.; [Nekrol\u00f3g] (N\u00fa., 1996. jan. 30.); Nemes Gyula: Szakr\u00e1lis eml\u00e9kek&#8230; = P\u00e1l-Antal \u2013 Simon<\/br><\/p>\n","protected":false},"excerpt":{"rendered":"<p>Gyimesb\u00fckk, 1915. \u00e1pr. 12., \u2020\u00a0Marosszentgy\u00f6rgy, 1996. jan. 28.: r. k. pap. \u2013 Cs\u00edkszered\u00e1ban \u00e9s Gyulafeh\u00e9rv\u00e1ron tanult, papp\u00e1 szentelt\u00e9k (1938. m\u00e1rc. 12. v. 13). Szolg\u00e1lt\u00e1t Cs\u00edkszentgy\u00f6rgy\u00f6n kezdte, majd Sz\u00e1szr\u00e9genben (1943\u2013), Mv.-en k\u00e1pl\u00e1n (1947), Tusn\u00e1dr\u00f3l helyezt\u00e9k Szentdemeterre pl\u00e9b\u00e1nosnak nyugd\u00edjaz\u00e1s\u00e1ig (1970. okt. 1.- 1989. aug. 1.). Irod.: Ferenczi S\u00e1ndor 2009; Maros-k\u00fck\u00fcll\u0151i f\u0151esp.; [Nekrol\u00f3g] (N\u00fa., 1996. jan. 30.); Nemes [&hellip;]<\/p>\n","protected":false},"featured_media":0,"comment_status":"open","ping_status":"closed","template":"","meta":[],"product_brand":[],"product_cat":[137],"product_tag":[],"class_list":{"0":"post-18761","1":"product","2":"type-product","3":"status-publish","5":"product_cat-maros-megyei-eletrajzi-lexikon","7":"first","8":"instock","9":"shipping-taxable","10":"product-type-simple"},"_links":{"self":[{"href":"https:\/\/uj.adatbank.ro\/lexikon\/wp-json\/wp\/v2\/product\/18761","targetHints":{"allow":["GET"]}}],"collection":[{"href":"https:\/\/uj.adatbank.ro\/lexikon\/wp-json\/wp\/v2\/product"}],"about":[{"href":"https:\/\/uj.adatbank.ro\/lexikon\/wp-json\/wp\/v2\/types\/product"}],"replies":[{"embeddable":true,"href":"https:\/\/uj.adatbank.ro\/lexikon\/wp-json\/wp\/v2\/comments?post=18761"}],"wp:attachment":[{"href":"https:\/\/uj.adatbank.ro\/lexikon\/wp-json\/wp\/v2\/media?parent=18761"}],"wp:term":[{"taxonomy":"product_brand","embeddable":true,"href":"https:\/\/uj.adatbank.ro\/lexikon\/wp-json\/wp\/v2\/product_brand?post=18761"},{"taxonomy":"product_cat","embeddable":true,"href":"https:\/\/uj.adatbank.ro\/lexikon\/wp-json\/wp\/v2\/product_cat?post=18761"},{"taxonomy":"product_tag","embeddable":true,"href":"https:\/\/uj.adatbank.ro\/lexikon\/wp-json\/wp\/v2\/product_tag?post=18761"}],"curies":[{"name":"wp","href":"https:\/\/api.w.org\/{rel}","templated":true}]}}