{"id":18768,"date":"2025-07-16T11:04:55","date_gmt":"2025-07-16T09:04:55","guid":{"rendered":"https:\/\/uj.adatbank.ro\/lexikon\/termek\/puczi-andrei-liviu\/"},"modified":"2025-07-16T11:04:55","modified_gmt":"2025-07-16T09:04:55","slug":"puczi-andrei-liviu","status":"publish","type":"product","link":"https:\/\/uj.adatbank.ro\/lexikon\/termek\/puczi-andrei-liviu\/","title":{"rendered":"PUCZI Andrei Liviu"},"content":{"rendered":"<p>Marosszentgy\u00f6rgy, 1969. j\u00fal. 21., \u2020 Temesv\u00e1r, 1989. dec. 22.: az 1989-es forradalom m\u00e1rt\u00edrja. \u2013 A k\u00f6z\u00e9piskola elv\u00e9gz\u00e9se ut\u00e1n Medgyesen dolgozott, mint \u00fcveggy\u00e1ri munk\u00e1s. Bevonult katon\u00e1nak (1989), Temesv\u00e1ron \u0151rszolg\u00e1latot teljes\u00edtett a decemberi forradalom kit\u0151r\u00e9sekor, \u0151rszog\u00e1lat teljes\u00edt\u00e9se k\u00f6zben m\u00e9g k\u00e9t \u00fajonct\u00e1rs\u00e1val egy\u00fctt l\u0151tt\u00e9k le. Post mortem l\u00e9ptett\u00e9k el\u0151 alhadnagynak. <br \/><strong>Irod.:<\/strong> Ioni\u0163oiu; M\u00f3zes Edit: Aki nem vehetett b\u00facs\u00fat (N\u00fa., 1990. febr. 28.)<\/br><\/p>\n","protected":false},"excerpt":{"rendered":"<p>Marosszentgy\u00f6rgy, 1969. j\u00fal. 21., \u2020 Temesv\u00e1r, 1989. dec. 22.: az 1989-es forradalom m\u00e1rt\u00edrja. \u2013 A k\u00f6z\u00e9piskola elv\u00e9gz\u00e9se ut\u00e1n Medgyesen dolgozott, mint \u00fcveggy\u00e1ri munk\u00e1s. Bevonult katon\u00e1nak (1989), Temesv\u00e1ron \u0151rszolg\u00e1latot teljes\u00edtett a decemberi forradalom kit\u0151r\u00e9sekor, \u0151rszog\u00e1lat teljes\u00edt\u00e9se k\u00f6zben m\u00e9g k\u00e9t \u00fajonct\u00e1rs\u00e1val egy\u00fctt l\u0151tt\u00e9k le. Post mortem l\u00e9ptett\u00e9k el\u0151 alhadnagynak. Irod.: Ioni\u0163oiu; M\u00f3zes Edit: Aki nem vehetett b\u00facs\u00fat [&hellip;]<\/p>\n","protected":false},"featured_media":0,"comment_status":"open","ping_status":"closed","template":"","meta":[],"product_brand":[],"product_cat":[137],"product_tag":[],"class_list":{"0":"post-18768","1":"product","2":"type-product","3":"status-publish","5":"product_cat-maros-megyei-eletrajzi-lexikon","7":"first","8":"instock","9":"shipping-taxable","10":"product-type-simple"},"_links":{"self":[{"href":"https:\/\/uj.adatbank.ro\/lexikon\/wp-json\/wp\/v2\/product\/18768","targetHints":{"allow":["GET"]}}],"collection":[{"href":"https:\/\/uj.adatbank.ro\/lexikon\/wp-json\/wp\/v2\/product"}],"about":[{"href":"https:\/\/uj.adatbank.ro\/lexikon\/wp-json\/wp\/v2\/types\/product"}],"replies":[{"embeddable":true,"href":"https:\/\/uj.adatbank.ro\/lexikon\/wp-json\/wp\/v2\/comments?post=18768"}],"wp:attachment":[{"href":"https:\/\/uj.adatbank.ro\/lexikon\/wp-json\/wp\/v2\/media?parent=18768"}],"wp:term":[{"taxonomy":"product_brand","embeddable":true,"href":"https:\/\/uj.adatbank.ro\/lexikon\/wp-json\/wp\/v2\/product_brand?post=18768"},{"taxonomy":"product_cat","embeddable":true,"href":"https:\/\/uj.adatbank.ro\/lexikon\/wp-json\/wp\/v2\/product_cat?post=18768"},{"taxonomy":"product_tag","embeddable":true,"href":"https:\/\/uj.adatbank.ro\/lexikon\/wp-json\/wp\/v2\/product_tag?post=18768"}],"curies":[{"name":"wp","href":"https:\/\/api.w.org\/{rel}","templated":true}]}}