{"id":1877,"date":"2025-06-28T11:56:17","date_gmt":"2025-06-28T09:56:17","guid":{"rendered":"https:\/\/uj.adatbank.ro\/lexikon\/termek\/bako-gabriella-sz-molnar-gabriella\/"},"modified":"2025-06-28T11:56:17","modified_gmt":"2025-06-28T09:56:17","slug":"bako-gabriella-sz-molnar-gabriella","status":"publish","type":"product","link":"https:\/\/uj.adatbank.ro\/lexikon\/termek\/bako-gabriella-sz-molnar-gabriella\/","title":{"rendered":"BAK\u00d3 Gabriella, sz. Moln\u00e1r Gabriella"},"content":{"rendered":"<p>1958., \u2020 Mv, 2006. nov. 2.: orvos. \u2013 Tanulm\u00e1nyai: Mv.-en a Bolyai L\u00edc.-ban \u00e9retts\u00e9gizett (1976), OGYE orvosi fakult\u00e1son v\u00e9gzett (1982). <br \/><strong>Irod.:<\/strong> [Nekrol\u00f3g] (N\u00fa., 2006. nov. 4.)<\/br><\/p>\n","protected":false},"excerpt":{"rendered":"<p>1958., \u2020 Mv, 2006. nov. 2.: orvos. \u2013 Tanulm\u00e1nyai: Mv.-en a Bolyai L\u00edc.-ban \u00e9retts\u00e9gizett (1976), OGYE orvosi fakult\u00e1son v\u00e9gzett (1982). Irod.: [Nekrol\u00f3g] (N\u00fa., 2006. nov. 4.)<\/p>\n","protected":false},"featured_media":0,"comment_status":"open","ping_status":"closed","template":"","meta":[],"product_brand":[],"product_cat":[137],"product_tag":[],"class_list":{"0":"post-1877","1":"product","2":"type-product","3":"status-publish","5":"product_cat-maros-megyei-eletrajzi-lexikon","7":"first","8":"instock","9":"shipping-taxable","10":"product-type-simple"},"_links":{"self":[{"href":"https:\/\/uj.adatbank.ro\/lexikon\/wp-json\/wp\/v2\/product\/1877","targetHints":{"allow":["GET"]}}],"collection":[{"href":"https:\/\/uj.adatbank.ro\/lexikon\/wp-json\/wp\/v2\/product"}],"about":[{"href":"https:\/\/uj.adatbank.ro\/lexikon\/wp-json\/wp\/v2\/types\/product"}],"replies":[{"embeddable":true,"href":"https:\/\/uj.adatbank.ro\/lexikon\/wp-json\/wp\/v2\/comments?post=1877"}],"wp:attachment":[{"href":"https:\/\/uj.adatbank.ro\/lexikon\/wp-json\/wp\/v2\/media?parent=1877"}],"wp:term":[{"taxonomy":"product_brand","embeddable":true,"href":"https:\/\/uj.adatbank.ro\/lexikon\/wp-json\/wp\/v2\/product_brand?post=1877"},{"taxonomy":"product_cat","embeddable":true,"href":"https:\/\/uj.adatbank.ro\/lexikon\/wp-json\/wp\/v2\/product_cat?post=1877"},{"taxonomy":"product_tag","embeddable":true,"href":"https:\/\/uj.adatbank.ro\/lexikon\/wp-json\/wp\/v2\/product_tag?post=1877"}],"curies":[{"name":"wp","href":"https:\/\/api.w.org\/{rel}","templated":true}]}}