{"id":18776,"date":"2025-07-16T11:05:19","date_gmt":"2025-07-16T09:05:19","guid":{"rendered":"https:\/\/uj.adatbank.ro\/lexikon\/termek\/pujan-janos\/"},"modified":"2025-07-16T11:05:19","modified_gmt":"2025-07-16T09:05:19","slug":"pujan-janos","status":"publish","type":"product","link":"https:\/\/uj.adatbank.ro\/lexikon\/termek\/pujan-janos\/","title":{"rendered":"PUJ\u00c1N J\u00e1nos"},"content":{"rendered":"<p>1851.?, \u2020 Mv., 1899. szept. 5.: honv\u00e9d sz\u00e1zados. \u2013 Testv\u00e9re: Puj\u00e1n Mikl\u00f3s. Feles\u00e9ge: Helmstadt Kata. Gyermekeik: P. Eliza, Palika, Margit, Laci. A m. kir. 22. honv\u00e9d gyalogezredbeni sz\u00e1zados. <br \/><strong>Irod.:<\/strong> Gy\u00e1szjelent\u0151<\/br><\/p>\n","protected":false},"excerpt":{"rendered":"<p>1851.?, \u2020 Mv., 1899. szept. 5.: honv\u00e9d sz\u00e1zados. \u2013 Testv\u00e9re: Puj\u00e1n Mikl\u00f3s. Feles\u00e9ge: Helmstadt Kata. Gyermekeik: P. Eliza, Palika, Margit, Laci. A m. kir. 22. honv\u00e9d gyalogezredbeni sz\u00e1zados. Irod.: Gy\u00e1szjelent\u0151<\/p>\n","protected":false},"featured_media":0,"comment_status":"open","ping_status":"closed","template":"","meta":[],"product_brand":[],"product_cat":[137],"product_tag":[],"class_list":{"0":"post-18776","1":"product","2":"type-product","3":"status-publish","5":"product_cat-maros-megyei-eletrajzi-lexikon","7":"first","8":"instock","9":"shipping-taxable","10":"product-type-simple"},"_links":{"self":[{"href":"https:\/\/uj.adatbank.ro\/lexikon\/wp-json\/wp\/v2\/product\/18776","targetHints":{"allow":["GET"]}}],"collection":[{"href":"https:\/\/uj.adatbank.ro\/lexikon\/wp-json\/wp\/v2\/product"}],"about":[{"href":"https:\/\/uj.adatbank.ro\/lexikon\/wp-json\/wp\/v2\/types\/product"}],"replies":[{"embeddable":true,"href":"https:\/\/uj.adatbank.ro\/lexikon\/wp-json\/wp\/v2\/comments?post=18776"}],"wp:attachment":[{"href":"https:\/\/uj.adatbank.ro\/lexikon\/wp-json\/wp\/v2\/media?parent=18776"}],"wp:term":[{"taxonomy":"product_brand","embeddable":true,"href":"https:\/\/uj.adatbank.ro\/lexikon\/wp-json\/wp\/v2\/product_brand?post=18776"},{"taxonomy":"product_cat","embeddable":true,"href":"https:\/\/uj.adatbank.ro\/lexikon\/wp-json\/wp\/v2\/product_cat?post=18776"},{"taxonomy":"product_tag","embeddable":true,"href":"https:\/\/uj.adatbank.ro\/lexikon\/wp-json\/wp\/v2\/product_tag?post=18776"}],"curies":[{"name":"wp","href":"https:\/\/api.w.org\/{rel}","templated":true}]}}