{"id":1879,"date":"2025-06-28T11:56:21","date_gmt":"2025-06-28T09:56:21","guid":{"rendered":"https:\/\/uj.adatbank.ro\/lexikon\/termek\/bako-gyorgy\/"},"modified":"2025-06-28T11:56:21","modified_gmt":"2025-06-28T09:56:21","slug":"bako-gyorgy","status":"publish","type":"product","link":"https:\/\/uj.adatbank.ro\/lexikon\/termek\/bako-gyorgy\/","title":{"rendered":"BAK\u00d3 Gy\u00f6rgy"},"content":{"rendered":"<p>1949., \u2020\u00a0Mv., 2003. m\u00e1rc. 15.: sporttan\u00e1r. \u2013Birkoz\u00f3edz\u0151k\u00e9nt kezdte p\u00e1lyafut\u00e1s\u00e1t. T\u00f6bb iskol\u00e1ban tan\u00edtott: pl. Kakasdon, a mv.-i Bolyai Farkas Elm\u00e9leti L\u00edc.-ban (1991\u2013). Az arra \u00e9rdemes birkoz\u00f3 edz\u0151k egyike, akik tisztelet\u00e9re a mv.-i Muresul SK a megyei sport- \u00e9s ifj\u00fas\u00e1gi igazgat\u00f3s\u00e1ggal k\u00f6z\u00f6sen, \u00e9vente az edz\u0151k eml\u00e9kverseny\u00e9t rendezi meg. A Bolyai L\u00edc.-ban a v\u00e9gz\u0151s di\u00e1kok \u00e9s a tan\u00e1rok kisp\u00e1ly\u00e1s labdar\u00fag\u00f3 m\u00e9rk\u00f6z\u00e9se is a nev\u00e9t viseli (2003 \u2013). <br \/><strong>Irod.:<\/strong> [Nekrol\u00f3g] (N\u00fa., 2003., m\u00e1rc. 15.)<\/br><\/p>\n","protected":false},"excerpt":{"rendered":"<p>1949., \u2020\u00a0Mv., 2003. m\u00e1rc. 15.: sporttan\u00e1r. \u2013Birkoz\u00f3edz\u0151k\u00e9nt kezdte p\u00e1lyafut\u00e1s\u00e1t. T\u00f6bb iskol\u00e1ban tan\u00edtott: pl. Kakasdon, a mv.-i Bolyai Farkas Elm\u00e9leti L\u00edc.-ban (1991\u2013). Az arra \u00e9rdemes birkoz\u00f3 edz\u0151k egyike, akik tisztelet\u00e9re a mv.-i Muresul SK a megyei sport- \u00e9s ifj\u00fas\u00e1gi igazgat\u00f3s\u00e1ggal k\u00f6z\u00f6sen, \u00e9vente az edz\u0151k eml\u00e9kverseny\u00e9t rendezi meg. A Bolyai L\u00edc.-ban a v\u00e9gz\u0151s di\u00e1kok \u00e9s a tan\u00e1rok [&hellip;]<\/p>\n","protected":false},"featured_media":0,"comment_status":"open","ping_status":"closed","template":"","meta":[],"product_brand":[],"product_cat":[137],"product_tag":[],"class_list":{"0":"post-1879","1":"product","2":"type-product","3":"status-publish","5":"product_cat-maros-megyei-eletrajzi-lexikon","7":"first","8":"instock","9":"shipping-taxable","10":"product-type-simple"},"_links":{"self":[{"href":"https:\/\/uj.adatbank.ro\/lexikon\/wp-json\/wp\/v2\/product\/1879","targetHints":{"allow":["GET"]}}],"collection":[{"href":"https:\/\/uj.adatbank.ro\/lexikon\/wp-json\/wp\/v2\/product"}],"about":[{"href":"https:\/\/uj.adatbank.ro\/lexikon\/wp-json\/wp\/v2\/types\/product"}],"replies":[{"embeddable":true,"href":"https:\/\/uj.adatbank.ro\/lexikon\/wp-json\/wp\/v2\/comments?post=1879"}],"wp:attachment":[{"href":"https:\/\/uj.adatbank.ro\/lexikon\/wp-json\/wp\/v2\/media?parent=1879"}],"wp:term":[{"taxonomy":"product_brand","embeddable":true,"href":"https:\/\/uj.adatbank.ro\/lexikon\/wp-json\/wp\/v2\/product_brand?post=1879"},{"taxonomy":"product_cat","embeddable":true,"href":"https:\/\/uj.adatbank.ro\/lexikon\/wp-json\/wp\/v2\/product_cat?post=1879"},{"taxonomy":"product_tag","embeddable":true,"href":"https:\/\/uj.adatbank.ro\/lexikon\/wp-json\/wp\/v2\/product_tag?post=1879"}],"curies":[{"name":"wp","href":"https:\/\/api.w.org\/{rel}","templated":true}]}}

BAKÓ György

<p>1949., † Mv., 2003. márc. 15.: sporttanár. –Birkozóedzőként kezdte pályafutását. Több iskolában tanított: pl. Kakasdon, a mv.-i Bolyai Farkas Elméleti Líc.-ban (1991–). Az arra érdemes birkozó edzők egyike, akik tiszteletére a mv.-i Muresul SK a megyei sport- és ifjúsági igazgatósággal közösen, évente az edzők emlékversenyét rendezi meg. A Bolyai Líc.-ban a végzős diákok és a tanárok kispályás labdarúgó mérközése is a nevét viseli (2003 –). <br /><strong>Irod.:</strong> [Nekrológ] (Nú., 2003., márc. 15.)</br></p>

<p>1949., † Mv., 2003. márc. 15.: sporttanár. –Birkozóedzőként kezdte pályafutását. Több iskolában tanított: pl. Kakasdon, a mv.-i Bolyai Farkas Elméleti Líc.-ban (1991–). Az arra érdemes birkozó edzők egyike, akik tiszteletére a mv.-i Muresul SK a megyei sport- és ifjúsági igazgatósággal közösen, évente az edzők emlékversenyét rendezi meg. A Bolyai Líc.-ban a végzős diákok és a tanárok [&hellip;]</p>
