{"id":18793,"date":"2025-07-16T11:05:52","date_gmt":"2025-07-16T09:05:52","guid":{"rendered":"https:\/\/uj.adatbank.ro\/lexikon\/termek\/pupp-antal\/"},"modified":"2025-07-16T11:05:52","modified_gmt":"2025-07-16T09:05:52","slug":"pupp-antal","status":"publish","type":"product","link":"https:\/\/uj.adatbank.ro\/lexikon\/termek\/pupp-antal\/","title":{"rendered":"PUPP Antal"},"content":{"rendered":"<p>1925., \u2020 Mv., 2013.:orvos. \u2013 A MOGYI orvosi kar\u00e1n szerzett diplom\u00e1t (1955). Magyar\u00f3n r\u00f6ntgenorvos. Mv.-en az izot\u00f3p laborat\u00f3rium vezet\u0151je, k\u00f3rboncnok \u00e9s oktat\u00f3 adjunktus. Szaklapokban k\u00f6z\u00f6lte szakcikkeit (65 tanulm\u00e1ny). <br \/><strong>Irod.:<\/strong> Kiss\u2013P\u00e9terffy\u2013P\u00e9terffy<\/br><\/p>\n","protected":false},"excerpt":{"rendered":"<p>1925., \u2020 Mv., 2013.:orvos. \u2013 A MOGYI orvosi kar\u00e1n szerzett diplom\u00e1t (1955). Magyar\u00f3n r\u00f6ntgenorvos. Mv.-en az izot\u00f3p laborat\u00f3rium vezet\u0151je, k\u00f3rboncnok \u00e9s oktat\u00f3 adjunktus. Szaklapokban k\u00f6z\u00f6lte szakcikkeit (65 tanulm\u00e1ny). Irod.: Kiss\u2013P\u00e9terffy\u2013P\u00e9terffy<\/p>\n","protected":false},"featured_media":0,"comment_status":"open","ping_status":"closed","template":"","meta":[],"product_brand":[],"product_cat":[137],"product_tag":[],"class_list":{"0":"post-18793","1":"product","2":"type-product","3":"status-publish","5":"product_cat-maros-megyei-eletrajzi-lexikon","7":"first","8":"instock","9":"shipping-taxable","10":"product-type-simple"},"_links":{"self":[{"href":"https:\/\/uj.adatbank.ro\/lexikon\/wp-json\/wp\/v2\/product\/18793","targetHints":{"allow":["GET"]}}],"collection":[{"href":"https:\/\/uj.adatbank.ro\/lexikon\/wp-json\/wp\/v2\/product"}],"about":[{"href":"https:\/\/uj.adatbank.ro\/lexikon\/wp-json\/wp\/v2\/types\/product"}],"replies":[{"embeddable":true,"href":"https:\/\/uj.adatbank.ro\/lexikon\/wp-json\/wp\/v2\/comments?post=18793"}],"wp:attachment":[{"href":"https:\/\/uj.adatbank.ro\/lexikon\/wp-json\/wp\/v2\/media?parent=18793"}],"wp:term":[{"taxonomy":"product_brand","embeddable":true,"href":"https:\/\/uj.adatbank.ro\/lexikon\/wp-json\/wp\/v2\/product_brand?post=18793"},{"taxonomy":"product_cat","embeddable":true,"href":"https:\/\/uj.adatbank.ro\/lexikon\/wp-json\/wp\/v2\/product_cat?post=18793"},{"taxonomy":"product_tag","embeddable":true,"href":"https:\/\/uj.adatbank.ro\/lexikon\/wp-json\/wp\/v2\/product_tag?post=18793"}],"curies":[{"name":"wp","href":"https:\/\/api.w.org\/{rel}","templated":true}]}}