{"id":18798,"date":"2025-07-16T11:06:05","date_gmt":"2025-07-16T09:06:05","guid":{"rendered":"https:\/\/uj.adatbank.ro\/lexikon\/termek\/puscasu-iosif\/"},"modified":"2025-07-16T11:06:05","modified_gmt":"2025-07-16T09:06:05","slug":"puscasu-iosif","status":"publish","type":"product","link":"https:\/\/uj.adatbank.ro\/lexikon\/termek\/puscasu-iosif\/","title":{"rendered":"PU\u015eCA\u015eU, Iosif"},"content":{"rendered":"<p>D\u00e9da, 1919. m\u00e1j. 17., \u2020 D\u00e9da, 1993.?, tan\u00e1r. \u2013 Iskol\u00e1it D\u00e9d\u00e1n, tan\u00edt\u00f3k\u00e9pz\u0151t Dorohoiban (1941), Buk.-ben tiszti iskol\u00e1 v\u00e9gzett, majd a frontra ker\u00fclt. Orosz hadifogs\u00e1gban volt (1944\u201346). A h\u00e1bor\u00fa ut\u00e1n D\u00e9d\u00e1n, Koml\u00f3don (Kolozs), L\u00fadv\u00e9gen, majd nyugd\u00edjaz\u00e1s\u00e1ig (1979) ism\u00e9t D\u00e9d\u00e1n tan\u00edtott \u00e9s iskolaigazgat\u00f3 volt. K\u00f6zben l\u00e1togat\u00e1s n\u00e9lk\u00fcl elv\u00e9gezte Buk.-ben a 3 \u00e9ves Pedag\u00f3giai F\u0151iskola t\u00f6rt\u00e9nelem-f\u00f6ldrajz szak\u00e1t. II. fokozati vizsg\u00e1t tett (1973). Az \u00e1ltala vezetett d\u00e9dai n\u00e9pt\u00e1nccsoport orsz\u00e1gos els\u0151 d\u00edjat nyert (1954). Meg\u00edrta L\u00fadv\u00e9g falu monogr\u00e1fi\u00e1j\u00e1t (1956), amelyb\u0151l rom\u00e1n nyelven 13000, m. nyelven 1700 p\u00e9ld\u00e1ny jejent meg. <br \/><strong>Irod.:<\/strong> Dasc\u0103li mure\u015feni, 1.<\/br><\/p>\n","protected":false},"excerpt":{"rendered":"<p>D\u00e9da, 1919. m\u00e1j. 17., \u2020 D\u00e9da, 1993.?, tan\u00e1r. \u2013 Iskol\u00e1it D\u00e9d\u00e1n, tan\u00edt\u00f3k\u00e9pz\u0151t Dorohoiban (1941), Buk.-ben tiszti iskol\u00e1 v\u00e9gzett, majd a frontra ker\u00fclt. Orosz hadifogs\u00e1gban volt (1944\u201346). A h\u00e1bor\u00fa ut\u00e1n D\u00e9d\u00e1n, Koml\u00f3don (Kolozs), L\u00fadv\u00e9gen, majd nyugd\u00edjaz\u00e1s\u00e1ig (1979) ism\u00e9t D\u00e9d\u00e1n tan\u00edtott \u00e9s iskolaigazgat\u00f3 volt. K\u00f6zben l\u00e1togat\u00e1s n\u00e9lk\u00fcl elv\u00e9gezte Buk.-ben a 3 \u00e9ves Pedag\u00f3giai F\u0151iskola t\u00f6rt\u00e9nelem-f\u00f6ldrajz szak\u00e1t. II. [&hellip;]<\/p>\n","protected":false},"featured_media":0,"comment_status":"open","ping_status":"closed","template":"","meta":[],"product_brand":[],"product_cat":[137],"product_tag":[],"class_list":{"0":"post-18798","1":"product","2":"type-product","3":"status-publish","5":"product_cat-maros-megyei-eletrajzi-lexikon","7":"first","8":"instock","9":"shipping-taxable","10":"product-type-simple"},"_links":{"self":[{"href":"https:\/\/uj.adatbank.ro\/lexikon\/wp-json\/wp\/v2\/product\/18798","targetHints":{"allow":["GET"]}}],"collection":[{"href":"https:\/\/uj.adatbank.ro\/lexikon\/wp-json\/wp\/v2\/product"}],"about":[{"href":"https:\/\/uj.adatbank.ro\/lexikon\/wp-json\/wp\/v2\/types\/product"}],"replies":[{"embeddable":true,"href":"https:\/\/uj.adatbank.ro\/lexikon\/wp-json\/wp\/v2\/comments?post=18798"}],"wp:attachment":[{"href":"https:\/\/uj.adatbank.ro\/lexikon\/wp-json\/wp\/v2\/media?parent=18798"}],"wp:term":[{"taxonomy":"product_brand","embeddable":true,"href":"https:\/\/uj.adatbank.ro\/lexikon\/wp-json\/wp\/v2\/product_brand?post=18798"},{"taxonomy":"product_cat","embeddable":true,"href":"https:\/\/uj.adatbank.ro\/lexikon\/wp-json\/wp\/v2\/product_cat?post=18798"},{"taxonomy":"product_tag","embeddable":true,"href":"https:\/\/uj.adatbank.ro\/lexikon\/wp-json\/wp\/v2\/product_tag?post=18798"}],"curies":[{"name":"wp","href":"https:\/\/api.w.org\/{rel}","templated":true}]}}