{"id":18805,"date":"2025-07-16T11:06:26","date_gmt":"2025-07-16T09:06:26","guid":{"rendered":"https:\/\/uj.adatbank.ro\/lexikon\/termek\/puskas-istvan\/"},"modified":"2025-07-16T11:06:26","modified_gmt":"2025-07-16T09:06:26","slug":"puskas-istvan","status":"publish","type":"product","link":"https:\/\/uj.adatbank.ro\/lexikon\/termek\/puskas-istvan\/","title":{"rendered":"PUSK\u00c1S Istv\u00e1n"},"content":{"rendered":"<p>Ilencfalva, 1902., \u2020\u00a0?: keresked\u0151. \u2013 Iskol\u00e1i elv\u00e9gz\u00e9se ut\u00e1n \u00e9desapja mellett a csal\u00e1di birtokon tanult gazd\u00e1lkodni, majd \u00f6n\u00e1ll\u00f3 keresked\u0151 \u00e9s korcsm\u00e1ros lett Teremi\u00fajfaluban (1936\u2013). A Gazdak\u00f6r, a Dalossz\u00f6vets\u00e9g tagja , a k\u00f6zs\u00e9g majorbir\u00e1ja, a m\u0171kedvel\u0151 el\u0151ad\u00e1sok \u00e1lland\u00f3 szerepl\u0151je volt. <br \/><strong>Irod.:<\/strong> Sz\u00e9kelyf\u00f6ld \u00ed.k.<\/br><\/p>\n","protected":false},"excerpt":{"rendered":"<p>Ilencfalva, 1902., \u2020\u00a0?: keresked\u0151. \u2013 Iskol\u00e1i elv\u00e9gz\u00e9se ut\u00e1n \u00e9desapja mellett a csal\u00e1di birtokon tanult gazd\u00e1lkodni, majd \u00f6n\u00e1ll\u00f3 keresked\u0151 \u00e9s korcsm\u00e1ros lett Teremi\u00fajfaluban (1936\u2013). A Gazdak\u00f6r, a Dalossz\u00f6vets\u00e9g tagja , a k\u00f6zs\u00e9g majorbir\u00e1ja, a m\u0171kedvel\u0151 el\u0151ad\u00e1sok \u00e1lland\u00f3 szerepl\u0151je volt. Irod.: Sz\u00e9kelyf\u00f6ld \u00ed.k.<\/p>\n","protected":false},"featured_media":0,"comment_status":"open","ping_status":"closed","template":"","meta":[],"product_brand":[],"product_cat":[137],"product_tag":[],"class_list":{"0":"post-18805","1":"product","2":"type-product","3":"status-publish","5":"product_cat-maros-megyei-eletrajzi-lexikon","7":"first","8":"instock","9":"shipping-taxable","10":"product-type-simple"},"_links":{"self":[{"href":"https:\/\/uj.adatbank.ro\/lexikon\/wp-json\/wp\/v2\/product\/18805","targetHints":{"allow":["GET"]}}],"collection":[{"href":"https:\/\/uj.adatbank.ro\/lexikon\/wp-json\/wp\/v2\/product"}],"about":[{"href":"https:\/\/uj.adatbank.ro\/lexikon\/wp-json\/wp\/v2\/types\/product"}],"replies":[{"embeddable":true,"href":"https:\/\/uj.adatbank.ro\/lexikon\/wp-json\/wp\/v2\/comments?post=18805"}],"wp:attachment":[{"href":"https:\/\/uj.adatbank.ro\/lexikon\/wp-json\/wp\/v2\/media?parent=18805"}],"wp:term":[{"taxonomy":"product_brand","embeddable":true,"href":"https:\/\/uj.adatbank.ro\/lexikon\/wp-json\/wp\/v2\/product_brand?post=18805"},{"taxonomy":"product_cat","embeddable":true,"href":"https:\/\/uj.adatbank.ro\/lexikon\/wp-json\/wp\/v2\/product_cat?post=18805"},{"taxonomy":"product_tag","embeddable":true,"href":"https:\/\/uj.adatbank.ro\/lexikon\/wp-json\/wp\/v2\/product_tag?post=18805"}],"curies":[{"name":"wp","href":"https:\/\/api.w.org\/{rel}","templated":true}]}}