{"id":18806,"date":"2025-07-16T11:06:27","date_gmt":"2025-07-16T09:06:27","guid":{"rendered":"https:\/\/uj.adatbank.ro\/lexikon\/termek\/puskas-jozsef\/"},"modified":"2025-07-16T11:06:27","modified_gmt":"2025-07-16T09:06:27","slug":"puskas-jozsef","status":"publish","type":"product","link":"https:\/\/uj.adatbank.ro\/lexikon\/termek\/puskas-jozsef\/","title":{"rendered":"PUSK\u00c1S J\u00f3zsef"},"content":{"rendered":"<p>1920 febr.8., \u2020 ?: munk\u00e1s igazgat\u00f3. \u2013 A ratosnyai Etamol K\u00e9miai RT \u00e1llamos\u00edt\u00e1sakor kinevezett igazgat\u00f3ja. A RT.-t (alap\u00edtott\u00e1k1946. jan. 13.), egy h\u00e9ttag\u00fa igazgat\u00f3tan\u00e1cs vezette(dr.Har\u015fia D\u0103nil\u0103, Filip Alexandru, Beu Titus, Lungu Tiberiu, Baciu Liviu, Nap\u0103u Ioan \u00e9s Nicolaescu Leonida). Kilenc alkalmazottal lucfeny\u0151b\u0151l vonta ki \u00e9s forgalmazta a cserz\u0151anyagokat \u00e9s m\u00e1s anyagokat. Az \u00e1llamos\u00edt\u00e1skor minden vezet\u0151s\u00e9gi tagot letart\u00f3ztatattak legion\u00e1rius tev\u00e9kenys\u00e9g miatt.A szervezetlens\u00e9g \u00e9s felel\u0151tlens\u00e9g miatt az \u00fczemet felsz\u00e1molt\u00e1k, felszerel\u00e9s\u00e9t Mv.-re sz\u00e1ll\u00edtott\u00e1k (1949). <br \/><strong>Irod.:<\/strong> Bartos Zolt\u00e1n<\/br><\/p>\n","protected":false},"excerpt":{"rendered":"<p>1920 febr.8., \u2020 ?: munk\u00e1s igazgat\u00f3. \u2013 A ratosnyai Etamol K\u00e9miai RT \u00e1llamos\u00edt\u00e1sakor kinevezett igazgat\u00f3ja. A RT.-t (alap\u00edtott\u00e1k1946. jan. 13.), egy h\u00e9ttag\u00fa igazgat\u00f3tan\u00e1cs vezette(dr.Har\u015fia D\u0103nil\u0103, Filip Alexandru, Beu Titus, Lungu Tiberiu, Baciu Liviu, Nap\u0103u Ioan \u00e9s Nicolaescu Leonida). Kilenc alkalmazottal lucfeny\u0151b\u0151l vonta ki \u00e9s forgalmazta a cserz\u0151anyagokat \u00e9s m\u00e1s anyagokat. Az \u00e1llamos\u00edt\u00e1skor minden vezet\u0151s\u00e9gi tagot [&hellip;]<\/p>\n","protected":false},"featured_media":0,"comment_status":"open","ping_status":"closed","template":"","meta":[],"product_brand":[],"product_cat":[137],"product_tag":[],"class_list":{"0":"post-18806","1":"product","2":"type-product","3":"status-publish","5":"product_cat-maros-megyei-eletrajzi-lexikon","7":"first","8":"instock","9":"shipping-taxable","10":"product-type-simple"},"_links":{"self":[{"href":"https:\/\/uj.adatbank.ro\/lexikon\/wp-json\/wp\/v2\/product\/18806","targetHints":{"allow":["GET"]}}],"collection":[{"href":"https:\/\/uj.adatbank.ro\/lexikon\/wp-json\/wp\/v2\/product"}],"about":[{"href":"https:\/\/uj.adatbank.ro\/lexikon\/wp-json\/wp\/v2\/types\/product"}],"replies":[{"embeddable":true,"href":"https:\/\/uj.adatbank.ro\/lexikon\/wp-json\/wp\/v2\/comments?post=18806"}],"wp:attachment":[{"href":"https:\/\/uj.adatbank.ro\/lexikon\/wp-json\/wp\/v2\/media?parent=18806"}],"wp:term":[{"taxonomy":"product_brand","embeddable":true,"href":"https:\/\/uj.adatbank.ro\/lexikon\/wp-json\/wp\/v2\/product_brand?post=18806"},{"taxonomy":"product_cat","embeddable":true,"href":"https:\/\/uj.adatbank.ro\/lexikon\/wp-json\/wp\/v2\/product_cat?post=18806"},{"taxonomy":"product_tag","embeddable":true,"href":"https:\/\/uj.adatbank.ro\/lexikon\/wp-json\/wp\/v2\/product_tag?post=18806"}],"curies":[{"name":"wp","href":"https:\/\/api.w.org\/{rel}","templated":true}]}}