{"id":18817,"date":"2025-07-16T11:06:42","date_gmt":"2025-07-16T09:06:42","guid":{"rendered":"https:\/\/uj.adatbank.ro\/lexikon\/termek\/putnoki-benedek-emil\/"},"modified":"2025-07-16T11:06:42","modified_gmt":"2025-07-16T09:06:42","slug":"putnoki-benedek-emil","status":"publish","type":"product","link":"https:\/\/uj.adatbank.ro\/lexikon\/termek\/putnoki-benedek-emil\/","title":{"rendered":"PUTNOKI-BENEDEK Emil"},"content":{"rendered":"<p>? \u2020\u00a0? Mv., 2002 m\u00e1c.27, tan\u00e1r. \u2013 Az erd\u0151szentgy\u00f6rgyi Rajoni M\u00fazeum igazgat\u00f3ja (1958\u2013), a Maros Megyei M\u0171vel\u0151d\u00e9si Bizotts\u00e1g fel\u00fcgyel\u0151je. <br \/><strong>Irod.:<\/strong> Auton\u00f3m magyarok<\/br><\/p>\n","protected":false},"excerpt":{"rendered":"<p>? \u2020\u00a0? Mv., 2002 m\u00e1c.27, tan\u00e1r. \u2013 Az erd\u0151szentgy\u00f6rgyi Rajoni M\u00fazeum igazgat\u00f3ja (1958\u2013), a Maros Megyei M\u0171vel\u0151d\u00e9si Bizotts\u00e1g fel\u00fcgyel\u0151je. Irod.: Auton\u00f3m magyarok<\/p>\n","protected":false},"featured_media":0,"comment_status":"open","ping_status":"closed","template":"","meta":[],"product_brand":[],"product_cat":[137],"product_tag":[],"class_list":{"0":"post-18817","1":"product","2":"type-product","3":"status-publish","5":"product_cat-maros-megyei-eletrajzi-lexikon","7":"first","8":"instock","9":"shipping-taxable","10":"product-type-simple"},"_links":{"self":[{"href":"https:\/\/uj.adatbank.ro\/lexikon\/wp-json\/wp\/v2\/product\/18817","targetHints":{"allow":["GET"]}}],"collection":[{"href":"https:\/\/uj.adatbank.ro\/lexikon\/wp-json\/wp\/v2\/product"}],"about":[{"href":"https:\/\/uj.adatbank.ro\/lexikon\/wp-json\/wp\/v2\/types\/product"}],"replies":[{"embeddable":true,"href":"https:\/\/uj.adatbank.ro\/lexikon\/wp-json\/wp\/v2\/comments?post=18817"}],"wp:attachment":[{"href":"https:\/\/uj.adatbank.ro\/lexikon\/wp-json\/wp\/v2\/media?parent=18817"}],"wp:term":[{"taxonomy":"product_brand","embeddable":true,"href":"https:\/\/uj.adatbank.ro\/lexikon\/wp-json\/wp\/v2\/product_brand?post=18817"},{"taxonomy":"product_cat","embeddable":true,"href":"https:\/\/uj.adatbank.ro\/lexikon\/wp-json\/wp\/v2\/product_cat?post=18817"},{"taxonomy":"product_tag","embeddable":true,"href":"https:\/\/uj.adatbank.ro\/lexikon\/wp-json\/wp\/v2\/product_tag?post=18817"}],"curies":[{"name":"wp","href":"https:\/\/api.w.org\/{rel}","templated":true}]}}