{"id":18824,"date":"2025-07-16T11:07:02","date_gmt":"2025-07-16T09:07:02","guid":{"rendered":"https:\/\/uj.adatbank.ro\/lexikon\/termek\/rabocskay-bela\/"},"modified":"2025-07-16T11:07:02","modified_gmt":"2025-07-16T09:07:02","slug":"rabocskay-bela","status":"publish","type":"product","link":"https:\/\/uj.adatbank.ro\/lexikon\/termek\/rabocskay-bela\/","title":{"rendered":"RABOCSKAY B\u00e9la"},"content":{"rendered":"<p>Segesv\u00e1r, 1882. aug. 13., \u2020\u00a0?\u00a0: \u00fcgyv\u00e9d, fest\u0151. \u2013 A m\u00fcncheni egy. Jogtud.-i Kar\u00e1n tanult (1902\u201303) \u00e9s a K\u00e9pz\u0151m\u0171v\u00e9szeti Akad-n is tanult. B\u00edr\u00f3i majd kr. \u00fcgy\u00e9szi p\u00e1ly\u00e1n m\u0171k\u00f6d\u00f6tt, majd \u00fcgyv\u00e9d lett. Temesv\u00e1ron lakott. Miut\u00e1n nyugd\u00edjba vonult Olasz- \u00e9s N\u00e9meto.-ban m\u0171v\u00e9szi tanulm\u00e1ny\u00fatra ment. F\u0151leg arck\u00e9peket festett. A M\u0171csarnokban \u00e1ll\u00edtott ki (1919\u2013). <br \/><strong>Irod.:<\/strong> \u00c9ber (1935); Moln\u00e1r; Szab\u00f3-K\u00e1llai; Szab\u00f3\u2013Simon\u2013Sz\u00f6gi<\/br><\/p>\n","protected":false},"excerpt":{"rendered":"<p>Segesv\u00e1r, 1882. aug. 13., \u2020\u00a0?\u00a0: \u00fcgyv\u00e9d, fest\u0151. \u2013 A m\u00fcncheni egy. Jogtud.-i Kar\u00e1n tanult (1902\u201303) \u00e9s a K\u00e9pz\u0151m\u0171v\u00e9szeti Akad-n is tanult. B\u00edr\u00f3i majd kr. \u00fcgy\u00e9szi p\u00e1ly\u00e1n m\u0171k\u00f6d\u00f6tt, majd \u00fcgyv\u00e9d lett. Temesv\u00e1ron lakott. Miut\u00e1n nyugd\u00edjba vonult Olasz- \u00e9s N\u00e9meto.-ban m\u0171v\u00e9szi tanulm\u00e1ny\u00fatra ment. F\u0151leg arck\u00e9peket festett. A M\u0171csarnokban \u00e1ll\u00edtott ki (1919\u2013). Irod.: \u00c9ber (1935); Moln\u00e1r; Szab\u00f3-K\u00e1llai; Szab\u00f3\u2013Simon\u2013Sz\u00f6gi<\/p>\n","protected":false},"featured_media":0,"comment_status":"open","ping_status":"closed","template":"","meta":[],"product_brand":[],"product_cat":[137],"product_tag":[],"class_list":{"0":"post-18824","1":"product","2":"type-product","3":"status-publish","5":"product_cat-maros-megyei-eletrajzi-lexikon","7":"first","8":"instock","9":"shipping-taxable","10":"product-type-simple"},"_links":{"self":[{"href":"https:\/\/uj.adatbank.ro\/lexikon\/wp-json\/wp\/v2\/product\/18824","targetHints":{"allow":["GET"]}}],"collection":[{"href":"https:\/\/uj.adatbank.ro\/lexikon\/wp-json\/wp\/v2\/product"}],"about":[{"href":"https:\/\/uj.adatbank.ro\/lexikon\/wp-json\/wp\/v2\/types\/product"}],"replies":[{"embeddable":true,"href":"https:\/\/uj.adatbank.ro\/lexikon\/wp-json\/wp\/v2\/comments?post=18824"}],"wp:attachment":[{"href":"https:\/\/uj.adatbank.ro\/lexikon\/wp-json\/wp\/v2\/media?parent=18824"}],"wp:term":[{"taxonomy":"product_brand","embeddable":true,"href":"https:\/\/uj.adatbank.ro\/lexikon\/wp-json\/wp\/v2\/product_brand?post=18824"},{"taxonomy":"product_cat","embeddable":true,"href":"https:\/\/uj.adatbank.ro\/lexikon\/wp-json\/wp\/v2\/product_cat?post=18824"},{"taxonomy":"product_tag","embeddable":true,"href":"https:\/\/uj.adatbank.ro\/lexikon\/wp-json\/wp\/v2\/product_tag?post=18824"}],"curies":[{"name":"wp","href":"https:\/\/api.w.org\/{rel}","templated":true}]}}

RABOCSKAY Béla

<p>Segesvár, 1882. aug. 13., † ? : ügyvéd, festő. – A müncheni egy. Jogtud.-i Karán tanult (1902–03) és a Képzőművészeti Akad-n is tanult. Bírói majd kr. ügyészi pályán működött, majd ügyvéd lett. Temesváron lakott. Miután nyugdíjba vonult Olasz- és Németo.-ban művészi tanulmányútra ment. Főleg arcképeket festett. A Műcsarnokban állított ki (1919–). <br /><strong>Irod.:</strong> Éber (1935); Molnár; Szabó-Kállai; Szabó–Simon–Szögi</br></p>

<p>Segesvár, 1882. aug. 13., † ? : ügyvéd, festő. – A müncheni egy. Jogtud.-i Karán tanult (1902–03) és a Képzőművészeti Akad-n is tanult. Bírói majd kr. ügyészi pályán működött, majd ügyvéd lett. Temesváron lakott. Miután nyugdíjba vonult Olasz- és Németo.-ban művészi tanulmányútra ment. Főleg arcképeket festett. A Műcsarnokban állított ki (1919–). Irod.: Éber (1935); Molnár; Szabó-Kállai; Szabó–Simon–Szögi</p>
