{"id":18825,"date":"2025-07-16T11:07:03","date_gmt":"2025-07-16T09:07:03","guid":{"rendered":"https:\/\/uj.adatbank.ro\/lexikon\/termek\/rabutin-de-bussy-jean-louis-gr\/"},"modified":"2025-07-16T11:07:03","modified_gmt":"2025-07-16T09:07:03","slug":"rabutin-de-bussy-jean-louis-gr","status":"publish","type":"product","link":"https:\/\/uj.adatbank.ro\/lexikon\/termek\/rabutin-de-bussy-jean-louis-gr\/","title":{"rendered":"RABUTIN de BUSSY, Jean-Louis, gr."},"content":{"rendered":"<p>? \u2020\u00a0?: cs\u00e1sz\u00e1ri t\u00e1bornok, Erd\u00e9ly cs\u00e1sz\u00e1ri f\u0151parancsnoka. \u2013 II. R\u00e1k\u00f3czi Ferenc el\u0171z\u00e9se ut\u00e1n visszafoglalta a Sz\u00e9kelyf\u00f6ldet (1707 \u0151sz\u00e9n). A g\u00f6rg\u00e9nyszentimrei v\u00e1rat h\u00e9t havi ostrom ut\u00e1n elfoglalta s f\u00f6ldig leromboltatta (1709). Ekkor a k\u00f6z\u00e9pkori k\u00e1polna is elpusztult. A faragott, feliratos k\u00f6veket be\u00e9p\u00edtett\u00e9k a v\u00e1r hely\u00e9re \u00e9p\u00edtett kast\u00e9lyba \u00e9s a k\u00f6r\u00e9je emelt h\u00e1zakba (1700-as \u00e9vek m\u00e1sodik fel\u00e9ben). Kisk\u00e1poln\u00e1t is \u00e9p\u00edtettek (1730). Ez a kast\u00e9ly \u00e1ll m\u00e9g ma is. <br \/><strong>Irod.:<\/strong> Fekete; L\u00e9sty\u00e1n \u2013 templomok 1.; Sz\u00e9pr\u00e9ti Lilla: R\u00e9gi \u00e9s \u00faj vil\u00e1g (Kv., 1981); Gurghiu, domeniu; Keresztes; RNL Szaniszl\u00f3; Szov\u00e1ta; Tr\u00f3cs\u00e1nyi 1988<\/br><\/p>\n","protected":false},"excerpt":{"rendered":"<p>? \u2020\u00a0?: cs\u00e1sz\u00e1ri t\u00e1bornok, Erd\u00e9ly cs\u00e1sz\u00e1ri f\u0151parancsnoka. \u2013 II. R\u00e1k\u00f3czi Ferenc el\u0171z\u00e9se ut\u00e1n visszafoglalta a Sz\u00e9kelyf\u00f6ldet (1707 \u0151sz\u00e9n). A g\u00f6rg\u00e9nyszentimrei v\u00e1rat h\u00e9t havi ostrom ut\u00e1n elfoglalta s f\u00f6ldig leromboltatta (1709). Ekkor a k\u00f6z\u00e9pkori k\u00e1polna is elpusztult. A faragott, feliratos k\u00f6veket be\u00e9p\u00edtett\u00e9k a v\u00e1r hely\u00e9re \u00e9p\u00edtett kast\u00e9lyba \u00e9s a k\u00f6r\u00e9je emelt h\u00e1zakba (1700-as \u00e9vek m\u00e1sodik fel\u00e9ben). [&hellip;]<\/p>\n","protected":false},"featured_media":0,"comment_status":"open","ping_status":"closed","template":"","meta":[],"product_brand":[],"product_cat":[137],"product_tag":[],"class_list":{"0":"post-18825","1":"product","2":"type-product","3":"status-publish","5":"product_cat-maros-megyei-eletrajzi-lexikon","7":"first","8":"instock","9":"shipping-taxable","10":"product-type-simple"},"_links":{"self":[{"href":"https:\/\/uj.adatbank.ro\/lexikon\/wp-json\/wp\/v2\/product\/18825","targetHints":{"allow":["GET"]}}],"collection":[{"href":"https:\/\/uj.adatbank.ro\/lexikon\/wp-json\/wp\/v2\/product"}],"about":[{"href":"https:\/\/uj.adatbank.ro\/lexikon\/wp-json\/wp\/v2\/types\/product"}],"replies":[{"embeddable":true,"href":"https:\/\/uj.adatbank.ro\/lexikon\/wp-json\/wp\/v2\/comments?post=18825"}],"wp:attachment":[{"href":"https:\/\/uj.adatbank.ro\/lexikon\/wp-json\/wp\/v2\/media?parent=18825"}],"wp:term":[{"taxonomy":"product_brand","embeddable":true,"href":"https:\/\/uj.adatbank.ro\/lexikon\/wp-json\/wp\/v2\/product_brand?post=18825"},{"taxonomy":"product_cat","embeddable":true,"href":"https:\/\/uj.adatbank.ro\/lexikon\/wp-json\/wp\/v2\/product_cat?post=18825"},{"taxonomy":"product_tag","embeddable":true,"href":"https:\/\/uj.adatbank.ro\/lexikon\/wp-json\/wp\/v2\/product_tag?post=18825"}],"curies":[{"name":"wp","href":"https:\/\/api.w.org\/{rel}","templated":true}]}}

<p>? † ?: császári tábornok, Erdély császári főparancsnoka. – II. Rákóczi Ferenc elűzése után visszafoglalta a Székelyföldet (1707 őszén). A görgényszentimrei várat hét havi ostrom után elfoglalta s földig leromboltatta (1709). Ekkor a középkori kápolna is elpusztult. A faragott, feliratos köveket beépítették a vár helyére épített kastélyba és a köréje emelt házakba (1700-as évek második felében). Kiskápolnát is építettek (1730). Ez a kastély áll még ma is. <br /><strong>Irod.:</strong> Fekete; Léstyán – templomok 1.; Szépréti Lilla: Régi és új világ (Kv., 1981); Gurghiu, domeniu; Keresztes; RNL Szaniszló; Szováta; Trócsányi 1988</br></p>

<p>? † ?: császári tábornok, Erdély császári főparancsnoka. – II. Rákóczi Ferenc elűzése után visszafoglalta a Székelyföldet (1707 őszén). A görgényszentimrei várat hét havi ostrom után elfoglalta s földig leromboltatta (1709). Ekkor a középkori kápolna is elpusztult. A faragott, feliratos köveket beépítették a vár helyére épített kastélyba és a köréje emelt házakba (1700-as évek második felében). [&hellip;]</p>
