{"id":18828,"date":"2025-07-16T11:07:12","date_gmt":"2025-07-16T09:07:12","guid":{"rendered":"https:\/\/uj.adatbank.ro\/lexikon\/termek\/raceanu-petru\/"},"modified":"2025-07-16T11:07:12","modified_gmt":"2025-07-16T09:07:12","slug":"raceanu-petru","status":"publish","type":"product","link":"https:\/\/uj.adatbank.ro\/lexikon\/termek\/raceanu-petru\/","title":{"rendered":"R\u00c2CEANU, Petru"},"content":{"rendered":"<p>Mez\u0151z\u00e1h, 1923., \u2020 Szal\u00e1rdtelep, 1944. szept. : katona. A rom\u00e1n hadsereg katon\u00e1jak\u00e9nt r\u00e9szt vett a II.vh. harcaiban. \u00c9. Erd\u00e9ly elfoglal\u00e1sa ut\u00e1n a m. hadsereg Szal\u00e1rdtelepn\u00e9l er\u0151d\u00edtm\u00e9nyvonalat alak\u00edtott ki, amelynek seg\u00edts\u00e9g\u00e9vel az eg\u00e9sz szorost ellen\u0151rizni tudt\u00e1k, \u00e9s ahol h\u00e1rom h\u00e9tig v\u00e9res harcok folytak. Az ott elesett katon\u00e1k k\u00f6z\u00f6tt tal\u00e1lt\u00e1k meg holttest\u00e9t, sok m\u00e1s ismeretlen rom\u00e1n katona k\u00f6z\u00f6tt. <br \/><strong>Irod.:<\/strong> Lunca Bradului<\/br><\/p>\n","protected":false},"excerpt":{"rendered":"<p>Mez\u0151z\u00e1h, 1923., \u2020 Szal\u00e1rdtelep, 1944. szept. : katona. A rom\u00e1n hadsereg katon\u00e1jak\u00e9nt r\u00e9szt vett a II.vh. harcaiban. \u00c9. Erd\u00e9ly elfoglal\u00e1sa ut\u00e1n a m. hadsereg Szal\u00e1rdtelepn\u00e9l er\u0151d\u00edtm\u00e9nyvonalat alak\u00edtott ki, amelynek seg\u00edts\u00e9g\u00e9vel az eg\u00e9sz szorost ellen\u0151rizni tudt\u00e1k, \u00e9s ahol h\u00e1rom h\u00e9tig v\u00e9res harcok folytak. Az ott elesett katon\u00e1k k\u00f6z\u00f6tt tal\u00e1lt\u00e1k meg holttest\u00e9t, sok m\u00e1s ismeretlen rom\u00e1n katona [&hellip;]<\/p>\n","protected":false},"featured_media":0,"comment_status":"open","ping_status":"closed","template":"","meta":[],"product_brand":[],"product_cat":[137],"product_tag":[],"class_list":{"0":"post-18828","1":"product","2":"type-product","3":"status-publish","5":"product_cat-maros-megyei-eletrajzi-lexikon","7":"first","8":"instock","9":"shipping-taxable","10":"product-type-simple"},"_links":{"self":[{"href":"https:\/\/uj.adatbank.ro\/lexikon\/wp-json\/wp\/v2\/product\/18828","targetHints":{"allow":["GET"]}}],"collection":[{"href":"https:\/\/uj.adatbank.ro\/lexikon\/wp-json\/wp\/v2\/product"}],"about":[{"href":"https:\/\/uj.adatbank.ro\/lexikon\/wp-json\/wp\/v2\/types\/product"}],"replies":[{"embeddable":true,"href":"https:\/\/uj.adatbank.ro\/lexikon\/wp-json\/wp\/v2\/comments?post=18828"}],"wp:attachment":[{"href":"https:\/\/uj.adatbank.ro\/lexikon\/wp-json\/wp\/v2\/media?parent=18828"}],"wp:term":[{"taxonomy":"product_brand","embeddable":true,"href":"https:\/\/uj.adatbank.ro\/lexikon\/wp-json\/wp\/v2\/product_brand?post=18828"},{"taxonomy":"product_cat","embeddable":true,"href":"https:\/\/uj.adatbank.ro\/lexikon\/wp-json\/wp\/v2\/product_cat?post=18828"},{"taxonomy":"product_tag","embeddable":true,"href":"https:\/\/uj.adatbank.ro\/lexikon\/wp-json\/wp\/v2\/product_tag?post=18828"}],"curies":[{"name":"wp","href":"https:\/\/api.w.org\/{rel}","templated":true}]}}

RÂCEANU, Petru

<p>Mezőzáh, 1923., † Szalárdtelep, 1944. szept. : katona. A román hadsereg katonájaként részt vett a II.vh. harcaiban. É. Erdély elfoglalása után a m. hadsereg Szalárdtelepnél erődítményvonalat alakított ki, amelynek segítségével az egész szorost ellenőrizni tudták, és ahol három hétig véres harcok folytak. Az ott elesett katonák között találták meg holttestét, sok más ismeretlen román katona között. <br /><strong>Irod.:</strong> Lunca Bradului</br></p>

<p>Mezőzáh, 1923., † Szalárdtelep, 1944. szept. : katona. A román hadsereg katonájaként részt vett a II.vh. harcaiban. É. Erdély elfoglalása után a m. hadsereg Szalárdtelepnél erődítményvonalat alakított ki, amelynek segítségével az egész szorost ellenőrizni tudták, és ahol három hétig véres harcok folytak. Az ott elesett katonák között találták meg holttestét, sok más ismeretlen román katona [&hellip;]</p>
