{"id":18833,"date":"2025-07-16T11:07:27","date_gmt":"2025-07-16T09:07:27","guid":{"rendered":"https:\/\/uj.adatbank.ro\/lexikon\/termek\/racovitan-teodor\/"},"modified":"2025-07-16T11:07:27","modified_gmt":"2025-07-16T09:07:27","slug":"racovitan-teodor","status":"publish","type":"product","link":"https:\/\/uj.adatbank.ro\/lexikon\/termek\/racovitan-teodor\/","title":{"rendered":"RACOVI\u0162AN, Teodor"},"content":{"rendered":"<p>Gerendkereszt\u00far, 1913. m\u00e1rc. 7., \u2020\u00a0Dics\u0151szentm\u00e1rton, 2006. szept. 30.: g. kat esperes. \u2013 Elemi iskol\u00e1t a sz\u00fcl\u0151hely\u00e9n (1919\u201322), a bal\u00e1zsfalvi Sf. Vasile cel Mare L\u00edc.-ban (1923\u201330) \u00e9s a Teol\u00f3giai Int\u00e9zetet szint\u00e9n Bal\u00e1zsfalv\u00e1n v\u00e9gezte (1931\u201335), majd filoz\u00f3fi\u00e1t Kv.-on (1936\u201340), Buk.-ben elv\u00e9gezte az Egyetemi Pedag\u00f3giai Akad\u00e9mi\u00e1t. Bal\u00e1zsfalv\u00e1n az egykori l\u00edc.-\u00e1ban tan\u00edtott filoz\u00f3fi\u00e1t, majd Dics\u0151szentm\u00e1rtonban kinevezt\u00e9k a v\u00e1ros m\u00e1sodik g. kat. par\u00f3ki\u00e1j\u00e1nak az \u00e9l\u00e9re, amelyet az \u00c9 \u2013 Erd\u00e9lyb\u0151l bemenek\u00fclt h\u00edvek sz\u00e1m\u00e1nak megn\u00f6veked\u00e9se tett sz\u00fcks\u00e9gess\u00e9 (1942). A kom. rendszer \u00fcld\u00f6zte, letart\u00f3ztatt\u00e1k, t\u00f6bb g. kat. t\u00e1rs\u00e1val egy\u00fctt, majd hat \u00e9v b\u00f6rt\u00f6nre \u00edt\u00e9lt\u00e9k. Politikai fogolyk\u00e9nt meghurcolt\u00e1k Enyed, Zsilava, Maros\u00fajv\u00e1r \u00e9s Kar\u00e1nsebes b\u00f6rt\u00f6neiben (1951\u201356). Al. Todea\u2013F\u00fcl\u00f6p\u2013Avram p\u00fcsp\u00f6k a betilt\u00e1s ideje alatt, titokban \u00e9rseki kanokk\u00e1 nyilv\u00e1n\u00edtotta (1985), majd 1989 ut\u00e1n \u00fajb\u00f3l, leg\u00e1lisan, \u00e9rseki kanonoki beoszt\u00e1sban tev\u00e9kenykedett, \u00e9s a dics\u0151i k\u00e9t par\u00f3kia k\u00f6z\u00fcl az egyiknek az esperese lett, \u00e9s visszaszerezte az ort.-oknak aj\u00e1nd\u00e9kozott g. kat.-ok templom\u00e1t (1990\u201398), \u00e9s nyugd\u00edjba vonult. Filoz\u00f3fi\u00e1t tan\u00edtott nyugd\u00edjask\u00e9nt a bal\u00e1zsfalvi Teol\u00f3giai Int.-ben (1992\u201393). M\u00e1r \u00edfj\u00fakor\u00e1ban jelentkezett publicisztikai \u00e9s sz\u00e9pirod.-i \u00edr\u00e1sokkal. Munkat\u00e1rsa volt: Blajul, Cultura Cre\u015ftin\u0103, Unirea \u00e9s m\u00e1s sajt\u00f3term\u00e9keknek. Dics\u0151szentm\u00e1rton d\u00edszpolg\u00e1ra (1995). \u2013 <strong>F. m.:<\/strong> O via\u0163\u0103 de cre\u015ftin tr\u0103it\u0103 eroic : inginerul Iustin Nicoar\u0103 (1899\u20131926) (Sibiu, 1999); <strong>t\u00e1rssz.:<\/strong> Sf\u00e2ntul Augustin: Omul. Opera. Doctrina (Berned \u015etef-el, Cluj-N., 1994); <strong>ford.:<\/strong> Eroism misionar (ford. fr. ny.-b\u0151l; Blaj, 1943); Froissard: Filozofia Sf. Augustin (Blaj,1945); Froissard: Nu v\u0103 teme\u0163i : Convorbiri cu Papa Ioan Paul al II.-lea (ford.fr. \u2013b\u00f3l; Cluj,1994); Prietenul meu, Karol Wojtyla (ford.; Cluj,1995); Prat, Ferdinand: Pe urmele Sf\u00e2ntului Pavel, Apostolul Neamurilor (ford. fr. ny.-b\u0151l; Sibiu, 1999); Prost, Henry: Destin de Roumaine (1918\u20131954) (ford. fr. ny.- b\u0151l; Sibiu, 2000). <br \/><strong>Irod.:<\/strong> C.l. (2006. m\u00e1rc. 15); Iloaie; T\u00e2rn\u0103veni, cult.- ist.; Todea 2013<\/br><\/p>\n","protected":false},"excerpt":{"rendered":"<p>Gerendkereszt\u00far, 1913. m\u00e1rc. 7., \u2020\u00a0Dics\u0151szentm\u00e1rton, 2006. szept. 30.: g. kat esperes. \u2013 Elemi iskol\u00e1t a sz\u00fcl\u0151hely\u00e9n (1919\u201322), a bal\u00e1zsfalvi Sf. Vasile cel Mare L\u00edc.-ban (1923\u201330) \u00e9s a Teol\u00f3giai Int\u00e9zetet szint\u00e9n Bal\u00e1zsfalv\u00e1n v\u00e9gezte (1931\u201335), majd filoz\u00f3fi\u00e1t Kv.-on (1936\u201340), Buk.-ben elv\u00e9gezte az Egyetemi Pedag\u00f3giai Akad\u00e9mi\u00e1t. Bal\u00e1zsfalv\u00e1n az egykori l\u00edc.-\u00e1ban tan\u00edtott filoz\u00f3fi\u00e1t, majd Dics\u0151szentm\u00e1rtonban kinevezt\u00e9k a v\u00e1ros m\u00e1sodik [&hellip;]<\/p>\n","protected":false},"featured_media":0,"comment_status":"open","ping_status":"closed","template":"","meta":[],"product_brand":[],"product_cat":[137],"product_tag":[],"class_list":{"0":"post-18833","1":"product","2":"type-product","3":"status-publish","5":"product_cat-maros-megyei-eletrajzi-lexikon","7":"first","8":"instock","9":"shipping-taxable","10":"product-type-simple"},"_links":{"self":[{"href":"https:\/\/uj.adatbank.ro\/lexikon\/wp-json\/wp\/v2\/product\/18833","targetHints":{"allow":["GET"]}}],"collection":[{"href":"https:\/\/uj.adatbank.ro\/lexikon\/wp-json\/wp\/v2\/product"}],"about":[{"href":"https:\/\/uj.adatbank.ro\/lexikon\/wp-json\/wp\/v2\/types\/product"}],"replies":[{"embeddable":true,"href":"https:\/\/uj.adatbank.ro\/lexikon\/wp-json\/wp\/v2\/comments?post=18833"}],"wp:attachment":[{"href":"https:\/\/uj.adatbank.ro\/lexikon\/wp-json\/wp\/v2\/media?parent=18833"}],"wp:term":[{"taxonomy":"product_brand","embeddable":true,"href":"https:\/\/uj.adatbank.ro\/lexikon\/wp-json\/wp\/v2\/product_brand?post=18833"},{"taxonomy":"product_cat","embeddable":true,"href":"https:\/\/uj.adatbank.ro\/lexikon\/wp-json\/wp\/v2\/product_cat?post=18833"},{"taxonomy":"product_tag","embeddable":true,"href":"https:\/\/uj.adatbank.ro\/lexikon\/wp-json\/wp\/v2\/product_tag?post=18833"}],"curies":[{"name":"wp","href":"https:\/\/api.w.org\/{rel}","templated":true}]}}

RACOVIŢAN, Teodor

<p>Gerendkeresztúr, 1913. márc. 7., † Dicsőszentmárton, 2006. szept. 30.: g. kat esperes. – Elemi iskolát a szülőhelyén (1919–22), a balázsfalvi Sf. Vasile cel Mare Líc.-ban (1923–30) és a Teológiai Intézetet szintén Balázsfalván végezte (1931–35), majd filozófiát Kv.-on (1936–40), Buk.-ben elvégezte az Egyetemi Pedagógiai Akadémiát. Balázsfalván az egykori líc.-ában tanított filozófiát, majd Dicsőszentmártonban kinevezték a város második g. kat. parókiájának az élére, amelyet az É – Erdélyből bemenekült hívek számának megnövekedése tett szükségessé (1942). A kom. rendszer üldözte, letartóztatták, több g. kat. társával együtt, majd hat év börtönre ítélték. Politikai fogolyként meghurcolták Enyed, Zsilava, Marosújvár és Karánsebes börtöneiben (1951–56). Al. Todea–Fülöp–Avram püspök a betiltás ideje alatt, titokban érseki kanokká nyilvánította (1985), majd 1989 után újból, legálisan, érseki kanonoki beosztásban tevékenykedett, és a dicsői két parókia közül az egyiknek az esperese lett, és visszaszerezte az ort.-oknak ajándékozott g. kat.-ok templomát (1990–98), és nyugdíjba vonult. Filozófiát tanított nyugdíjasként a balázsfalvi Teológiai Int.-ben (1992–93). Már ífjúkorában jelentkezett publicisztikai és szépirod.-i írásokkal. Munkatársa volt: Blajul, Cultura Creştină, Unirea és más sajtótermékeknek. Dicsőszentmárton díszpolgára (1995). – <strong>F. m.:</strong> O viaţă de creştin trăită eroic : inginerul Iustin Nicoară (1899–1926) (Sibiu, 1999); <strong>társsz.:</strong> Sfântul Augustin: Omul. Opera. Doctrina (Berned Ştef-el, Cluj-N., 1994); <strong>ford.:</strong> Eroism misionar (ford. fr. ny.-ből; Blaj, 1943); Froissard: Filozofia Sf. Augustin (Blaj,1945); Froissard: Nu vă temeţi : Convorbiri cu Papa Ioan Paul al II.-lea (ford.fr. –ból; Cluj,1994); Prietenul meu, Karol Wojtyla (ford.; Cluj,1995); Prat, Ferdinand: Pe urmele Sfântului Pavel, Apostolul Neamurilor (ford. fr. ny.-ből; Sibiu, 1999); Prost, Henry: Destin de Roumaine (1918–1954) (ford. fr. ny.- ből; Sibiu, 2000). <br /><strong>Irod.:</strong> C.l. (2006. márc. 15); Iloaie; Târnăveni, cult.- ist.; Todea 2013</br></p>

<p>Gerendkeresztúr, 1913. márc. 7., † Dicsőszentmárton, 2006. szept. 30.: g. kat esperes. – Elemi iskolát a szülőhelyén (1919–22), a balázsfalvi Sf. Vasile cel Mare Líc.-ban (1923–30) és a Teológiai Intézetet szintén Balázsfalván végezte (1931–35), majd filozófiát Kv.-on (1936–40), Buk.-ben elvégezte az Egyetemi Pedagógiai Akadémiát. Balázsfalván az egykori líc.-ában tanított filozófiát, majd Dicsőszentmártonban kinevezték a város második [&hellip;]</p>
