{"id":18837,"date":"2025-07-16T11:07:36","date_gmt":"2025-07-16T09:07:36","guid":{"rendered":"https:\/\/uj.adatbank.ro\/lexikon\/termek\/racz-andrassi-sandor\/"},"modified":"2025-07-16T11:07:36","modified_gmt":"2025-07-16T09:07:36","slug":"racz-andrassi-sandor","status":"publish","type":"product","link":"https:\/\/uj.adatbank.ro\/lexikon\/termek\/racz-andrassi-sandor\/","title":{"rendered":"R\u00c1CZ ANDR\u00c1SSI S\u00e1ndor"},"content":{"rendered":"<p>? \u2020\u00a0?: k\u00f6lt\u0151, \u00edr\u00f3. \u2013 A k\u00e9t vil\u00e1gh\u00e1bor\u00fa k\u00f6z\u00f6tt a segesv\u00e1ri m\u0171vel\u0151d\u00e9si \u00e9let lelkes szervez\u0151je volt, a Polg\u00e1ri K\u00f6r titk\u00e1ra. \u00c1rva Julcsa c. n\u00e9psz\u00ednm\u0171v\u00e9t nem csak helyi szinten j\u00e1tszott\u00e1k nagy sikerrel hanem a bp.-i Nemzeti Sz\u00ednh\u00e1zban is bemutatt\u00e1k (1938). A II. vh. ut\u00e1n a MNSZ keret\u00e9ben \u00faj lend\u00fcletet kapott a magyar sz\u00ednj\u00e1tsz\u00e1s amelyben rendez\u0151i szerepet v\u00e1llalt.<br \/><strong>Irod.:<\/strong> RMIL Segesv\u00e1r<\/br><\/p>\n","protected":false},"excerpt":{"rendered":"<p>? \u2020\u00a0?: k\u00f6lt\u0151, \u00edr\u00f3. \u2013 A k\u00e9t vil\u00e1gh\u00e1bor\u00fa k\u00f6z\u00f6tt a segesv\u00e1ri m\u0171vel\u0151d\u00e9si \u00e9let lelkes szervez\u0151je volt, a Polg\u00e1ri K\u00f6r titk\u00e1ra. \u00c1rva Julcsa c. n\u00e9psz\u00ednm\u0171v\u00e9t nem csak helyi szinten j\u00e1tszott\u00e1k nagy sikerrel hanem a bp.-i Nemzeti Sz\u00ednh\u00e1zban is bemutatt\u00e1k (1938). A II. vh. ut\u00e1n a MNSZ keret\u00e9ben \u00faj lend\u00fcletet kapott a magyar sz\u00ednj\u00e1tsz\u00e1s amelyben rendez\u0151i szerepet [&hellip;]<\/p>\n","protected":false},"featured_media":0,"comment_status":"open","ping_status":"closed","template":"","meta":[],"product_brand":[],"product_cat":[137],"product_tag":[],"class_list":{"0":"post-18837","1":"product","2":"type-product","3":"status-publish","5":"product_cat-maros-megyei-eletrajzi-lexikon","7":"first","8":"instock","9":"shipping-taxable","10":"product-type-simple"},"_links":{"self":[{"href":"https:\/\/uj.adatbank.ro\/lexikon\/wp-json\/wp\/v2\/product\/18837","targetHints":{"allow":["GET"]}}],"collection":[{"href":"https:\/\/uj.adatbank.ro\/lexikon\/wp-json\/wp\/v2\/product"}],"about":[{"href":"https:\/\/uj.adatbank.ro\/lexikon\/wp-json\/wp\/v2\/types\/product"}],"replies":[{"embeddable":true,"href":"https:\/\/uj.adatbank.ro\/lexikon\/wp-json\/wp\/v2\/comments?post=18837"}],"wp:attachment":[{"href":"https:\/\/uj.adatbank.ro\/lexikon\/wp-json\/wp\/v2\/media?parent=18837"}],"wp:term":[{"taxonomy":"product_brand","embeddable":true,"href":"https:\/\/uj.adatbank.ro\/lexikon\/wp-json\/wp\/v2\/product_brand?post=18837"},{"taxonomy":"product_cat","embeddable":true,"href":"https:\/\/uj.adatbank.ro\/lexikon\/wp-json\/wp\/v2\/product_cat?post=18837"},{"taxonomy":"product_tag","embeddable":true,"href":"https:\/\/uj.adatbank.ro\/lexikon\/wp-json\/wp\/v2\/product_tag?post=18837"}],"curies":[{"name":"wp","href":"https:\/\/api.w.org\/{rel}","templated":true}]}}

RÁCZ ANDRÁSSI Sándor

<p>? † ?: költő, író. – A két világháború között a segesvári művelődési élet lelkes szervezője volt, a Polgári Kör titkára. Árva Julcsa c. népszínművét nem csak helyi szinten játszották nagy sikerrel hanem a bp.-i Nemzeti Színházban is bemutatták (1938). A II. vh. után a MNSZ keretében új lendületet kapott a magyar színjátszás amelyben rendezői szerepet vállalt.<br /><strong>Irod.:</strong> RMIL Segesvár</br></p>

<p>? † ?: költő, író. – A két világháború között a segesvári művelődési élet lelkes szervezője volt, a Polgári Kör titkára. Árva Julcsa c. népszínművét nem csak helyi szinten játszották nagy sikerrel hanem a bp.-i Nemzeti Színházban is bemutatták (1938). A II. vh. után a MNSZ keretében új lendületet kapott a magyar színjátszás amelyben rendezői szerepet [&hellip;]</p>
