{"id":18839,"date":"2025-07-16T11:07:40","date_gmt":"2025-07-16T09:07:40","guid":{"rendered":"https:\/\/uj.adatbank.ro\/lexikon\/termek\/racz-bela-%c2%a7\/"},"modified":"2025-07-16T11:07:40","modified_gmt":"2025-07-16T09:07:40","slug":"racz-bela-%c2%a7","status":"publish","type":"product","link":"https:\/\/uj.adatbank.ro\/lexikon\/termek\/racz-bela-%c2%a7\/","title":{"rendered":"R\u00c1CZ B\u00e9la, \u00a7"},"content":{"rendered":"<p>1898., \u2020 Mv., 1974. szept. 21.: keresked\u0151, a munk\u00e1smozgalom veter\u00e1nja, k\u00f6nyvt\u00e1ros. \u2013 Iskol\u00e1i elv\u00e9gz\u00e9se ut\u00e1n mint keresked\u0151 szabadult fel. A mv.-i munk\u00e1smozgalom egyik veter\u00e1nja, a RKP tagja (1921\u2013), letart\u00f3ztatt\u00e1k (1924), a Nussbaum testv\u00e9rekn\u00e9l dolgozott mint keresked\u0151seg\u00e9d, majd \u00f6n\u00e1ll\u00f3 lett Mv.-en (1929), \u00fczlet\u00e9t t\u00e1rsas viszonyban R\u00e1cz B\u00e9la \u00e9s T\u00e1rsa n\u00e9ven vezette. Lak\u00e1sa t\u00f6bb mint 10 \u00e9vig volt a RKP \u00e1ltal kiadott, ill. terjesztett ideol\u00f3giai \u00e9s propagandaanyagok mv.-i befut\u00f3 \u00e9s tov\u00e1bb\u00edt\u00f3 helye. Sok \u00e9ven \u00e1t volt a kereskedelmi alkalmazottak egys\u00e9ges szakszervezet\u00e9nek titk\u00e1ra \u00e9s eln\u00f6ke. \u00c1lland\u00f3 t\u00e1mogat\u00f3ja \u00e9s szervez\u0151je a V\u00f6r\u00f6s Seg\u00e9ly Bizotts\u00e1gnak. Tekint\u00e9lyes polg\u00e1ra volt a v\u00e1rosnak, a hazafias \u00e9s kultur\u00e1lis egyes\u00fcleteket t\u00e1mogatta. A Dolgoz\u00f3k Blokkj\u00e1b\u00f3l a v\u00e1rosi tan\u00e1csba alpolg\u00e1rmester jel\u00f6lt volt (1932. okt. 11.). A kezdem\u00e9nyez\u00e9s\u00e9re alakult meg a Szovjetuni\u00f3 Bar\u00e1tainak K\u00f6re Maros megyei szervezete (1934. okt.). Forradalmi munk\u00e1ss\u00e1g\u00e1\u00e9rt t\u00f6bbsz\u00f6r letart\u00f3ztatt\u00e1k \u00e9s el\u00edt\u00e9lt\u00e9k. Felszabadul\u00e1s ut\u00e1n Mv. polg\u00e1rmester-helyettese. A Mv.-i Kereskedelmi \u00e9s Ipar Kamara Igazgat\u00f3tan\u00e1cs\u00e1nak tagja (1947). A Tartom\u00e1nyi K\u00f6nyvt\u00e1r, a volt V\u00e1rosi K\u00f6nyvt\u00e1r f\u0151k\u00f6nyvt\u00e1rosa (1949), igazgat\u00f3ja (1951\u20131956), ill. aligazgat\u00f3ja nyugd\u00edjaz\u00e1s\u00e1ig (1956\u201359). <br \/><strong>Irod.:<\/strong> Bern\u00e1dy; Nan: Camera de comer\u0163; N\u00e9h\u00e1nyan az RKP 1921\u201322-es Maros megyei tagjai k\u00f6z\u00fcl, akikkel egy\u00fctt \u00fcnnepelj\u00fck a nagy \u00e9vfordul\u00f3t (V.Z., 1971. m\u00e1j. 7.); R. B. [Nekrol\u00f3g] (V. Z., 1974. szept. 22.); Sz\u00e9kelyf\u00f6ld \u00ed.k.; Sz\u00e9pr\u00e9ti Lilla: Eml\u00e9kez\u00e9s r\u00e9gi toborz\u00e1sra (\u00daj \u00c9let, 3. sz., 1959. nov. 5.); Weisz S\u00e1ndor:\u201e A konspirat\u00edv munka tan\u00edt\u00f3mestere volt \u201d (V. Z.,1971. m\u00e1j. 4.)<\/br><\/p>\n","protected":false},"excerpt":{"rendered":"<p>1898., \u2020 Mv., 1974. szept. 21.: keresked\u0151, a munk\u00e1smozgalom veter\u00e1nja, k\u00f6nyvt\u00e1ros. \u2013 Iskol\u00e1i elv\u00e9gz\u00e9se ut\u00e1n mint keresked\u0151 szabadult fel. A mv.-i munk\u00e1smozgalom egyik veter\u00e1nja, a RKP tagja (1921\u2013), letart\u00f3ztatt\u00e1k (1924), a Nussbaum testv\u00e9rekn\u00e9l dolgozott mint keresked\u0151seg\u00e9d, majd \u00f6n\u00e1ll\u00f3 lett Mv.-en (1929), \u00fczlet\u00e9t t\u00e1rsas viszonyban R\u00e1cz B\u00e9la \u00e9s T\u00e1rsa n\u00e9ven vezette. Lak\u00e1sa t\u00f6bb mint 10 \u00e9vig [&hellip;]<\/p>\n","protected":false},"featured_media":0,"comment_status":"open","ping_status":"closed","template":"","meta":[],"product_brand":[],"product_cat":[137],"product_tag":[],"class_list":{"0":"post-18839","1":"product","2":"type-product","3":"status-publish","5":"product_cat-maros-megyei-eletrajzi-lexikon","7":"first","8":"instock","9":"shipping-taxable","10":"product-type-simple"},"_links":{"self":[{"href":"https:\/\/uj.adatbank.ro\/lexikon\/wp-json\/wp\/v2\/product\/18839","targetHints":{"allow":["GET"]}}],"collection":[{"href":"https:\/\/uj.adatbank.ro\/lexikon\/wp-json\/wp\/v2\/product"}],"about":[{"href":"https:\/\/uj.adatbank.ro\/lexikon\/wp-json\/wp\/v2\/types\/product"}],"replies":[{"embeddable":true,"href":"https:\/\/uj.adatbank.ro\/lexikon\/wp-json\/wp\/v2\/comments?post=18839"}],"wp:attachment":[{"href":"https:\/\/uj.adatbank.ro\/lexikon\/wp-json\/wp\/v2\/media?parent=18839"}],"wp:term":[{"taxonomy":"product_brand","embeddable":true,"href":"https:\/\/uj.adatbank.ro\/lexikon\/wp-json\/wp\/v2\/product_brand?post=18839"},{"taxonomy":"product_cat","embeddable":true,"href":"https:\/\/uj.adatbank.ro\/lexikon\/wp-json\/wp\/v2\/product_cat?post=18839"},{"taxonomy":"product_tag","embeddable":true,"href":"https:\/\/uj.adatbank.ro\/lexikon\/wp-json\/wp\/v2\/product_tag?post=18839"}],"curies":[{"name":"wp","href":"https:\/\/api.w.org\/{rel}","templated":true}]}}

RÁCZ Béla, §

<p>1898., † Mv., 1974. szept. 21.: kereskedő, a munkásmozgalom veteránja, könyvtáros. – Iskolái elvégzése után mint kereskedő szabadult fel. A mv.-i munkásmozgalom egyik veteránja, a RKP tagja (1921–), letartóztatták (1924), a Nussbaum testvéreknél dolgozott mint kereskedősegéd, majd önálló lett Mv.-en (1929), üzletét társas viszonyban Rácz Béla és Társa néven vezette. Lakása több mint 10 évig volt a RKP által kiadott, ill. terjesztett ideológiai és propagandaanyagok mv.-i befutó és továbbító helye. Sok éven át volt a kereskedelmi alkalmazottak egységes szakszervezetének titkára és elnöke. Állandó támogatója és szervezője a Vörös Segély Bizottságnak. Tekintélyes polgára volt a városnak, a hazafias és kulturális egyesületeket támogatta. A Dolgozók Blokkjából a városi tanácsba alpolgármester jelölt volt (1932. okt. 11.). A kezdeményezésére alakult meg a Szovjetunió Barátainak Köre Maros megyei szervezete (1934. okt.). Forradalmi munkásságáért többször letartóztatták és elítélték. Felszabadulás után Mv. polgármester-helyettese. A Mv.-i Kereskedelmi és Ipar Kamara Igazgatótanácsának tagja (1947). A Tartományi Könyvtár, a volt Városi Könyvtár főkönyvtárosa (1949), igazgatója (1951–1956), ill. aligazgatója nyugdíjazásáig (1956–59). <br /><strong>Irod.:</strong> Bernády; Nan: Camera de comerţ; Néhányan az RKP 1921–22-es Maros megyei tagjai közül, akikkel együtt ünnepeljük a nagy évfordulót (V.Z., 1971. máj. 7.); R. B. [Nekrológ] (V. Z., 1974. szept. 22.); Székelyföld í.k.; Szépréti Lilla: Emlékezés régi toborzásra (Új Élet, 3. sz., 1959. nov. 5.); Weisz Sándor:„ A konspiratív munka tanítómestere volt ” (V. Z.,1971. máj. 4.)</br></p>

<p>1898., † Mv., 1974. szept. 21.: kereskedő, a munkásmozgalom veteránja, könyvtáros. – Iskolái elvégzése után mint kereskedő szabadult fel. A mv.-i munkásmozgalom egyik veteránja, a RKP tagja (1921–), letartóztatták (1924), a Nussbaum testvéreknél dolgozott mint kereskedősegéd, majd önálló lett Mv.-en (1929), üzletét társas viszonyban Rácz Béla és Társa néven vezette. Lakása több mint 10 évig [&hellip;]</p>
