{"id":18841,"date":"2025-07-16T11:07:43","date_gmt":"2025-07-16T09:07:43","guid":{"rendered":"https:\/\/uj.adatbank.ro\/lexikon\/termek\/racz-gabor-racz-gabriel\/"},"modified":"2025-07-16T11:07:43","modified_gmt":"2025-07-16T09:07:43","slug":"racz-gabor-racz-gabriel","status":"publish","type":"product","link":"https:\/\/uj.adatbank.ro\/lexikon\/termek\/racz-gabor-racz-gabriel\/","title":{"rendered":"R\u00c1CZ G\u00e1bor; R\u00e1cz Gabriel"},"content":{"rendered":"<p>Arad, 1928. j\u00fan. 15., \u2020\u00a02013.: gy\u00f3gyszer\u00e9sz,dr. d\u00e9k\u00e1n.\u2013 Feles\u00e9ge: dr. Kotilla Erzs\u00e9bet. \u2013 Aradon a R.K.f\u0151gimn.-ban \u00e9retts\u00e9gizett (1946). P\u00e1rhuzamosan A kv.-i Bolyai TE term\u00e9szetrajz \u00e9s gy\u00f3gyszer\u00e9sz szak hallgat\u00f3ja, amit a MOGYI hallgat\u00f3jak\u00e9nt folytatott (1950\u2013), gyakornok, \u00e9s a gy\u00f3gyszer\u00e9szeti n\u00f6v\u00e9nytanitansz\u00e9k vezet\u0151je (1952\u2013). Doktora a gy\u00f3gyszer\u00e9sztudom\u00e1nyoknak Kopp Elem\u00e9r prof.ir\u00e1ny\u00edt\u00e1s\u00e1val. Gy\u00f3gyszer\u00e9sz \u2013dr.-i c\u00edmet kapott (\u00ed958),d\u00e9k\u00e1n (1956. szept. 1.\u20131958. febr. 30.). A farmakogn\u00f3zia vagyis gy\u00f3gyn\u00f6v\u00e9nyismeret tansz\u00e9k d\u00e9k\u00e1nja (1962. nov. 1.\u20131992). A doktor\u00e1tusi iskola vezet\u0151je, 19-en doktor\u00e1ltak n\u00e1la. A MOGYE gy\u00f3gyszer\u00e9szeti kar d\u00e9k\u00e1nja (1956\u20131958).Kopp Elem\u00e9r prof.-al Botanikus \u00e9s gy\u00f3gyn\u00f6v\u00e9nykertet l\u00e9tes\u00edtettek \u00e9s magkatal\u00f3gust. Sz\u00e1mos orsz\u00e1gban volt vend\u00e9gel\u0151ad\u00f3. Belgium, N\u00e9meto., G\u00f6r\u00f6g- \u00e9s T\u00f6r\u00f6korsz\u00e1gban. Sz\u00e1mos jegyzet \u00e9s k\u00f6nyv szerz\u0151je v.t\u00e1rsszerz\u0151je.Szakk\u00f6zlem\u00e9nyei 35 hazai \u00e9s k\u00fclf\u00f6ldi foly\u00f3iratban k\u00f6z\u00f6lte.Nagy L; A P\u00e1pai P\u00e1riz Ferenc Alap\u00edtv\u00e1ny D\u00edjazottja (2005). <br \/><strong>Irod.:<\/strong> Gy\u00e9resi \u00c1rp\u00e1d: Prof.Dr.R\u00e1cz G\u00e1bor, PhD = D\u00edjazottaink; IMF; MOGYE; RMIL4<\/br><\/p>\n","protected":false},"excerpt":{"rendered":"<p>Arad, 1928. j\u00fan. 15., \u2020\u00a02013.: gy\u00f3gyszer\u00e9sz,dr. d\u00e9k\u00e1n.\u2013 Feles\u00e9ge: dr. Kotilla Erzs\u00e9bet. \u2013 Aradon a R.K.f\u0151gimn.-ban \u00e9retts\u00e9gizett (1946). P\u00e1rhuzamosan A kv.-i Bolyai TE term\u00e9szetrajz \u00e9s gy\u00f3gyszer\u00e9sz szak hallgat\u00f3ja, amit a MOGYI hallgat\u00f3jak\u00e9nt folytatott (1950\u2013), gyakornok, \u00e9s a gy\u00f3gyszer\u00e9szeti n\u00f6v\u00e9nytanitansz\u00e9k vezet\u0151je (1952\u2013). Doktora a gy\u00f3gyszer\u00e9sztudom\u00e1nyoknak Kopp Elem\u00e9r prof.ir\u00e1ny\u00edt\u00e1s\u00e1val. Gy\u00f3gyszer\u00e9sz \u2013dr.-i c\u00edmet kapott (\u00ed958),d\u00e9k\u00e1n (1956. szept. 1.\u20131958. febr. [&hellip;]<\/p>\n","protected":false},"featured_media":0,"comment_status":"open","ping_status":"closed","template":"","meta":[],"product_brand":[],"product_cat":[137],"product_tag":[],"class_list":{"0":"post-18841","1":"product","2":"type-product","3":"status-publish","5":"product_cat-maros-megyei-eletrajzi-lexikon","7":"first","8":"instock","9":"shipping-taxable","10":"product-type-simple"},"_links":{"self":[{"href":"https:\/\/uj.adatbank.ro\/lexikon\/wp-json\/wp\/v2\/product\/18841","targetHints":{"allow":["GET"]}}],"collection":[{"href":"https:\/\/uj.adatbank.ro\/lexikon\/wp-json\/wp\/v2\/product"}],"about":[{"href":"https:\/\/uj.adatbank.ro\/lexikon\/wp-json\/wp\/v2\/types\/product"}],"replies":[{"embeddable":true,"href":"https:\/\/uj.adatbank.ro\/lexikon\/wp-json\/wp\/v2\/comments?post=18841"}],"wp:attachment":[{"href":"https:\/\/uj.adatbank.ro\/lexikon\/wp-json\/wp\/v2\/media?parent=18841"}],"wp:term":[{"taxonomy":"product_brand","embeddable":true,"href":"https:\/\/uj.adatbank.ro\/lexikon\/wp-json\/wp\/v2\/product_brand?post=18841"},{"taxonomy":"product_cat","embeddable":true,"href":"https:\/\/uj.adatbank.ro\/lexikon\/wp-json\/wp\/v2\/product_cat?post=18841"},{"taxonomy":"product_tag","embeddable":true,"href":"https:\/\/uj.adatbank.ro\/lexikon\/wp-json\/wp\/v2\/product_tag?post=18841"}],"curies":[{"name":"wp","href":"https:\/\/api.w.org\/{rel}","templated":true}]}}

RÁCZ Gábor; Rácz Gabriel

<p>Arad, 1928. jún. 15., † 2013.: gyógyszerész,dr. dékán.– Felesége: dr. Kotilla Erzsébet. – Aradon a R.K.főgimn.-ban érettségizett (1946). Párhuzamosan A kv.-i Bolyai TE természetrajz és gyógyszerész szak hallgatója, amit a MOGYI hallgatójaként folytatott (1950–), gyakornok, és a gyógyszerészeti növénytanitanszék vezetője (1952–). Doktora a gyógyszerésztudományoknak Kopp Elemér prof.irányításával. Gyógyszerész –dr.-i címet kapott (í958),dékán (1956. szept. 1.–1958. febr. 30.). A farmakognózia vagyis gyógynövényismeret tanszék dékánja (1962. nov. 1.–1992). A doktorátusi iskola vezetője, 19-en doktoráltak nála. A MOGYE gyógyszerészeti kar dékánja (1956–1958).Kopp Elemér prof.-al Botanikus és gyógynövénykertet létesítettek és magkatalógust. Számos országban volt vendégelőadó. Belgium, Németo., Görög- és Törökországban. Számos jegyzet és könyv szerzője v.társszerzője.Szakközleményei 35 hazai és külföldi folyóiratban közölte.Nagy L; A Pápai Páriz Ferenc Alapítvány Díjazottja (2005). <br /><strong>Irod.:</strong> Gyéresi Árpád: Prof.Dr.Rácz Gábor, PhD = Díjazottaink; IMF; MOGYE; RMIL4</br></p>

<p>Arad, 1928. jún. 15., † 2013.: gyógyszerész,dr. dékán.– Felesége: dr. Kotilla Erzsébet. – Aradon a R.K.főgimn.-ban érettségizett (1946). Párhuzamosan A kv.-i Bolyai TE természetrajz és gyógyszerész szak hallgatója, amit a MOGYI hallgatójaként folytatott (1950–), gyakornok, és a gyógyszerészeti növénytanitanszék vezetője (1952–). Doktora a gyógyszerésztudományoknak Kopp Elemér prof.irányításával. Gyógyszerész –dr.-i címet kapott (í958),dékán (1956. szept. 1.–1958. febr. [&hellip;]</p>
