{"id":18842,"date":"2025-07-16T11:07:44","date_gmt":"2025-07-16T09:07:44","guid":{"rendered":"https:\/\/uj.adatbank.ro\/lexikon\/termek\/racz-gyorgy\/"},"modified":"2025-07-16T11:07:44","modified_gmt":"2025-07-16T09:07:44","slug":"racz-gyorgy","status":"publish","type":"product","link":"https:\/\/uj.adatbank.ro\/lexikon\/termek\/racz-gyorgy\/","title":{"rendered":"R\u00c1CZ Gy\u00f6rgy"},"content":{"rendered":"<p>Mez\u0151b\u00e1nd , 1893.,\u00a0\u2020\u00a0?: gazd\u00e1lkod\u00f3, malomtulajdonos. \u2013 Feles\u00e9ge\u00a0: V\u00edzi Roz\u00e1lia. \u2013 Mez\u0151b\u00e1ndon, Aranyosgy\u00e9resen \u00e9s Mv.-en v\u00e9gezte iskol\u00e1it, majd a szab\u00f3iparban szabadult fel. Ipar\u00e1t abbahagyva a g\u00e9plakatos szakm\u00e1t tanulta, majd \u00e9desapj\u00e1t\u00f3l \u00e1tvette a malmot (1919) Mez\u0151cs\u00e1v\u00e1son. Harcon folytatta ipar\u00e1t, ahol nyersolajmotoros malma volt (1923\u2013). Az els\u0151 vh.-ban a 22. gy. e-ben az orosz \u00e9s az olasz fronton harcolt, megsebes\u00fclt \u00e9s fogs\u00e1gba esett, tizedesi rangban szerelt le. <br \/><strong>Irod.:<\/strong> Erd\u00e9lyi v\u00e1rmegy\u00e9k; Pan\u0103; Sz\u00e9kelyf\u00f6ld \u00ed.k.<\/br><\/p>\n","protected":false},"excerpt":{"rendered":"<p>Mez\u0151b\u00e1nd , 1893.,\u00a0\u2020\u00a0?: gazd\u00e1lkod\u00f3, malomtulajdonos. \u2013 Feles\u00e9ge\u00a0: V\u00edzi Roz\u00e1lia. \u2013 Mez\u0151b\u00e1ndon, Aranyosgy\u00e9resen \u00e9s Mv.-en v\u00e9gezte iskol\u00e1it, majd a szab\u00f3iparban szabadult fel. Ipar\u00e1t abbahagyva a g\u00e9plakatos szakm\u00e1t tanulta, majd \u00e9desapj\u00e1t\u00f3l \u00e1tvette a malmot (1919) Mez\u0151cs\u00e1v\u00e1son. Harcon folytatta ipar\u00e1t, ahol nyersolajmotoros malma volt (1923\u2013). Az els\u0151 vh.-ban a 22. gy. e-ben az orosz \u00e9s az olasz fronton [&hellip;]<\/p>\n","protected":false},"featured_media":0,"comment_status":"open","ping_status":"closed","template":"","meta":[],"product_brand":[],"product_cat":[137],"product_tag":[],"class_list":{"0":"post-18842","1":"product","2":"type-product","3":"status-publish","5":"product_cat-maros-megyei-eletrajzi-lexikon","7":"first","8":"instock","9":"shipping-taxable","10":"product-type-simple"},"_links":{"self":[{"href":"https:\/\/uj.adatbank.ro\/lexikon\/wp-json\/wp\/v2\/product\/18842","targetHints":{"allow":["GET"]}}],"collection":[{"href":"https:\/\/uj.adatbank.ro\/lexikon\/wp-json\/wp\/v2\/product"}],"about":[{"href":"https:\/\/uj.adatbank.ro\/lexikon\/wp-json\/wp\/v2\/types\/product"}],"replies":[{"embeddable":true,"href":"https:\/\/uj.adatbank.ro\/lexikon\/wp-json\/wp\/v2\/comments?post=18842"}],"wp:attachment":[{"href":"https:\/\/uj.adatbank.ro\/lexikon\/wp-json\/wp\/v2\/media?parent=18842"}],"wp:term":[{"taxonomy":"product_brand","embeddable":true,"href":"https:\/\/uj.adatbank.ro\/lexikon\/wp-json\/wp\/v2\/product_brand?post=18842"},{"taxonomy":"product_cat","embeddable":true,"href":"https:\/\/uj.adatbank.ro\/lexikon\/wp-json\/wp\/v2\/product_cat?post=18842"},{"taxonomy":"product_tag","embeddable":true,"href":"https:\/\/uj.adatbank.ro\/lexikon\/wp-json\/wp\/v2\/product_tag?post=18842"}],"curies":[{"name":"wp","href":"https:\/\/api.w.org\/{rel}","templated":true}]}}

RÁCZ György

<p>Mezőbánd , 1893., † ?: gazdálkodó, malomtulajdonos. – Felesége : Vízi Rozália. – Mezőbándon, Aranyosgyéresen és Mv.-en végezte iskoláit, majd a szabóiparban szabadult fel. Iparát abbahagyva a géplakatos szakmát tanulta, majd édesapjától átvette a malmot (1919) Mezőcsáváson. Harcon folytatta iparát, ahol nyersolajmotoros malma volt (1923–). Az első vh.-ban a 22. gy. e-ben az orosz és az olasz fronton harcolt, megsebesült és fogságba esett, tizedesi rangban szerelt le. <br /><strong>Irod.:</strong> Erdélyi vármegyék; Pană; Székelyföld í.k.</br></p>

<p>Mezőbánd , 1893., † ?: gazdálkodó, malomtulajdonos. – Felesége : Vízi Rozália. – Mezőbándon, Aranyosgyéresen és Mv.-en végezte iskoláit, majd a szabóiparban szabadult fel. Iparát abbahagyva a géplakatos szakmát tanulta, majd édesapjától átvette a malmot (1919) Mezőcsáváson. Harcon folytatta iparát, ahol nyersolajmotoros malma volt (1923–). Az első vh.-ban a 22. gy. e-ben az orosz és az olasz fronton [&hellip;]</p>
