{"id":18843,"date":"2025-07-16T11:07:47","date_gmt":"2025-07-16T09:07:47","guid":{"rendered":"https:\/\/uj.adatbank.ro\/lexikon\/termek\/racz-gyorgy-2\/"},"modified":"2025-07-16T11:07:47","modified_gmt":"2025-07-16T09:07:47","slug":"racz-gyorgy-2","status":"publish","type":"product","link":"https:\/\/uj.adatbank.ro\/lexikon\/termek\/racz-gyorgy-2\/","title":{"rendered":"R\u00c1CZ Gy\u00f6rgy"},"content":{"rendered":"<p>Ny\u00e1r\u00e1dk\u00f6szv\u00e9nyes, 1912. szept. 9., \u2020\u00a0Gyergy\u00f3szentmikl\u00f3s, 1994. szept. 15.: r. k. pap. \u2013 Mv.-en, Kv.-on \u00e9s Gyulafeh\u00e9rv\u00e1ron tanult \u00e9s papp\u00e1 szentelt\u00e9k (1935. j\u00fal. 7. (v. j\u00fan. 29.?).K\u00e1pl\u00e1n Sz\u00e1rhegyen, Nagyk\u00e1szonban, Gyulafeh\u00e9rv\u00e1ron lev\u00e9lt\u00e1ros, k\u00e1pl\u00e1n S\u00f3smez\u0151n-Ijtozon, Sz\u00e9pv\u00edzen, Borsz\u00e9ken, Gyergy\u00f3szentmikl\u00f3son (1994. szept. 15.), majd f\u0151esperes. <br \/><strong>Irod.:<\/strong> Ferenczi S\u00e1ndor 2009<\/br><\/p>\n","protected":false},"excerpt":{"rendered":"<p>Ny\u00e1r\u00e1dk\u00f6szv\u00e9nyes, 1912. szept. 9., \u2020\u00a0Gyergy\u00f3szentmikl\u00f3s, 1994. szept. 15.: r. k. pap. \u2013 Mv.-en, Kv.-on \u00e9s Gyulafeh\u00e9rv\u00e1ron tanult \u00e9s papp\u00e1 szentelt\u00e9k (1935. j\u00fal. 7. (v. j\u00fan. 29.?).K\u00e1pl\u00e1n Sz\u00e1rhegyen, Nagyk\u00e1szonban, Gyulafeh\u00e9rv\u00e1ron lev\u00e9lt\u00e1ros, k\u00e1pl\u00e1n S\u00f3smez\u0151n-Ijtozon, Sz\u00e9pv\u00edzen, Borsz\u00e9ken, Gyergy\u00f3szentmikl\u00f3son (1994. szept. 15.), majd f\u0151esperes. Irod.: Ferenczi S\u00e1ndor 2009<\/p>\n","protected":false},"featured_media":0,"comment_status":"open","ping_status":"closed","template":"","meta":[],"product_brand":[],"product_cat":[137],"product_tag":[],"class_list":{"0":"post-18843","1":"product","2":"type-product","3":"status-publish","5":"product_cat-maros-megyei-eletrajzi-lexikon","7":"first","8":"instock","9":"shipping-taxable","10":"product-type-simple"},"_links":{"self":[{"href":"https:\/\/uj.adatbank.ro\/lexikon\/wp-json\/wp\/v2\/product\/18843","targetHints":{"allow":["GET"]}}],"collection":[{"href":"https:\/\/uj.adatbank.ro\/lexikon\/wp-json\/wp\/v2\/product"}],"about":[{"href":"https:\/\/uj.adatbank.ro\/lexikon\/wp-json\/wp\/v2\/types\/product"}],"replies":[{"embeddable":true,"href":"https:\/\/uj.adatbank.ro\/lexikon\/wp-json\/wp\/v2\/comments?post=18843"}],"wp:attachment":[{"href":"https:\/\/uj.adatbank.ro\/lexikon\/wp-json\/wp\/v2\/media?parent=18843"}],"wp:term":[{"taxonomy":"product_brand","embeddable":true,"href":"https:\/\/uj.adatbank.ro\/lexikon\/wp-json\/wp\/v2\/product_brand?post=18843"},{"taxonomy":"product_cat","embeddable":true,"href":"https:\/\/uj.adatbank.ro\/lexikon\/wp-json\/wp\/v2\/product_cat?post=18843"},{"taxonomy":"product_tag","embeddable":true,"href":"https:\/\/uj.adatbank.ro\/lexikon\/wp-json\/wp\/v2\/product_tag?post=18843"}],"curies":[{"name":"wp","href":"https:\/\/api.w.org\/{rel}","templated":true}]}}