{"id":18844,"date":"2025-07-16T11:07:51","date_gmt":"2025-07-16T09:07:51","guid":{"rendered":"https:\/\/uj.adatbank.ro\/lexikon\/termek\/racz-gyorgy-gorgenyi\/"},"modified":"2025-07-16T11:07:51","modified_gmt":"2025-07-16T09:07:51","slug":"racz-gyorgy-gorgenyi","status":"publish","type":"product","link":"https:\/\/uj.adatbank.ro\/lexikon\/termek\/racz-gyorgy-gorgenyi\/","title":{"rendered":"R\u00c1CZ Gy\u00f6rgy, g\u00f6rg\u00e9nyi"},"content":{"rendered":"<p>? \u2020\u00a0? : hajd\u00fakapit\u00e1ny. \u2013 Gyulafi L\u00e1szl\u00f3 Bocskai fehedelem helytart\u00f3ja Mv.-en tartott ogy.-t a v\u00e1rtemplomban, innen azonban Kelementelk\u00e9re helyezt\u00e9k \u00e1t mert f\u00e9ltek, hogy hajd\u00faival rajta\u00fct a rendeken (1605). Bolgh\u00e1rfalvi Sebesi Mikl\u00f3s mentes\u00edtette a jobb\u00e1gyi szolg\u00e1lat al\u00f3l, majd Barcsai \u00c1kos neki \u00e9s ut\u00f3dainak c\u00edmeres nemeslevelet adom\u00e1nyozott (1659. febr. 1.). <br \/><strong>Irod.:<\/strong> Id\u0151t\u00e1r; Kelemen Lajos 2006; S\u00e1ndor Imre<\/br><\/p>\n","protected":false},"excerpt":{"rendered":"<p>? \u2020\u00a0? : hajd\u00fakapit\u00e1ny. \u2013 Gyulafi L\u00e1szl\u00f3 Bocskai fehedelem helytart\u00f3ja Mv.-en tartott ogy.-t a v\u00e1rtemplomban, innen azonban Kelementelk\u00e9re helyezt\u00e9k \u00e1t mert f\u00e9ltek, hogy hajd\u00faival rajta\u00fct a rendeken (1605). Bolgh\u00e1rfalvi Sebesi Mikl\u00f3s mentes\u00edtette a jobb\u00e1gyi szolg\u00e1lat al\u00f3l, majd Barcsai \u00c1kos neki \u00e9s ut\u00f3dainak c\u00edmeres nemeslevelet adom\u00e1nyozott (1659. febr. 1.). Irod.: Id\u0151t\u00e1r; Kelemen Lajos 2006; S\u00e1ndor Imre<\/p>\n","protected":false},"featured_media":0,"comment_status":"open","ping_status":"closed","template":"","meta":[],"product_brand":[],"product_cat":[137],"product_tag":[],"class_list":{"0":"post-18844","1":"product","2":"type-product","3":"status-publish","5":"product_cat-maros-megyei-eletrajzi-lexikon","7":"first","8":"instock","9":"shipping-taxable","10":"product-type-simple"},"_links":{"self":[{"href":"https:\/\/uj.adatbank.ro\/lexikon\/wp-json\/wp\/v2\/product\/18844","targetHints":{"allow":["GET"]}}],"collection":[{"href":"https:\/\/uj.adatbank.ro\/lexikon\/wp-json\/wp\/v2\/product"}],"about":[{"href":"https:\/\/uj.adatbank.ro\/lexikon\/wp-json\/wp\/v2\/types\/product"}],"replies":[{"embeddable":true,"href":"https:\/\/uj.adatbank.ro\/lexikon\/wp-json\/wp\/v2\/comments?post=18844"}],"wp:attachment":[{"href":"https:\/\/uj.adatbank.ro\/lexikon\/wp-json\/wp\/v2\/media?parent=18844"}],"wp:term":[{"taxonomy":"product_brand","embeddable":true,"href":"https:\/\/uj.adatbank.ro\/lexikon\/wp-json\/wp\/v2\/product_brand?post=18844"},{"taxonomy":"product_cat","embeddable":true,"href":"https:\/\/uj.adatbank.ro\/lexikon\/wp-json\/wp\/v2\/product_cat?post=18844"},{"taxonomy":"product_tag","embeddable":true,"href":"https:\/\/uj.adatbank.ro\/lexikon\/wp-json\/wp\/v2\/product_tag?post=18844"}],"curies":[{"name":"wp","href":"https:\/\/api.w.org\/{rel}","templated":true}]}}

RÁCZ György, görgényi

<p>? † ? : hajdúkapitány. – Gyulafi László Bocskai fehedelem helytartója Mv.-en tartott ogy.-t a vártemplomban, innen azonban Kelementelkére helyezték át mert féltek, hogy hajdúival rajtaüt a rendeken (1605). Bolghárfalvi Sebesi Miklós mentesítette a jobbágyi szolgálat alól, majd Barcsai Ákos neki és utódainak címeres nemeslevelet adományozott (1659. febr. 1.). <br /><strong>Irod.:</strong> Időtár; Kelemen Lajos 2006; Sándor Imre</br></p>

<p>? † ? : hajdúkapitány. – Gyulafi László Bocskai fehedelem helytartója Mv.-en tartott ogy.-t a vártemplomban, innen azonban Kelementelkére helyezték át mert féltek, hogy hajdúival rajtaüt a rendeken (1605). Bolghárfalvi Sebesi Miklós mentesítette a jobbágyi szolgálat alól, majd Barcsai Ákos neki és utódainak címeres nemeslevelet adományozott (1659. febr. 1.). Irod.: Időtár; Kelemen Lajos 2006; Sándor Imre</p>
