{"id":18845,"date":"2025-07-16T11:07:52","date_gmt":"2025-07-16T09:07:52","guid":{"rendered":"https:\/\/uj.adatbank.ro\/lexikon\/termek\/racz-istvan\/"},"modified":"2025-07-16T11:07:52","modified_gmt":"2025-07-16T09:07:52","slug":"racz-istvan","status":"publish","type":"product","link":"https:\/\/uj.adatbank.ro\/lexikon\/termek\/racz-istvan\/","title":{"rendered":"R\u00c1CZ Istv\u00e1n"},"content":{"rendered":"<p>Brass\u00f3, 1838. dec. 17., \u2020\u00a01914. j\u00fal. 3.: r. k. pap. \u2013 A k\u00f6z\u00e9piskol\u00e1t, Brass\u00f3ban, Cs\u00edksomly\u00f3n, Sz\u00e9kelyudvarhelyen v\u00e9gezte, teol\u00f3giai tanulm\u00e1nyait Gyulafeh\u00e9rv\u00e1ron kezdte \u00e9s B\u00e9csben a P\u00e1zm\u00e1neumban folytatta (1859\u201363). Papp\u00e1 szentelt\u00e9k (1863. ug. 9.). K\u00e1pl\u00e1n volt Gyergy\u00f3szentmikl\u00f3son, Nagy\u00e1gon (\u20131865), Kv.-on (\u20131867). Gimn.-i tan\u00e1r Gyulafeh\u00e9rv\u00e1ron (1867\u2013). Pl\u00e9b\u00e1nos Abrudb\u00e1ny\u00e1n (1872\u2013), Nagy\u00e1gon (1873\u2013) \u00e9s S\u00e1szr\u00e9genben (1890\u20131914). <br \/><strong>Irod.:<\/strong> Ferenczi S\u00e1ndor 2009; Maros-k\u00fck\u00fcll\u0151i f\u0151esp.; Szab\u00f3\u2013Simon\u2013Sz\u00f6gi<\/br><\/p>\n","protected":false},"excerpt":{"rendered":"<p>Brass\u00f3, 1838. dec. 17., \u2020\u00a01914. j\u00fal. 3.: r. k. pap. \u2013 A k\u00f6z\u00e9piskol\u00e1t, Brass\u00f3ban, Cs\u00edksomly\u00f3n, Sz\u00e9kelyudvarhelyen v\u00e9gezte, teol\u00f3giai tanulm\u00e1nyait Gyulafeh\u00e9rv\u00e1ron kezdte \u00e9s B\u00e9csben a P\u00e1zm\u00e1neumban folytatta (1859\u201363). Papp\u00e1 szentelt\u00e9k (1863. ug. 9.). K\u00e1pl\u00e1n volt Gyergy\u00f3szentmikl\u00f3son, Nagy\u00e1gon (\u20131865), Kv.-on (\u20131867). Gimn.-i tan\u00e1r Gyulafeh\u00e9rv\u00e1ron (1867\u2013). Pl\u00e9b\u00e1nos Abrudb\u00e1ny\u00e1n (1872\u2013), Nagy\u00e1gon (1873\u2013) \u00e9s S\u00e1szr\u00e9genben (1890\u20131914). Irod.: Ferenczi S\u00e1ndor 2009; [&hellip;]<\/p>\n","protected":false},"featured_media":0,"comment_status":"open","ping_status":"closed","template":"","meta":[],"product_brand":[],"product_cat":[137],"product_tag":[],"class_list":{"0":"post-18845","1":"product","2":"type-product","3":"status-publish","5":"product_cat-maros-megyei-eletrajzi-lexikon","7":"first","8":"instock","9":"shipping-taxable","10":"product-type-simple"},"_links":{"self":[{"href":"https:\/\/uj.adatbank.ro\/lexikon\/wp-json\/wp\/v2\/product\/18845","targetHints":{"allow":["GET"]}}],"collection":[{"href":"https:\/\/uj.adatbank.ro\/lexikon\/wp-json\/wp\/v2\/product"}],"about":[{"href":"https:\/\/uj.adatbank.ro\/lexikon\/wp-json\/wp\/v2\/types\/product"}],"replies":[{"embeddable":true,"href":"https:\/\/uj.adatbank.ro\/lexikon\/wp-json\/wp\/v2\/comments?post=18845"}],"wp:attachment":[{"href":"https:\/\/uj.adatbank.ro\/lexikon\/wp-json\/wp\/v2\/media?parent=18845"}],"wp:term":[{"taxonomy":"product_brand","embeddable":true,"href":"https:\/\/uj.adatbank.ro\/lexikon\/wp-json\/wp\/v2\/product_brand?post=18845"},{"taxonomy":"product_cat","embeddable":true,"href":"https:\/\/uj.adatbank.ro\/lexikon\/wp-json\/wp\/v2\/product_cat?post=18845"},{"taxonomy":"product_tag","embeddable":true,"href":"https:\/\/uj.adatbank.ro\/lexikon\/wp-json\/wp\/v2\/product_tag?post=18845"}],"curies":[{"name":"wp","href":"https:\/\/api.w.org\/{rel}","templated":true}]}}

RÁCZ István

<p>Brassó, 1838. dec. 17., † 1914. júl. 3.: r. k. pap. – A középiskolát, Brassóban, Csíksomlyón, Székelyudvarhelyen végezte, teológiai tanulmányait Gyulafehérváron kezdte és Bécsben a Pázmáneumban folytatta (1859–63). Pappá szentelték (1863. ug. 9.). Káplán volt Gyergyószentmiklóson, Nagyágon (–1865), Kv.-on (–1867). Gimn.-i tanár Gyulafehérváron (1867–). Plébános Abrudbányán (1872–), Nagyágon (1873–) és Sászrégenben (1890–1914). <br /><strong>Irod.:</strong> Ferenczi Sándor 2009; Maros-küküllői főesp.; Szabó–Simon–Szögi</br></p>

<p>Brassó, 1838. dec. 17., † 1914. júl. 3.: r. k. pap. – A középiskolát, Brassóban, Csíksomlyón, Székelyudvarhelyen végezte, teológiai tanulmányait Gyulafehérváron kezdte és Bécsben a Pázmáneumban folytatta (1859–63). Pappá szentelték (1863. ug. 9.). Káplán volt Gyergyószentmiklóson, Nagyágon (–1865), Kv.-on (–1867). Gimn.-i tanár Gyulafehérváron (1867–). Plébános Abrudbányán (1872–), Nagyágon (1873–) és Sászrégenben (1890–1914). Irod.: Ferenczi Sándor 2009; [&hellip;]</p>
