{"id":18852,"date":"2025-07-16T11:08:06","date_gmt":"2025-07-16T09:08:06","guid":{"rendered":"https:\/\/uj.adatbank.ro\/lexikon\/termek\/racz-jozsef-2\/"},"modified":"2025-07-16T11:08:06","modified_gmt":"2025-07-16T09:08:06","slug":"racz-jozsef-2","status":"publish","type":"product","link":"https:\/\/uj.adatbank.ro\/lexikon\/termek\/racz-jozsef-2\/","title":{"rendered":"R\u00c1CZ J\u00f3zsef"},"content":{"rendered":"<p>? \u2020\u00a0?: tan\u00e1r. \u2013 A mv-i Ref. Koll.- ban tan\u00edtott (1919\u201323) <br \/><strong>Irod.:<\/strong> B\u00edr\u00f3 Vencel: Sz\u00e9khelyi gr. Majl\u00e1th G. K\u00e1roly (Kv., 1940), Mv. t\u00f6rt. 2.<\/br><\/p>\n","protected":false},"excerpt":{"rendered":"<p>? \u2020\u00a0?: tan\u00e1r. \u2013 A mv-i Ref. Koll.- ban tan\u00edtott (1919\u201323) Irod.: B\u00edr\u00f3 Vencel: Sz\u00e9khelyi gr. Majl\u00e1th G. K\u00e1roly (Kv., 1940), Mv. t\u00f6rt. 2.<\/p>\n","protected":false},"featured_media":0,"comment_status":"open","ping_status":"closed","template":"","meta":[],"product_brand":[],"product_cat":[137],"product_tag":[],"class_list":{"0":"post-18852","1":"product","2":"type-product","3":"status-publish","5":"product_cat-maros-megyei-eletrajzi-lexikon","7":"first","8":"instock","9":"shipping-taxable","10":"product-type-simple"},"_links":{"self":[{"href":"https:\/\/uj.adatbank.ro\/lexikon\/wp-json\/wp\/v2\/product\/18852","targetHints":{"allow":["GET"]}}],"collection":[{"href":"https:\/\/uj.adatbank.ro\/lexikon\/wp-json\/wp\/v2\/product"}],"about":[{"href":"https:\/\/uj.adatbank.ro\/lexikon\/wp-json\/wp\/v2\/types\/product"}],"replies":[{"embeddable":true,"href":"https:\/\/uj.adatbank.ro\/lexikon\/wp-json\/wp\/v2\/comments?post=18852"}],"wp:attachment":[{"href":"https:\/\/uj.adatbank.ro\/lexikon\/wp-json\/wp\/v2\/media?parent=18852"}],"wp:term":[{"taxonomy":"product_brand","embeddable":true,"href":"https:\/\/uj.adatbank.ro\/lexikon\/wp-json\/wp\/v2\/product_brand?post=18852"},{"taxonomy":"product_cat","embeddable":true,"href":"https:\/\/uj.adatbank.ro\/lexikon\/wp-json\/wp\/v2\/product_cat?post=18852"},{"taxonomy":"product_tag","embeddable":true,"href":"https:\/\/uj.adatbank.ro\/lexikon\/wp-json\/wp\/v2\/product_tag?post=18852"}],"curies":[{"name":"wp","href":"https:\/\/api.w.org\/{rel}","templated":true}]}}