{"id":18853,"date":"2025-07-16T11:08:09","date_gmt":"2025-07-16T09:08:09","guid":{"rendered":"https:\/\/uj.adatbank.ro\/lexikon\/termek\/racz-jozsef-3\/"},"modified":"2025-07-16T11:08:09","modified_gmt":"2025-07-16T09:08:09","slug":"racz-jozsef-3","status":"publish","type":"product","link":"https:\/\/uj.adatbank.ro\/lexikon\/termek\/racz-jozsef-3\/","title":{"rendered":"R\u00c1CZ J\u00f3zsef"},"content":{"rendered":"<p>Cs\u00edkszentmih\u00e1ly, 1927. m\u00e1rc. 20., \u2020\u00a0Jobb\u00e1gytelke, 1976. okt. 12.: r. k. pap. \u2013 Cs\u00edkszered\u00e1ban, Gyulafeh\u00e9rv\u00e1ron tanult \u00e9s itt papp\u00e1 szentelt\u00e9k (1957. \u00e1pr. 28). Ditr\u00f3ban k\u00e1pl\u00e1n. Cs\u00edknagyboldogasszonyon (1961\u201370) \u00e9s Jobb\u00e1gytelk\u00e9n volt pl\u00e9b\u00e1nos (1970\u201376). A sz\u00e9kelyhodosi templomot jav\u00edtatta (1973) \u00e9s megkezte egy \u00faj pleb\u00e1nia \u00e9p\u00edt\u00e9s\u00e9t, amit Sebesty\u00e9n Domokosnak siker\u00fclt befejeznie a h\u00edvek seg\u00edts\u00e9g\u00e9vel \u00e9s \u00f6ner\u0151b\u0151l (1977). <br \/><strong>Irod.:<\/strong> Eml\u00e9kk\u00f6nyv a jobb\u00e1gytelki iskola \u00e9vfordul\u00f3j\u00e1ra; Ferenczi S\u00e1ndor 2009; Maros-k\u00fck\u00fcll\u0151i f\u0151esp.<\/br><\/p>\n","protected":false},"excerpt":{"rendered":"<p>Cs\u00edkszentmih\u00e1ly, 1927. m\u00e1rc. 20., \u2020\u00a0Jobb\u00e1gytelke, 1976. okt. 12.: r. k. pap. \u2013 Cs\u00edkszered\u00e1ban, Gyulafeh\u00e9rv\u00e1ron tanult \u00e9s itt papp\u00e1 szentelt\u00e9k (1957. \u00e1pr. 28). Ditr\u00f3ban k\u00e1pl\u00e1n. Cs\u00edknagyboldogasszonyon (1961\u201370) \u00e9s Jobb\u00e1gytelk\u00e9n volt pl\u00e9b\u00e1nos (1970\u201376). A sz\u00e9kelyhodosi templomot jav\u00edtatta (1973) \u00e9s megkezte egy \u00faj pleb\u00e1nia \u00e9p\u00edt\u00e9s\u00e9t, amit Sebesty\u00e9n Domokosnak siker\u00fclt befejeznie a h\u00edvek seg\u00edts\u00e9g\u00e9vel \u00e9s \u00f6ner\u0151b\u0151l (1977). Irod.: Eml\u00e9kk\u00f6nyv [&hellip;]<\/p>\n","protected":false},"featured_media":0,"comment_status":"open","ping_status":"closed","template":"","meta":[],"product_brand":[],"product_cat":[137],"product_tag":[],"class_list":{"0":"post-18853","1":"product","2":"type-product","3":"status-publish","5":"product_cat-maros-megyei-eletrajzi-lexikon","7":"first","8":"instock","9":"shipping-taxable","10":"product-type-simple"},"_links":{"self":[{"href":"https:\/\/uj.adatbank.ro\/lexikon\/wp-json\/wp\/v2\/product\/18853","targetHints":{"allow":["GET"]}}],"collection":[{"href":"https:\/\/uj.adatbank.ro\/lexikon\/wp-json\/wp\/v2\/product"}],"about":[{"href":"https:\/\/uj.adatbank.ro\/lexikon\/wp-json\/wp\/v2\/types\/product"}],"replies":[{"embeddable":true,"href":"https:\/\/uj.adatbank.ro\/lexikon\/wp-json\/wp\/v2\/comments?post=18853"}],"wp:attachment":[{"href":"https:\/\/uj.adatbank.ro\/lexikon\/wp-json\/wp\/v2\/media?parent=18853"}],"wp:term":[{"taxonomy":"product_brand","embeddable":true,"href":"https:\/\/uj.adatbank.ro\/lexikon\/wp-json\/wp\/v2\/product_brand?post=18853"},{"taxonomy":"product_cat","embeddable":true,"href":"https:\/\/uj.adatbank.ro\/lexikon\/wp-json\/wp\/v2\/product_cat?post=18853"},{"taxonomy":"product_tag","embeddable":true,"href":"https:\/\/uj.adatbank.ro\/lexikon\/wp-json\/wp\/v2\/product_tag?post=18853"}],"curies":[{"name":"wp","href":"https:\/\/api.w.org\/{rel}","templated":true}]}}

RÁCZ József

<p>Csíkszentmihály, 1927. márc. 20., † Jobbágytelke, 1976. okt. 12.: r. k. pap. – Csíkszeredában, Gyulafehérváron tanult és itt pappá szentelték (1957. ápr. 28). Ditróban káplán. Csíknagyboldogasszonyon (1961–70) és Jobbágytelkén volt plébános (1970–76). A székelyhodosi templomot javítatta (1973) és megkezte egy új plebánia építését, amit Sebestyén Domokosnak sikerült befejeznie a hívek segítségével és önerőből (1977). <br /><strong>Irod.:</strong> Emlékkönyv a jobbágytelki iskola évfordulójára; Ferenczi Sándor 2009; Maros-küküllői főesp.</br></p>

<p>Csíkszentmihály, 1927. márc. 20., † Jobbágytelke, 1976. okt. 12.: r. k. pap. – Csíkszeredában, Gyulafehérváron tanult és itt pappá szentelték (1957. ápr. 28). Ditróban káplán. Csíknagyboldogasszonyon (1961–70) és Jobbágytelkén volt plébános (1970–76). A székelyhodosi templomot javítatta (1973) és megkezte egy új plebánia építését, amit Sebestyén Domokosnak sikerült befejeznie a hívek segítségével és önerőből (1977). Irod.: Emlékkönyv [&hellip;]</p>
