{"id":18854,"date":"2025-07-16T11:08:14","date_gmt":"2025-07-16T09:08:14","guid":{"rendered":"https:\/\/uj.adatbank.ro\/lexikon\/termek\/racz-kotilla-erzsebet-racz-gaborne-kotilla-erzsebet\/"},"modified":"2025-07-16T11:08:14","modified_gmt":"2025-07-16T09:08:14","slug":"racz-kotilla-erzsebet-racz-gaborne-kotilla-erzsebet","status":"publish","type":"product","link":"https:\/\/uj.adatbank.ro\/lexikon\/termek\/racz-kotilla-erzsebet-racz-gaborne-kotilla-erzsebet\/","title":{"rendered":"R\u00c1CZ KOTILLA Erzs\u00e9bet; R\u00c1CZ G\u00e1born\u00e9; Kotilla Erzs\u00e9bet"},"content":{"rendered":"<p>Arad, 1925. j\u00fan. 3., \u2020\u00a0?: gy\u00f3gyszer\u00e9sz. \u2013 A k\u00f6z\u00e9piskol\u00e1t sz\u00fcl\u0151v\u00e1ros\u00e1ban az egyetemet Kv.-on majd Mv.-en v\u00e9gezte \u00e9rdemdoplom\u00e1val (1950). M\u00e1r di\u00e1kkor\u00e1ban gyakornok Mv.-en a drogismeretei tansz\u00e9ken (1949\u2013), ott \u00e9s azut\u00e1n a gy\u00f3gyszer\u00e9szeti tansz\u00e9ken (1960\u2013) tan\u00e1rseg\u00e9d\u00a0; a gy\u00f3gyszer\u00e9szeti tudom\u00e1nyok doktora (1962), adjunktus (1966). Az \u0151 nev\u00e9hez f\u0171z\u0151dok az \u00f6n\u00e1ll\u00f3 gy\u00f3gyszerhat\u00e1stani tansz\u00e9k l\u00e9trehoz\u00e1s, amelyet nyugd\u00edjaz\u00e1s\u00e1ig el\u0151ad\u00f3k\u00e9nt vezetett (1969\u201389). R\u00e9szt vett a gy\u00f3gyn\u00f6v\u00e9nykert l\u00e9tes\u00edt\u00e9s\u00e9ben. Tov\u00e1bbk\u00e9pz\u0151 tanfolyamokon biofarmaci\u00e1t, farmacovigilenci\u00e1t \u00e9s fitoter\u00e1pi\u00e1t tan\u00edtott. Budapesten (1990\u2013), P\u00e9csett (1992\u2013) vend\u00e9gel\u0151ad\u00f3, majd v\u00e9gleg Mo.-on telepedett le (1993). Kutat\u00f3munk\u00e1j\u00e1ban el\u0151bb agy\u00f3gyn\u00f6v\u00e9nyek termeszt\u00e9s\u00e9vel \u00e9s nemes\u00edt\u00e9s\u00e9vel, n\u00f6v\u00e9nysz\u00f6vettani \u00e9s n\u00f6v\u00e9nyk\u00e9miai, majd hat\u00e1stani vizsg\u00e1latokkal foglalkozott. Sz\u00e1mos kis\u00e9rletes m\u00f3dszert dolgozott ki n\u00f6v\u00e9nyek gy\u00f3gyhat\u00e1s\u00e1nak kimutat\u00e1s\u00e1ra. K\u00f6zlem\u00e9nyei megjelentek az\u00a0: Orvosi Szemle-Rev. Med., Farmacis, Note Botanice, Gy\u00f3gyszer\u00e9szet, Planta Medica, Die Pharmazie, Plantes M\u00e9dicales et Phytotherapie-ben, ismeretterjeszt\u0151 \u00edr\u00e1sai a H\u00e9t, Korunk, Dolgoz\u00f3 N\u0151-ben. \u2013 <strong>F. m.:<\/strong> Farmakodin\u00e1mia \u2013 gy\u00f3gyszerhat\u00e1stan. 1\u20133. k. (Mv., 1977\u20131984 rom\u00e1n nyelven is); <strong>t\u00e1rssz.:<\/strong> Farmakogn\u00f3zia 2., \u00e1tdolgozott \u00e9s b\u0151v\u00edtett kiad. 1\u20132. r\u00e9sz ( Mv.,1956, 1957); Farmakogn\u00f3ziai vizsg\u00e1latok (Mv.,1958); Farmacopeea Rom\u00e2n\u0103. 8. kiad\u00e1s (Buc., 1965); Cercet\u0103ri medicale. (Buc., 1968); Korszer\u0171 gy\u00f3gyn\u00f6v\u00e9nyhaszn\u00e1lat. (Kv.,1982, 1985.); Plante medicinale \u00een prezent. (Kv., 1982, 1985); Gy\u00f3gyn\u00f6v\u00e9nyismeret (R\u00e1cz G\u00e1bor-, Laza Aristidevel; Buk., 1984); Gy\u00f3gyn\u00f6v\u00e9nyismeret : A fitoter\u00e1pia alapjai ( Bp.,1992). <br \/><strong>Irod.:<\/strong> RMIL; Todea\u2013F\u00fcl\u00f6p\u2013Avram<\/br><\/p>\n","protected":false},"excerpt":{"rendered":"<p>Arad, 1925. j\u00fan. 3., \u2020\u00a0?: gy\u00f3gyszer\u00e9sz. \u2013 A k\u00f6z\u00e9piskol\u00e1t sz\u00fcl\u0151v\u00e1ros\u00e1ban az egyetemet Kv.-on majd Mv.-en v\u00e9gezte \u00e9rdemdoplom\u00e1val (1950). M\u00e1r di\u00e1kkor\u00e1ban gyakornok Mv.-en a drogismeretei tansz\u00e9ken (1949\u2013), ott \u00e9s azut\u00e1n a gy\u00f3gyszer\u00e9szeti tansz\u00e9ken (1960\u2013) tan\u00e1rseg\u00e9d\u00a0; a gy\u00f3gyszer\u00e9szeti tudom\u00e1nyok doktora (1962), adjunktus (1966). Az \u0151 nev\u00e9hez f\u0171z\u0151dok az \u00f6n\u00e1ll\u00f3 gy\u00f3gyszerhat\u00e1stani tansz\u00e9k l\u00e9trehoz\u00e1s, amelyet nyugd\u00edjaz\u00e1s\u00e1ig el\u0151ad\u00f3k\u00e9nt vezetett (1969\u201389). [&hellip;]<\/p>\n","protected":false},"featured_media":0,"comment_status":"open","ping_status":"closed","template":"","meta":[],"product_brand":[],"product_cat":[137],"product_tag":[],"class_list":{"0":"post-18854","1":"product","2":"type-product","3":"status-publish","5":"product_cat-maros-megyei-eletrajzi-lexikon","7":"first","8":"instock","9":"shipping-taxable","10":"product-type-simple"},"_links":{"self":[{"href":"https:\/\/uj.adatbank.ro\/lexikon\/wp-json\/wp\/v2\/product\/18854","targetHints":{"allow":["GET"]}}],"collection":[{"href":"https:\/\/uj.adatbank.ro\/lexikon\/wp-json\/wp\/v2\/product"}],"about":[{"href":"https:\/\/uj.adatbank.ro\/lexikon\/wp-json\/wp\/v2\/types\/product"}],"replies":[{"embeddable":true,"href":"https:\/\/uj.adatbank.ro\/lexikon\/wp-json\/wp\/v2\/comments?post=18854"}],"wp:attachment":[{"href":"https:\/\/uj.adatbank.ro\/lexikon\/wp-json\/wp\/v2\/media?parent=18854"}],"wp:term":[{"taxonomy":"product_brand","embeddable":true,"href":"https:\/\/uj.adatbank.ro\/lexikon\/wp-json\/wp\/v2\/product_brand?post=18854"},{"taxonomy":"product_cat","embeddable":true,"href":"https:\/\/uj.adatbank.ro\/lexikon\/wp-json\/wp\/v2\/product_cat?post=18854"},{"taxonomy":"product_tag","embeddable":true,"href":"https:\/\/uj.adatbank.ro\/lexikon\/wp-json\/wp\/v2\/product_tag?post=18854"}],"curies":[{"name":"wp","href":"https:\/\/api.w.org\/{rel}","templated":true}]}}

RÁCZ KOTILLA Erzsébet; RÁCZ Gáborné; Kotilla Erzsébet

<p>Arad, 1925. jún. 3., † ?: gyógyszerész. – A középiskolát szülővárosában az egyetemet Kv.-on majd Mv.-en végezte érdemdoplomával (1950). Már diákkorában gyakornok Mv.-en a drogismeretei tanszéken (1949–), ott és azután a gyógyszerészeti tanszéken (1960–) tanársegéd ; a gyógyszerészeti tudományok doktora (1962), adjunktus (1966). Az ő nevéhez fűződok az önálló gyógyszerhatástani tanszék létrehozás, amelyet nyugdíjazásáig előadóként vezetett (1969–89). Részt vett a gyógynövénykert létesítésében. Továbbképző tanfolyamokon biofarmaciát, farmacovigilenciát és fitoterápiát tanított. Budapesten (1990–), Pécsett (1992–) vendégelőadó, majd végleg Mo.-on telepedett le (1993). Kutatómunkájában előbb agyógynövények termesztésével és nemesítésével, növényszövettani és növénykémiai, majd hatástani vizsgálatokkal foglalkozott. Számos kisérletes módszert dolgozott ki növények gyógyhatásának kimutatására. Közleményei megjelentek az : Orvosi Szemle-Rev. Med., Farmacis, Note Botanice, Gyógyszerészet, Planta Medica, Die Pharmazie, Plantes Médicales et Phytotherapie-ben, ismeretterjesztő írásai a Hét, Korunk, Dolgozó Nő-ben. – <strong>F. m.:</strong> Farmakodinámia – gyógyszerhatástan. 1–3. k. (Mv., 1977–1984 román nyelven is); <strong>társsz.:</strong> Farmakognózia 2., átdolgozott és bővített kiad. 1–2. rész ( Mv.,1956, 1957); Farmakognóziai vizsgálatok (Mv.,1958); Farmacopeea Română. 8. kiadás (Buc., 1965); Cercetări medicale. (Buc., 1968); Korszerű gyógynövényhasználat. (Kv.,1982, 1985.); Plante medicinale în prezent. (Kv., 1982, 1985); Gyógynövényismeret (Rácz Gábor-, Laza Aristidevel; Buk., 1984); Gyógynövényismeret : A fitoterápia alapjai ( Bp.,1992). <br /><strong>Irod.:</strong> RMIL; Todea–Fülöp–Avram</br></p>

<p>Arad, 1925. jún. 3., † ?: gyógyszerész. – A középiskolát szülővárosában az egyetemet Kv.-on majd Mv.-en végezte érdemdoplomával (1950). Már diákkorában gyakornok Mv.-en a drogismeretei tanszéken (1949–), ott és azután a gyógyszerészeti tanszéken (1960–) tanársegéd ; a gyógyszerészeti tudományok doktora (1962), adjunktus (1966). Az ő nevéhez fűződok az önálló gyógyszerhatástani tanszék létrehozás, amelyet nyugdíjazásáig előadóként vezetett (1969–89). [&hellip;]</p>
