{"id":18857,"date":"2025-07-16T11:08:23","date_gmt":"2025-07-16T09:08:23","guid":{"rendered":"https:\/\/uj.adatbank.ro\/lexikon\/termek\/racz-laszlo\/"},"modified":"2025-07-16T11:08:23","modified_gmt":"2025-07-16T09:08:23","slug":"racz-laszlo","status":"publish","type":"product","link":"https:\/\/uj.adatbank.ro\/lexikon\/termek\/racz-laszlo\/","title":{"rendered":"R\u00c1CZ L\u00e1szl\u00f3"},"content":{"rendered":"<p>Ny\u00e1r\u00e1dk\u00f6szv\u00e9nyes, 1903., \u2020\u00a01974 : k\u00f6rjegyz\u0151. \u2013 Feles\u00e9ge:Tam\u00e1s Ilona (1907\u20131987).- Tanulm\u00e1nyait Kv.-on, a jegyz\u0151i tanfolyamot Lugoson v\u00e9gezte. A Sz\u00e9kelyf\u00f6ld\u00f6n tev\u00e9kenykedett mint jegyz\u0151, Szenth\u00e1roms\u00e1gra ker\u00fclt (1940), ahol a kultur\u00e1lis \u00e9s hazafias egyes\u00fcletek ir\u00e1ny\u00edt\u00f3ja \u00e9s r\u00e9sztvev\u0151je volt. <br \/><strong>Irod.:<\/strong> Sz\u00e9kelyf\u00f6ld \u00ed.k.<\/br><\/p>\n","protected":false},"excerpt":{"rendered":"<p>Ny\u00e1r\u00e1dk\u00f6szv\u00e9nyes, 1903., \u2020\u00a01974 : k\u00f6rjegyz\u0151. \u2013 Feles\u00e9ge:Tam\u00e1s Ilona (1907\u20131987).- Tanulm\u00e1nyait Kv.-on, a jegyz\u0151i tanfolyamot Lugoson v\u00e9gezte. A Sz\u00e9kelyf\u00f6ld\u00f6n tev\u00e9kenykedett mint jegyz\u0151, Szenth\u00e1roms\u00e1gra ker\u00fclt (1940), ahol a kultur\u00e1lis \u00e9s hazafias egyes\u00fcletek ir\u00e1ny\u00edt\u00f3ja \u00e9s r\u00e9sztvev\u0151je volt. Irod.: Sz\u00e9kelyf\u00f6ld \u00ed.k.<\/p>\n","protected":false},"featured_media":0,"comment_status":"open","ping_status":"closed","template":"","meta":[],"product_brand":[],"product_cat":[137],"product_tag":[],"class_list":{"0":"post-18857","1":"product","2":"type-product","3":"status-publish","5":"product_cat-maros-megyei-eletrajzi-lexikon","7":"first","8":"instock","9":"shipping-taxable","10":"product-type-simple"},"_links":{"self":[{"href":"https:\/\/uj.adatbank.ro\/lexikon\/wp-json\/wp\/v2\/product\/18857","targetHints":{"allow":["GET"]}}],"collection":[{"href":"https:\/\/uj.adatbank.ro\/lexikon\/wp-json\/wp\/v2\/product"}],"about":[{"href":"https:\/\/uj.adatbank.ro\/lexikon\/wp-json\/wp\/v2\/types\/product"}],"replies":[{"embeddable":true,"href":"https:\/\/uj.adatbank.ro\/lexikon\/wp-json\/wp\/v2\/comments?post=18857"}],"wp:attachment":[{"href":"https:\/\/uj.adatbank.ro\/lexikon\/wp-json\/wp\/v2\/media?parent=18857"}],"wp:term":[{"taxonomy":"product_brand","embeddable":true,"href":"https:\/\/uj.adatbank.ro\/lexikon\/wp-json\/wp\/v2\/product_brand?post=18857"},{"taxonomy":"product_cat","embeddable":true,"href":"https:\/\/uj.adatbank.ro\/lexikon\/wp-json\/wp\/v2\/product_cat?post=18857"},{"taxonomy":"product_tag","embeddable":true,"href":"https:\/\/uj.adatbank.ro\/lexikon\/wp-json\/wp\/v2\/product_tag?post=18857"}],"curies":[{"name":"wp","href":"https:\/\/api.w.org\/{rel}","templated":true}]}}