{"id":18858,"date":"2025-07-16T11:08:25","date_gmt":"2025-07-16T09:08:25","guid":{"rendered":"https:\/\/uj.adatbank.ro\/lexikon\/termek\/racz-lukacs-lucas\/"},"modified":"2025-07-16T11:08:25","modified_gmt":"2025-07-16T09:08:25","slug":"racz-lukacs-lucas","status":"publish","type":"product","link":"https:\/\/uj.adatbank.ro\/lexikon\/termek\/racz-lukacs-lucas\/","title":{"rendered":"R\u00c1CZ Luk\u00e1cs, Lucas"},"content":{"rendered":"<p>? \u2020\u00a0?: r. k. pap. \u2013 Fia: Mih\u00e1ly, gelencei rektor. \u2013 P\u00e1sztor volt Magyarf\u00fclp\u00f6s\u00f6n, n\u0151s pap (1619.\u201322 k.). Hal\u00e1la ut\u00e1n ker\u00fclt a katolikus templom a ref.-ok birtok\u00e1ba. <br \/><strong>Irod.:<\/strong> L\u00e9sty\u00e1n \u2013 templomok 1.; Magyarf\u00fclp\u00f6s; \u0150sz<\/br><\/p>\n","protected":false},"excerpt":{"rendered":"<p>? \u2020\u00a0?: r. k. pap. \u2013 Fia: Mih\u00e1ly, gelencei rektor. \u2013 P\u00e1sztor volt Magyarf\u00fclp\u00f6s\u00f6n, n\u0151s pap (1619.\u201322 k.). Hal\u00e1la ut\u00e1n ker\u00fclt a katolikus templom a ref.-ok birtok\u00e1ba. Irod.: L\u00e9sty\u00e1n \u2013 templomok 1.; Magyarf\u00fclp\u00f6s; \u0150sz<\/p>\n","protected":false},"featured_media":0,"comment_status":"open","ping_status":"closed","template":"","meta":[],"product_brand":[],"product_cat":[137],"product_tag":[],"class_list":{"0":"post-18858","1":"product","2":"type-product","3":"status-publish","5":"product_cat-maros-megyei-eletrajzi-lexikon","7":"first","8":"instock","9":"shipping-taxable","10":"product-type-simple"},"_links":{"self":[{"href":"https:\/\/uj.adatbank.ro\/lexikon\/wp-json\/wp\/v2\/product\/18858","targetHints":{"allow":["GET"]}}],"collection":[{"href":"https:\/\/uj.adatbank.ro\/lexikon\/wp-json\/wp\/v2\/product"}],"about":[{"href":"https:\/\/uj.adatbank.ro\/lexikon\/wp-json\/wp\/v2\/types\/product"}],"replies":[{"embeddable":true,"href":"https:\/\/uj.adatbank.ro\/lexikon\/wp-json\/wp\/v2\/comments?post=18858"}],"wp:attachment":[{"href":"https:\/\/uj.adatbank.ro\/lexikon\/wp-json\/wp\/v2\/media?parent=18858"}],"wp:term":[{"taxonomy":"product_brand","embeddable":true,"href":"https:\/\/uj.adatbank.ro\/lexikon\/wp-json\/wp\/v2\/product_brand?post=18858"},{"taxonomy":"product_cat","embeddable":true,"href":"https:\/\/uj.adatbank.ro\/lexikon\/wp-json\/wp\/v2\/product_cat?post=18858"},{"taxonomy":"product_tag","embeddable":true,"href":"https:\/\/uj.adatbank.ro\/lexikon\/wp-json\/wp\/v2\/product_tag?post=18858"}],"curies":[{"name":"wp","href":"https:\/\/api.w.org\/{rel}","templated":true}]}}

RÁCZ Lukács, Lucas

<p>? † ?: r. k. pap. – Fia: Mihály, gelencei rektor. – Pásztor volt Magyarfülpösön, nős pap (1619.–22 k.). Halála után került a katolikus templom a ref.-ok birtokába. <br /><strong>Irod.:</strong> Léstyán – templomok 1.; Magyarfülpös; Ősz</br></p>

<p>? † ?: r. k. pap. – Fia: Mihály, gelencei rektor. – Pásztor volt Magyarfülpösön, nős pap (1619.–22 k.). Halála után került a katolikus templom a ref.-ok birtokába. Irod.: Léstyán – templomok 1.; Magyarfülpös; Ősz</p>
