{"id":1886,"date":"2025-06-28T11:56:35","date_gmt":"2025-06-28T09:56:35","guid":{"rendered":"https:\/\/uj.adatbank.ro\/lexikon\/termek\/bako-janos\/"},"modified":"2025-06-28T11:56:35","modified_gmt":"2025-06-28T09:56:35","slug":"bako-janos","status":"publish","type":"product","link":"https:\/\/uj.adatbank.ro\/lexikon\/termek\/bako-janos\/","title":{"rendered":"BAK\u00d3 J\u00e1nos"},"content":{"rendered":"<p>D\u00e9sakna, 1914, \u2020\u00a0? : igazgat\u00f3-tan\u00edt\u00f3.-Tanulm\u00e1nyait a nagyenyedi Bethlen Koll.-ban v\u00e9gezte. Oklevele elnyer\u00e9se ut\u00e1n tan\u00edtott\u00a0D\u00e9sakn\u00e1n, Magyar\u00f3n, Holtmaroson, ahol a gazdak\u00f6r \u00e9s az ifj\u00fas\u00e1gi egylet eln\u00f6ke is volt. <br \/><strong>Irod.:<\/strong> Sz\u00e9kelyf\u00f6ld \u00ed. k.<\/br><\/p>\n","protected":false},"excerpt":{"rendered":"<p>D\u00e9sakna, 1914, \u2020\u00a0? : igazgat\u00f3-tan\u00edt\u00f3.-Tanulm\u00e1nyait a nagyenyedi Bethlen Koll.-ban v\u00e9gezte. Oklevele elnyer\u00e9se ut\u00e1n tan\u00edtott\u00a0D\u00e9sakn\u00e1n, Magyar\u00f3n, Holtmaroson, ahol a gazdak\u00f6r \u00e9s az ifj\u00fas\u00e1gi egylet eln\u00f6ke is volt. Irod.: Sz\u00e9kelyf\u00f6ld \u00ed. k.<\/p>\n","protected":false},"featured_media":0,"comment_status":"open","ping_status":"closed","template":"","meta":[],"product_brand":[],"product_cat":[137],"product_tag":[],"class_list":{"0":"post-1886","1":"product","2":"type-product","3":"status-publish","5":"product_cat-maros-megyei-eletrajzi-lexikon","7":"first","8":"instock","9":"shipping-taxable","10":"product-type-simple"},"_links":{"self":[{"href":"https:\/\/uj.adatbank.ro\/lexikon\/wp-json\/wp\/v2\/product\/1886","targetHints":{"allow":["GET"]}}],"collection":[{"href":"https:\/\/uj.adatbank.ro\/lexikon\/wp-json\/wp\/v2\/product"}],"about":[{"href":"https:\/\/uj.adatbank.ro\/lexikon\/wp-json\/wp\/v2\/types\/product"}],"replies":[{"embeddable":true,"href":"https:\/\/uj.adatbank.ro\/lexikon\/wp-json\/wp\/v2\/comments?post=1886"}],"wp:attachment":[{"href":"https:\/\/uj.adatbank.ro\/lexikon\/wp-json\/wp\/v2\/media?parent=1886"}],"wp:term":[{"taxonomy":"product_brand","embeddable":true,"href":"https:\/\/uj.adatbank.ro\/lexikon\/wp-json\/wp\/v2\/product_brand?post=1886"},{"taxonomy":"product_cat","embeddable":true,"href":"https:\/\/uj.adatbank.ro\/lexikon\/wp-json\/wp\/v2\/product_cat?post=1886"},{"taxonomy":"product_tag","embeddable":true,"href":"https:\/\/uj.adatbank.ro\/lexikon\/wp-json\/wp\/v2\/product_tag?post=1886"}],"curies":[{"name":"wp","href":"https:\/\/api.w.org\/{rel}","templated":true}]}}