{"id":18861,"date":"2025-07-16T11:08:33","date_gmt":"2025-07-16T09:08:33","guid":{"rendered":"https:\/\/uj.adatbank.ro\/lexikon\/termek\/racz-tibor-%c2%a7\/"},"modified":"2025-07-16T11:08:33","modified_gmt":"2025-07-16T09:08:33","slug":"racz-tibor-%c2%a7","status":"publish","type":"product","link":"https:\/\/uj.adatbank.ro\/lexikon\/termek\/racz-tibor-%c2%a7\/","title":{"rendered":"R\u00c1CZ Tibor, \u00a7"},"content":{"rendered":"<p>Bata,Arad megye, 1934. nov. 15., \u2020 Szov\u00e1ta, 1997. j\u00fal. 23. Mv.-en temett\u00e9k: orvos. \u2013 Apja Ny\u00e1r\u00e1dremete k\u00f6zs\u00e9gben volt jegyz\u0151. \u2013 Feles\u00e9ge: Nov\u00e1k Magda (1941-\u00a0), h\u00e1rom fi\u00fak sz\u00fcletett, \u00f6t unok\u00e1ja (2015-ig). \u2013 Elemi iskol\u00e1it Kisilly\u00e9be kezdte, majd a mv.-i R\u00f3m. Kat. Gimn.-ban folytatta. Az Erd\u00e9szeti szakiskol\u00e1t Sz\u00e9krlyudvarhelyen v\u00e9gezte (1951); tov\u00e1bb tanult a mv.-i Ranghe\u0163 J\u00f3zsef, illetve Bolyai Farkas l\u00edc. -ban (1953\u201354); \u00e1ltal\u00e1nos orvosi szakon v\u00e9gzett az OGYI-n (1961). Boto\u015fani megy\u00e9ben, Un\u0163eni k\u00f6zs\u00e9gben orvos, majd Truse\u015fti k\u00f6zs\u00e9gben vezette a helyi korh\u00e1zat. Szov\u00e1t\u00e1n k\u00f6rorvos (1968\u2013), Sz\u00e1szn\u00e1dason (1969\u201371), \u00fajra Szov\u00e1t\u00e1n dolgozott, mint \u00e1ltal\u00e1nos szakorvos nyugd\u00edjaz\u00e1s\u00e1ig (1972\u20131997. m\u00e1rc.1.). <br \/><strong>Irod.:<\/strong> B\u00e9rczes Judit; Kiss-P.- P; [Nekrol\u00f3g] (N\u00fa., 1997. j\u00fal. 24); Sk\u00f3la<\/br><\/p>\n","protected":false},"excerpt":{"rendered":"<p>Bata,Arad megye, 1934. nov. 15., \u2020 Szov\u00e1ta, 1997. j\u00fal. 23. Mv.-en temett\u00e9k: orvos. \u2013 Apja Ny\u00e1r\u00e1dremete k\u00f6zs\u00e9gben volt jegyz\u0151. \u2013 Feles\u00e9ge: Nov\u00e1k Magda (1941-\u00a0), h\u00e1rom fi\u00fak sz\u00fcletett, \u00f6t unok\u00e1ja (2015-ig). \u2013 Elemi iskol\u00e1it Kisilly\u00e9be kezdte, majd a mv.-i R\u00f3m. Kat. Gimn.-ban folytatta. Az Erd\u00e9szeti szakiskol\u00e1t Sz\u00e9krlyudvarhelyen v\u00e9gezte (1951); tov\u00e1bb tanult a mv.-i Ranghe\u0163 J\u00f3zsef, illetve [&hellip;]<\/p>\n","protected":false},"featured_media":0,"comment_status":"open","ping_status":"closed","template":"","meta":[],"product_brand":[],"product_cat":[137],"product_tag":[],"class_list":{"0":"post-18861","1":"product","2":"type-product","3":"status-publish","5":"product_cat-maros-megyei-eletrajzi-lexikon","7":"first","8":"instock","9":"shipping-taxable","10":"product-type-simple"},"_links":{"self":[{"href":"https:\/\/uj.adatbank.ro\/lexikon\/wp-json\/wp\/v2\/product\/18861","targetHints":{"allow":["GET"]}}],"collection":[{"href":"https:\/\/uj.adatbank.ro\/lexikon\/wp-json\/wp\/v2\/product"}],"about":[{"href":"https:\/\/uj.adatbank.ro\/lexikon\/wp-json\/wp\/v2\/types\/product"}],"replies":[{"embeddable":true,"href":"https:\/\/uj.adatbank.ro\/lexikon\/wp-json\/wp\/v2\/comments?post=18861"}],"wp:attachment":[{"href":"https:\/\/uj.adatbank.ro\/lexikon\/wp-json\/wp\/v2\/media?parent=18861"}],"wp:term":[{"taxonomy":"product_brand","embeddable":true,"href":"https:\/\/uj.adatbank.ro\/lexikon\/wp-json\/wp\/v2\/product_brand?post=18861"},{"taxonomy":"product_cat","embeddable":true,"href":"https:\/\/uj.adatbank.ro\/lexikon\/wp-json\/wp\/v2\/product_cat?post=18861"},{"taxonomy":"product_tag","embeddable":true,"href":"https:\/\/uj.adatbank.ro\/lexikon\/wp-json\/wp\/v2\/product_tag?post=18861"}],"curies":[{"name":"wp","href":"https:\/\/api.w.org\/{rel}","templated":true}]}}

RÁCZ Tibor, §

<p>Bata,Arad megye, 1934. nov. 15., † Szováta, 1997. júl. 23. Mv.-en temették: orvos. – Apja Nyárádremete községben volt jegyző. – Felesége: Novák Magda (1941- ), három fiúk született, öt unokája (2015-ig). – Elemi iskoláit Kisillyébe kezdte, majd a mv.-i Róm. Kat. Gimn.-ban folytatta. Az Erdészeti szakiskolát Székrlyudvarhelyen végezte (1951); tovább tanult a mv.-i Rangheţ József, illetve Bolyai Farkas líc. -ban (1953–54); általános orvosi szakon végzett az OGYI-n (1961). Botoşani megyében, Unţeni községben orvos, majd Truseşti községben vezette a helyi korházat. Szovátán körorvos (1968–), Szásznádason (1969–71), újra Szovátán dolgozott, mint általános szakorvos nyugdíjazásáig (1972–1997. márc.1.). <br /><strong>Irod.:</strong> Bérczes Judit; Kiss-P.- P; [Nekrológ] (Nú., 1997. júl. 24); Skóla</br></p>

<p>Bata,Arad megye, 1934. nov. 15., † Szováta, 1997. júl. 23. Mv.-en temették: orvos. – Apja Nyárádremete községben volt jegyző. – Felesége: Novák Magda (1941- ), három fiúk született, öt unokája (2015-ig). – Elemi iskoláit Kisillyébe kezdte, majd a mv.-i Róm. Kat. Gimn.-ban folytatta. Az Erdészeti szakiskolát Székrlyudvarhelyen végezte (1951); tovább tanult a mv.-i Rangheţ József, illetve [&hellip;]</p>
