{"id":18864,"date":"2025-07-16T11:08:40","date_gmt":"2025-07-16T09:08:40","guid":{"rendered":"https:\/\/uj.adatbank.ro\/lexikon\/termek\/racz-zoltan-ratz\/"},"modified":"2025-07-16T11:08:40","modified_gmt":"2025-07-16T09:08:40","slug":"racz-zoltan-ratz","status":"publish","type":"product","link":"https:\/\/uj.adatbank.ro\/lexikon\/termek\/racz-zoltan-ratz\/","title":{"rendered":"R\u00c1CZ Zolt\u00e1n; R\u00e1tz"},"content":{"rendered":"<p>Sepsiszentgy\u00f6rgy, 1919. okt. 8., \u2020\u00a0?\u00a0: \u00e9p\u00edt\u00e9sz. \u2013 Medgyesen \u00e9retts\u00e9gizett (1939)\u00a0; Bp.-en szerzett a m\u0171szaki \u00e9s gazdas\u00e1gtud. egyetemen (1944) oklevelet. Orosz hadifogs\u00e1g (1945\u201351)\u00a0ut\u00e1n Medgyesen a Sovromgaz alkalmazottja (1951\u201360), majd a v\u00e1rosi n\u00e9ptan\u00e1cs beruh\u00e1z\u00e1si oszt\u00e1ly\u00e1n m\u00e9rn\u00f6k (1960\u201365). Mv.- en a Vegyipari Kombin\u00e1t kivitelez\u0151m\u00e9rn\u00f6ke (1965\u201369)\u00a0; Mv.-en a Megyei N\u00e9ptan\u00e1cs beruh\u00e1z\u00e1si oszt. munkat\u00e1rsa (1969\u201379). Turisztikai \u00f6sv\u00e9nyeket l\u00e1tott el \u00fatjelz\u00e9ssel (Kelemen havasok, G\u00f6rg\u00e9nyi havasok, Hargita, Gyergy\u00f3i havasok). Mv.-en a helyi lapok \u2013 V\u00f6r\u00f6s Z\u00e1szl\u00f3, Steaua Ro\u015fie- turisztikai rovat\u00e1nak k\u00fcls\u0151 munkat\u00e1rsa (1967\u201389). \u2013 <strong>F. m.:<\/strong> Jude\u0163ul Mure\u015f- Maros megye (Mv., 1972); Mun\u0163ii Giurgeului (Buc., 1974, 1976); Gyergy\u00f3i havasok (Buk., 1974, 1976); Mun\u0163ii Harghita (Buk., 1986). \u2013 Irod. : KKACs<\/br><\/p>\n","protected":false},"excerpt":{"rendered":"<p>Sepsiszentgy\u00f6rgy, 1919. okt. 8., \u2020\u00a0?\u00a0: \u00e9p\u00edt\u00e9sz. \u2013 Medgyesen \u00e9retts\u00e9gizett (1939)\u00a0; Bp.-en szerzett a m\u0171szaki \u00e9s gazdas\u00e1gtud. egyetemen (1944) oklevelet. Orosz hadifogs\u00e1g (1945\u201351)\u00a0ut\u00e1n Medgyesen a Sovromgaz alkalmazottja (1951\u201360), majd a v\u00e1rosi n\u00e9ptan\u00e1cs beruh\u00e1z\u00e1si oszt\u00e1ly\u00e1n m\u00e9rn\u00f6k (1960\u201365). Mv.- en a Vegyipari Kombin\u00e1t kivitelez\u0151m\u00e9rn\u00f6ke (1965\u201369)\u00a0; Mv.-en a Megyei N\u00e9ptan\u00e1cs beruh\u00e1z\u00e1si oszt. munkat\u00e1rsa (1969\u201379). Turisztikai \u00f6sv\u00e9nyeket l\u00e1tott el \u00fatjelz\u00e9ssel [&hellip;]<\/p>\n","protected":false},"featured_media":0,"comment_status":"open","ping_status":"closed","template":"","meta":[],"product_brand":[],"product_cat":[137],"product_tag":[],"class_list":{"0":"post-18864","1":"product","2":"type-product","3":"status-publish","5":"product_cat-maros-megyei-eletrajzi-lexikon","7":"first","8":"instock","9":"shipping-taxable","10":"product-type-simple"},"_links":{"self":[{"href":"https:\/\/uj.adatbank.ro\/lexikon\/wp-json\/wp\/v2\/product\/18864","targetHints":{"allow":["GET"]}}],"collection":[{"href":"https:\/\/uj.adatbank.ro\/lexikon\/wp-json\/wp\/v2\/product"}],"about":[{"href":"https:\/\/uj.adatbank.ro\/lexikon\/wp-json\/wp\/v2\/types\/product"}],"replies":[{"embeddable":true,"href":"https:\/\/uj.adatbank.ro\/lexikon\/wp-json\/wp\/v2\/comments?post=18864"}],"wp:attachment":[{"href":"https:\/\/uj.adatbank.ro\/lexikon\/wp-json\/wp\/v2\/media?parent=18864"}],"wp:term":[{"taxonomy":"product_brand","embeddable":true,"href":"https:\/\/uj.adatbank.ro\/lexikon\/wp-json\/wp\/v2\/product_brand?post=18864"},{"taxonomy":"product_cat","embeddable":true,"href":"https:\/\/uj.adatbank.ro\/lexikon\/wp-json\/wp\/v2\/product_cat?post=18864"},{"taxonomy":"product_tag","embeddable":true,"href":"https:\/\/uj.adatbank.ro\/lexikon\/wp-json\/wp\/v2\/product_tag?post=18864"}],"curies":[{"name":"wp","href":"https:\/\/api.w.org\/{rel}","templated":true}]}}

RÁCZ Zoltán; Rátz

<p>Sepsiszentgyörgy, 1919. okt. 8., † ? : építész. – Medgyesen érettségizett (1939) ; Bp.-en szerzett a műszaki és gazdaságtud. egyetemen (1944) oklevelet. Orosz hadifogság (1945–51) után Medgyesen a Sovromgaz alkalmazottja (1951–60), majd a városi néptanács beruházási osztályán mérnök (1960–65). Mv.- en a Vegyipari Kombinát kivitelezőmérnöke (1965–69) ; Mv.-en a Megyei Néptanács beruházási oszt. munkatársa (1969–79). Turisztikai ösvényeket látott el útjelzéssel (Kelemen havasok, Görgényi havasok, Hargita, Gyergyói havasok). Mv.-en a helyi lapok – Vörös Zászló, Steaua Roşie- turisztikai rovatának külső munkatársa (1967–89). – <strong>F. m.:</strong> Judeţul Mureş- Maros megye (Mv., 1972); Munţii Giurgeului (Buc., 1974, 1976); Gyergyói havasok (Buk., 1974, 1976); Munţii Harghita (Buk., 1986). – Irod. : KKACs</br></p>

<p>Sepsiszentgyörgy, 1919. okt. 8., † ? : építész. – Medgyesen érettségizett (1939) ; Bp.-en szerzett a műszaki és gazdaságtud. egyetemen (1944) oklevelet. Orosz hadifogság (1945–51) után Medgyesen a Sovromgaz alkalmazottja (1951–60), majd a városi néptanács beruházási osztályán mérnök (1960–65). Mv.- en a Vegyipari Kombinát kivitelezőmérnöke (1965–69) ; Mv.-en a Megyei Néptanács beruházási oszt. munkatársa (1969–79). Turisztikai ösvényeket látott el útjelzéssel [&hellip;]</p>
