{"id":18865,"date":"2025-07-16T11:08:42","date_gmt":"2025-07-16T09:08:42","guid":{"rendered":"https:\/\/uj.adatbank.ro\/lexikon\/termek\/raczkovi-gaspar-rackovi-gaspar\/"},"modified":"2025-07-16T11:08:42","modified_gmt":"2025-07-16T09:08:42","slug":"raczkovi-gaspar-rackovi-gaspar","status":"publish","type":"product","link":"https:\/\/uj.adatbank.ro\/lexikon\/termek\/raczkovi-gaspar-rackovi-gaspar\/","title":{"rendered":"R\u00c1CZK\u00d6VI G\u00e1sp\u00e1r; R\u00e1ck\u00f6vi G\u00e1sp\u00e1r"},"content":{"rendered":"<p>? \u2020\u00a0?: unit. pap. \u2013 A k\u00fck\u00fcll\u0151sz\u00e9plaki unit. egyh\u00e1zk\u00f6zs\u00e9g els\u0151 papja (1595). <br \/><strong>Irod.:<\/strong> B\u00f6l\u00f6ni Domokos: K\u00fck\u00fcll\u0151sz\u00e9plak sz\u00e9p napja (N\u00fa., 1999. j\u00fan. 8.); Kelemen Imre; K\u00e9nosi-Uzoni 1.,2.<\/br><\/p>\n","protected":false},"excerpt":{"rendered":"<p>? \u2020\u00a0?: unit. pap. \u2013 A k\u00fck\u00fcll\u0151sz\u00e9plaki unit. egyh\u00e1zk\u00f6zs\u00e9g els\u0151 papja (1595). Irod.: B\u00f6l\u00f6ni Domokos: K\u00fck\u00fcll\u0151sz\u00e9plak sz\u00e9p napja (N\u00fa., 1999. j\u00fan. 8.); Kelemen Imre; K\u00e9nosi-Uzoni 1.,2.<\/p>\n","protected":false},"featured_media":0,"comment_status":"open","ping_status":"closed","template":"","meta":[],"product_brand":[],"product_cat":[137],"product_tag":[],"class_list":{"0":"post-18865","1":"product","2":"type-product","3":"status-publish","5":"product_cat-maros-megyei-eletrajzi-lexikon","7":"first","8":"instock","9":"shipping-taxable","10":"product-type-simple"},"_links":{"self":[{"href":"https:\/\/uj.adatbank.ro\/lexikon\/wp-json\/wp\/v2\/product\/18865","targetHints":{"allow":["GET"]}}],"collection":[{"href":"https:\/\/uj.adatbank.ro\/lexikon\/wp-json\/wp\/v2\/product"}],"about":[{"href":"https:\/\/uj.adatbank.ro\/lexikon\/wp-json\/wp\/v2\/types\/product"}],"replies":[{"embeddable":true,"href":"https:\/\/uj.adatbank.ro\/lexikon\/wp-json\/wp\/v2\/comments?post=18865"}],"wp:attachment":[{"href":"https:\/\/uj.adatbank.ro\/lexikon\/wp-json\/wp\/v2\/media?parent=18865"}],"wp:term":[{"taxonomy":"product_brand","embeddable":true,"href":"https:\/\/uj.adatbank.ro\/lexikon\/wp-json\/wp\/v2\/product_brand?post=18865"},{"taxonomy":"product_cat","embeddable":true,"href":"https:\/\/uj.adatbank.ro\/lexikon\/wp-json\/wp\/v2\/product_cat?post=18865"},{"taxonomy":"product_tag","embeddable":true,"href":"https:\/\/uj.adatbank.ro\/lexikon\/wp-json\/wp\/v2\/product_tag?post=18865"}],"curies":[{"name":"wp","href":"https:\/\/api.w.org\/{rel}","templated":true}]}}