{"id":18866,"date":"2025-07-16T11:08:44","date_gmt":"2025-07-16T09:08:44","guid":{"rendered":"https:\/\/uj.adatbank.ro\/lexikon\/termek\/rad-gyula\/"},"modified":"2025-07-16T11:08:44","modified_gmt":"2025-07-16T09:08:44","slug":"rad-gyula","status":"publish","type":"product","link":"https:\/\/uj.adatbank.ro\/lexikon\/termek\/rad-gyula\/","title":{"rendered":"R\u00c1D Gyula"},"content":{"rendered":"<p>Abaf\u00e1ja,1895.,\u2020\u00a0?: gazd\u00e1lkod\u00f3. \u2013 Gazd\u00e1lkod\u00e1st a sz\u00fcleit\u0151l tanult, majd \u00f6n\u00e1ll\u00f3 lett Abaf\u00e1j\u00e1n. Az els\u0151 vh.-ban a 62. gy. e.-ben az olasz fronton harcolt, megsebes\u00fclt, fogs\u00e1gba esett, hza ker\u00fclt (1919). K\u00e9tszer a bronz vit. \u00e9rem \u00e9s a K\u00e1roly Csapatkereszt el t\u00fcntett\u00e9k ki. Tekint\u00e9lyes polg\u00e1ra k\u00f6zs\u00e9g\u00e9nek, a Gazdak\u00f6r aleln\u00f6ke, a ref. egyh\u00e1z gondnoka volt. <br \/><strong>Irod.:<\/strong> Sz\u00e9kelyf\u00f6ld \u00ed.k.<\/br><\/p>\n","protected":false},"excerpt":{"rendered":"<p>Abaf\u00e1ja,1895.,\u2020\u00a0?: gazd\u00e1lkod\u00f3. \u2013 Gazd\u00e1lkod\u00e1st a sz\u00fcleit\u0151l tanult, majd \u00f6n\u00e1ll\u00f3 lett Abaf\u00e1j\u00e1n. Az els\u0151 vh.-ban a 62. gy. e.-ben az olasz fronton harcolt, megsebes\u00fclt, fogs\u00e1gba esett, hza ker\u00fclt (1919). K\u00e9tszer a bronz vit. \u00e9rem \u00e9s a K\u00e1roly Csapatkereszt el t\u00fcntett\u00e9k ki. Tekint\u00e9lyes polg\u00e1ra k\u00f6zs\u00e9g\u00e9nek, a Gazdak\u00f6r aleln\u00f6ke, a ref. egyh\u00e1z gondnoka volt. Irod.: Sz\u00e9kelyf\u00f6ld \u00ed.k.<\/p>\n","protected":false},"featured_media":0,"comment_status":"open","ping_status":"closed","template":"","meta":[],"product_brand":[],"product_cat":[137],"product_tag":[],"class_list":{"0":"post-18866","1":"product","2":"type-product","3":"status-publish","5":"product_cat-maros-megyei-eletrajzi-lexikon","7":"first","8":"instock","9":"shipping-taxable","10":"product-type-simple"},"_links":{"self":[{"href":"https:\/\/uj.adatbank.ro\/lexikon\/wp-json\/wp\/v2\/product\/18866","targetHints":{"allow":["GET"]}}],"collection":[{"href":"https:\/\/uj.adatbank.ro\/lexikon\/wp-json\/wp\/v2\/product"}],"about":[{"href":"https:\/\/uj.adatbank.ro\/lexikon\/wp-json\/wp\/v2\/types\/product"}],"replies":[{"embeddable":true,"href":"https:\/\/uj.adatbank.ro\/lexikon\/wp-json\/wp\/v2\/comments?post=18866"}],"wp:attachment":[{"href":"https:\/\/uj.adatbank.ro\/lexikon\/wp-json\/wp\/v2\/media?parent=18866"}],"wp:term":[{"taxonomy":"product_brand","embeddable":true,"href":"https:\/\/uj.adatbank.ro\/lexikon\/wp-json\/wp\/v2\/product_brand?post=18866"},{"taxonomy":"product_cat","embeddable":true,"href":"https:\/\/uj.adatbank.ro\/lexikon\/wp-json\/wp\/v2\/product_cat?post=18866"},{"taxonomy":"product_tag","embeddable":true,"href":"https:\/\/uj.adatbank.ro\/lexikon\/wp-json\/wp\/v2\/product_tag?post=18866"}],"curies":[{"name":"wp","href":"https:\/\/api.w.org\/{rel}","templated":true}]}}