{"id":18868,"date":"2025-07-16T11:08:48","date_gmt":"2025-07-16T09:08:48","guid":{"rendered":"https:\/\/uj.adatbank.ro\/lexikon\/termek\/rad-peter\/"},"modified":"2025-07-16T11:08:48","modified_gmt":"2025-07-16T09:08:48","slug":"rad-peter","status":"publish","type":"product","link":"https:\/\/uj.adatbank.ro\/lexikon\/termek\/rad-peter\/","title":{"rendered":"R\u00c1D P\u00e9ter"},"content":{"rendered":"<p>Erd\u0151szengyel, 1890.,\u00a0\u2020\u00a0? : gazd\u00e1lkod\u00f3. \u2013 Iskol\u00e1i elv\u00e9gz\u00e9se ut\u00e1n \u00f6n\u00e1ll\u00f3 gazda Erd\u0151szengyelen (1920\u2013) \u00e9s haszon\u00e1llat teny\u00e9szt\u00e9ssel is foglalkozott. Az els\u0151 vh.-ban a 23. vad\u00e9sz z.-aljban a szerb fronton harcolt, megsebes\u00fclt, majd az orosz frontra ker\u00fclt, ahol fogs\u00e1gba esett (1915), megsz\u00f6k\u00f6tt (1917), mint szakaszvezet\u0151 szerelt le. A hazafias \u00e9s kultur\u00e1lis egyes\u00fcletek t\u00e1mogat\u00f3ja volt. <br \/><strong>Irod.:<\/strong> Sz\u00e9kelyf\u00f6ld \u00ed.k.<\/br><\/p>\n","protected":false},"excerpt":{"rendered":"<p>Erd\u0151szengyel, 1890.,\u00a0\u2020\u00a0? : gazd\u00e1lkod\u00f3. \u2013 Iskol\u00e1i elv\u00e9gz\u00e9se ut\u00e1n \u00f6n\u00e1ll\u00f3 gazda Erd\u0151szengyelen (1920\u2013) \u00e9s haszon\u00e1llat teny\u00e9szt\u00e9ssel is foglalkozott. Az els\u0151 vh.-ban a 23. vad\u00e9sz z.-aljban a szerb fronton harcolt, megsebes\u00fclt, majd az orosz frontra ker\u00fclt, ahol fogs\u00e1gba esett (1915), megsz\u00f6k\u00f6tt (1917), mint szakaszvezet\u0151 szerelt le. A hazafias \u00e9s kultur\u00e1lis egyes\u00fcletek t\u00e1mogat\u00f3ja volt. Irod.: Sz\u00e9kelyf\u00f6ld \u00ed.k.<\/p>\n","protected":false},"featured_media":0,"comment_status":"open","ping_status":"closed","template":"","meta":[],"product_brand":[],"product_cat":[137],"product_tag":[],"class_list":{"0":"post-18868","1":"product","2":"type-product","3":"status-publish","5":"product_cat-maros-megyei-eletrajzi-lexikon","7":"first","8":"instock","9":"shipping-taxable","10":"product-type-simple"},"_links":{"self":[{"href":"https:\/\/uj.adatbank.ro\/lexikon\/wp-json\/wp\/v2\/product\/18868","targetHints":{"allow":["GET"]}}],"collection":[{"href":"https:\/\/uj.adatbank.ro\/lexikon\/wp-json\/wp\/v2\/product"}],"about":[{"href":"https:\/\/uj.adatbank.ro\/lexikon\/wp-json\/wp\/v2\/types\/product"}],"replies":[{"embeddable":true,"href":"https:\/\/uj.adatbank.ro\/lexikon\/wp-json\/wp\/v2\/comments?post=18868"}],"wp:attachment":[{"href":"https:\/\/uj.adatbank.ro\/lexikon\/wp-json\/wp\/v2\/media?parent=18868"}],"wp:term":[{"taxonomy":"product_brand","embeddable":true,"href":"https:\/\/uj.adatbank.ro\/lexikon\/wp-json\/wp\/v2\/product_brand?post=18868"},{"taxonomy":"product_cat","embeddable":true,"href":"https:\/\/uj.adatbank.ro\/lexikon\/wp-json\/wp\/v2\/product_cat?post=18868"},{"taxonomy":"product_tag","embeddable":true,"href":"https:\/\/uj.adatbank.ro\/lexikon\/wp-json\/wp\/v2\/product_tag?post=18868"}],"curies":[{"name":"wp","href":"https:\/\/api.w.org\/{rel}","templated":true}]}}

RÁD Péter

<p>Erdőszengyel, 1890., † ? : gazdálkodó. – Iskolái elvégzése után önálló gazda Erdőszengyelen (1920–) és haszonállat tenyésztéssel is foglalkozott. Az első vh.-ban a 23. vadész z.-aljban a szerb fronton harcolt, megsebesült, majd az orosz frontra került, ahol fogságba esett (1915), megszökött (1917), mint szakaszvezető szerelt le. A hazafias és kulturális egyesületek támogatója volt. <br /><strong>Irod.:</strong> Székelyföld í.k.</br></p>

<p>Erdőszengyel, 1890., † ? : gazdálkodó. – Iskolái elvégzése után önálló gazda Erdőszengyelen (1920–) és haszonállat tenyésztéssel is foglalkozott. Az első vh.-ban a 23. vadész z.-aljban a szerb fronton harcolt, megsebesült, majd az orosz frontra került, ahol fogságba esett (1915), megszökött (1917), mint szakaszvezető szerelt le. A hazafias és kulturális egyesületek támogatója volt. Irod.: Székelyföld í.k.</p>
