{"id":18871,"date":"2025-07-16T11:08:54","date_gmt":"2025-07-16T09:08:54","guid":{"rendered":"https:\/\/uj.adatbank.ro\/lexikon\/termek\/radak-csalad\/"},"modified":"2025-07-16T11:08:54","modified_gmt":"2025-07-16T09:08:54","slug":"radak-csalad","status":"publish","type":"product","link":"https:\/\/uj.adatbank.ro\/lexikon\/termek\/radak-csalad\/","title":{"rendered":"RAD\u00c1K csal\u00e1d"},"content":{"rendered":"<p>Magyarorsz\u00e1gb\u00f3l a XVI. sz\u00e1zad folyam\u00e1n Erd\u00e9lybe k\u00f6lt\u00f6z\u00f6tt csal\u00e1d, melyb\u00f5l RADAAK BAL\u00c1ZS, MIH\u00c1LY, ISTV\u00c1N \u00e9s TAM\u00c1S testv\u00e9rek 1514-ben Bud\u00e1n kelt oklev\u00e9llel II. Ul\u00e1szl\u00f3 kir\u00e1lyt\u00f3l c\u00edmert nyertek; ez oklev\u00e9l kiemeli a csal\u00e1dnak m\u00e1r ekkor is nemesi \u00e1llapot\u00e1t \u00e9s harci \u00e9rdemeit. A csal\u00e1d \u2013 Rad\u00e1k Istv\u00e1n Bethlen G\u00e1bor adom\u00e1nya k\u00f6vetkezt\u00e9ben 1626-ban iktattatott be a k\u00fck\u00fcll\u00f5megyei Magyar-B\u00e9nyre \u00e9s fels\u00f5-feh\u00e9rmegyei Magyarozd birtok\u00e1ba. \u2013 A csal\u00e1d ev. ref. Rangemel\u00e9s: RAD\u00c1K ISTV\u00c1N \u00e9s testv\u00e9re L\u00d5RINCZ, valamint ennek neje, B\u00e1nffy M\u00e1ria, 1744. nov. 13. (B\u00e9cs) b\u00e1r\u00f3i rangot nyertek. <br \/><strong>Irod.:<\/strong> MNZS<\/br><\/p>\n","protected":false},"excerpt":{"rendered":"<p>Magyarorsz\u00e1gb\u00f3l a XVI. sz\u00e1zad folyam\u00e1n Erd\u00e9lybe k\u00f6lt\u00f6z\u00f6tt csal\u00e1d, melyb\u00f5l RADAAK BAL\u00c1ZS, MIH\u00c1LY, ISTV\u00c1N \u00e9s TAM\u00c1S testv\u00e9rek 1514-ben Bud\u00e1n kelt oklev\u00e9llel II. Ul\u00e1szl\u00f3 kir\u00e1lyt\u00f3l c\u00edmert nyertek; ez oklev\u00e9l kiemeli a csal\u00e1dnak m\u00e1r ekkor is nemesi \u00e1llapot\u00e1t \u00e9s harci \u00e9rdemeit. A csal\u00e1d \u2013 Rad\u00e1k Istv\u00e1n Bethlen G\u00e1bor adom\u00e1nya k\u00f6vetkezt\u00e9ben 1626-ban iktattatott be a k\u00fck\u00fcll\u00f5megyei Magyar-B\u00e9nyre \u00e9s fels\u00f5-feh\u00e9rmegyei [&hellip;]<\/p>\n","protected":false},"featured_media":0,"comment_status":"open","ping_status":"closed","template":"","meta":[],"product_brand":[],"product_cat":[137],"product_tag":[],"class_list":{"0":"post-18871","1":"product","2":"type-product","3":"status-publish","5":"product_cat-maros-megyei-eletrajzi-lexikon","7":"first","8":"instock","9":"shipping-taxable","10":"product-type-simple"},"_links":{"self":[{"href":"https:\/\/uj.adatbank.ro\/lexikon\/wp-json\/wp\/v2\/product\/18871","targetHints":{"allow":["GET"]}}],"collection":[{"href":"https:\/\/uj.adatbank.ro\/lexikon\/wp-json\/wp\/v2\/product"}],"about":[{"href":"https:\/\/uj.adatbank.ro\/lexikon\/wp-json\/wp\/v2\/types\/product"}],"replies":[{"embeddable":true,"href":"https:\/\/uj.adatbank.ro\/lexikon\/wp-json\/wp\/v2\/comments?post=18871"}],"wp:attachment":[{"href":"https:\/\/uj.adatbank.ro\/lexikon\/wp-json\/wp\/v2\/media?parent=18871"}],"wp:term":[{"taxonomy":"product_brand","embeddable":true,"href":"https:\/\/uj.adatbank.ro\/lexikon\/wp-json\/wp\/v2\/product_brand?post=18871"},{"taxonomy":"product_cat","embeddable":true,"href":"https:\/\/uj.adatbank.ro\/lexikon\/wp-json\/wp\/v2\/product_cat?post=18871"},{"taxonomy":"product_tag","embeddable":true,"href":"https:\/\/uj.adatbank.ro\/lexikon\/wp-json\/wp\/v2\/product_tag?post=18871"}],"curies":[{"name":"wp","href":"https:\/\/api.w.org\/{rel}","templated":true}]}}

RADÁK család

<p>Magyarországból a XVI. század folyamán Erdélybe költözött család, melybõl RADAAK BALÁZS, MIHÁLY, ISTVÁN és TAMÁS testvérek 1514-ben Budán kelt oklevéllel II. Ulászló királytól címert nyertek; ez oklevél kiemeli a családnak már ekkor is nemesi állapotát és harci érdemeit. A család – Radák István Bethlen Gábor adománya következtében 1626-ban iktattatott be a küküllõmegyei Magyar-Bényre és felsõ-fehérmegyei Magyarozd birtokába. – A család ev. ref. Rangemelés: RADÁK ISTVÁN és testvére LÕRINCZ, valamint ennek neje, Bánffy Mária, 1744. nov. 13. (Bécs) bárói rangot nyertek. <br /><strong>Irod.:</strong> MNZS</br></p>

<p>Magyarországból a XVI. század folyamán Erdélybe költözött család, melybõl RADAAK BALÁZS, MIHÁLY, ISTVÁN és TAMÁS testvérek 1514-ben Budán kelt oklevéllel II. Ulászló királytól címert nyertek; ez oklevél kiemeli a családnak már ekkor is nemesi állapotát és harci érdemeit. A család – Radák István Bethlen Gábor adománya következtében 1626-ban iktattatott be a küküllõmegyei Magyar-Bényre és felsõ-fehérmegyei [&hellip;]</p>
