{"id":18872,"date":"2025-07-16T11:08:55","date_gmt":"2025-07-16T09:08:55","guid":{"rendered":"https:\/\/uj.adatbank.ro\/lexikon\/termek\/radak-adam-br\/"},"modified":"2025-07-16T11:08:55","modified_gmt":"2025-07-16T09:08:55","slug":"radak-adam-br","status":"publish","type":"product","link":"https:\/\/uj.adatbank.ro\/lexikon\/termek\/radak-adam-br\/","title":{"rendered":"RAD\u00c1K \u00c1d\u00e1m, br."},"content":{"rendered":"<p>Mv.,\u00a0? \u2020\u00a0?: marossz\u00e9ki k\u00f6vet. \u2013 R. Istv\u00e1n \u00e9s Tordai Zsuzsanna fia. Feles\u00e9ge: gr. \u00f3zdi Pekry Erzs\u00e9bet Ther\u00e9zi\u00e1t (1732), aki r\u00e9v\u00e9n az \u00f3zdi birtok \u00fajra a R. csal\u00e1d birtok\u00e1ba ker\u00fclt. A birtok visszaker\u00fclt R. \u00c1d\u00e1m \u00e9s Pekri Polix\u00e9nia h\u00e1zass\u00e1g\u00e1val a Rad\u00e1k csal\u00e1dhoz (1732).Fi\u00fak R. Istv\u00e1n. \u2013 \u00dajj\u00e1\u00e9p\u00edtette az \u00f3zdi kast\u00e9lyt. 1000 frtot adott a ref. koll.-nak (1770), feles\u00e9ge ugyancsak 20 v\u00e9ka b\u00faz\u00e1t k\u00fcld\u00f6tt \u00d3zdr\u00f3l (1750\u201370). A II. J\u00f3zsef cs\u00e1sz\u00e1rhoz k\u00fcldend\u0151 marossz\u00e9ki k\u00f6vetek k\u00f6z\u00f6tt szerepelt a t\u00f6rv\u00e9nytelen rendeletek visszavon\u00e1s\u00e1t k\u00f6vetelve (1785. febr. 17). Feles\u00e9g\u00e9nek aj\u00e1nd\u00e9ka Magyar\u00f3zd templom\u00e1nak harangja. <br \/><strong>Irod.:<\/strong> \u00c1rva Bethlen K.; Fekete; Keresztes Gyula: \u00d6r\u00f6ks\u00e9g\u00fcnk 43.: A magyar\u00f3zdi kast\u00e9ly (N\u00fa., 1993. szept. 10.); Kr\u00f3n. F\u00fcz. (1939. 4\/9); L\u00e9sty\u00e1n \u2013 templomok; Lokodi Imre: Kast\u00e9lyvizit (N\u00fa., 1999. m\u00e1rc. 19.); \u00daj ogy-i almanach (Bp., 1888)<\/br><\/p>\n","protected":false},"excerpt":{"rendered":"<p>Mv.,\u00a0? \u2020\u00a0?: marossz\u00e9ki k\u00f6vet. \u2013 R. Istv\u00e1n \u00e9s Tordai Zsuzsanna fia. Feles\u00e9ge: gr. \u00f3zdi Pekry Erzs\u00e9bet Ther\u00e9zi\u00e1t (1732), aki r\u00e9v\u00e9n az \u00f3zdi birtok \u00fajra a R. csal\u00e1d birtok\u00e1ba ker\u00fclt. A birtok visszaker\u00fclt R. \u00c1d\u00e1m \u00e9s Pekri Polix\u00e9nia h\u00e1zass\u00e1g\u00e1val a Rad\u00e1k csal\u00e1dhoz (1732).Fi\u00fak R. Istv\u00e1n. \u2013 \u00dajj\u00e1\u00e9p\u00edtette az \u00f3zdi kast\u00e9lyt. 1000 frtot adott a ref. koll.-nak [&hellip;]<\/p>\n","protected":false},"featured_media":0,"comment_status":"open","ping_status":"closed","template":"","meta":[],"product_brand":[],"product_cat":[137],"product_tag":[],"class_list":{"0":"post-18872","1":"product","2":"type-product","3":"status-publish","5":"product_cat-maros-megyei-eletrajzi-lexikon","7":"first","8":"instock","9":"shipping-taxable","10":"product-type-simple"},"_links":{"self":[{"href":"https:\/\/uj.adatbank.ro\/lexikon\/wp-json\/wp\/v2\/product\/18872","targetHints":{"allow":["GET"]}}],"collection":[{"href":"https:\/\/uj.adatbank.ro\/lexikon\/wp-json\/wp\/v2\/product"}],"about":[{"href":"https:\/\/uj.adatbank.ro\/lexikon\/wp-json\/wp\/v2\/types\/product"}],"replies":[{"embeddable":true,"href":"https:\/\/uj.adatbank.ro\/lexikon\/wp-json\/wp\/v2\/comments?post=18872"}],"wp:attachment":[{"href":"https:\/\/uj.adatbank.ro\/lexikon\/wp-json\/wp\/v2\/media?parent=18872"}],"wp:term":[{"taxonomy":"product_brand","embeddable":true,"href":"https:\/\/uj.adatbank.ro\/lexikon\/wp-json\/wp\/v2\/product_brand?post=18872"},{"taxonomy":"product_cat","embeddable":true,"href":"https:\/\/uj.adatbank.ro\/lexikon\/wp-json\/wp\/v2\/product_cat?post=18872"},{"taxonomy":"product_tag","embeddable":true,"href":"https:\/\/uj.adatbank.ro\/lexikon\/wp-json\/wp\/v2\/product_tag?post=18872"}],"curies":[{"name":"wp","href":"https:\/\/api.w.org\/{rel}","templated":true}]}}

RADÁK Ádám, br.

<p>Mv., ? † ?: marosszéki követ. – R. István és Tordai Zsuzsanna fia. Felesége: gr. ózdi Pekry Erzsébet Theréziát (1732), aki révén az ózdi birtok újra a R. család birtokába került. A birtok visszakerült R. Ádám és Pekri Polixénia házasságával a Radák családhoz (1732).Fiúk R. István. – Újjáépítette az ózdi kastélyt. 1000 frtot adott a ref. koll.-nak (1770), felesége ugyancsak 20 véka búzát küldött Ózdról (1750–70). A II. József császárhoz küldendő marosszéki követek között szerepelt a törvénytelen rendeletek visszavonását követelve (1785. febr. 17). Feleségének ajándéka Magyarózd templomának harangja. <br /><strong>Irod.:</strong> Árva Bethlen K.; Fekete; Keresztes Gyula: Örökségünk 43.: A magyarózdi kastély (Nú., 1993. szept. 10.); Krón. Füz. (1939. 4/9); Léstyán – templomok; Lokodi Imre: Kastélyvizit (Nú., 1999. márc. 19.); Új ogy-i almanach (Bp., 1888)</br></p>

<p>Mv., ? † ?: marosszéki követ. – R. István és Tordai Zsuzsanna fia. Felesége: gr. ózdi Pekry Erzsébet Theréziát (1732), aki révén az ózdi birtok újra a R. család birtokába került. A birtok visszakerült R. Ádám és Pekri Polixénia házasságával a Radák családhoz (1732).Fiúk R. István. – Újjáépítette az ózdi kastélyt. 1000 frtot adott a ref. koll.-nak [&hellip;]</p>
