{"id":18873,"date":"2025-07-16T11:08:59","date_gmt":"2025-07-16T09:08:59","guid":{"rendered":"https:\/\/uj.adatbank.ro\/lexikon\/termek\/radak-adam-br-2\/"},"modified":"2025-07-16T11:08:59","modified_gmt":"2025-07-16T09:08:59","slug":"radak-adam-br-2","status":"publish","type":"product","link":"https:\/\/uj.adatbank.ro\/lexikon\/termek\/radak-adam-br-2\/","title":{"rendered":"RAD\u00c1K \u00c1d\u00e1m, br."},"content":{"rendered":"<p>1753? \u2020\u00a01803. m\u00e1rc.\u00a024.: R. Istv\u00e1n \u00e9s Torockai Kata fia. Feles\u00e9ge: gyer\u0151monostori Kem\u00e9ny Drusi\u00e1na\/ Druzsi\u00e1nna. Esk\u00fcv\u0151 1781. Le\u00e1nyuk R. Polixenia (1785. m\u00e1j. 21.- 1803. szept. 11.), fiaik: Istv\u00e1n, feles\u00e9ge gr. Rh\u00e9dey Kl\u00e1ra, \u00e9s \u00c1d\u00e1m, aki katonai p\u00e1ly\u00e1t v\u00e1lasztott. \u2013 Nagyenyeden a Ref. Koll.-ban tanult \u00e9s G\u00f6ttingenben folytatta tanulm\u00e1nyait. P\u00e1rtolta a tudom\u00e1nyokat. Bolyai Farkasnak felaj\u00e1nlotta, hogy k\u00f6lts\u00e9g\u00e9n tanulhat k\u00fclf\u00f6ld\u00f6n. <br \/><strong>Irod.:<\/strong> Farkas No\u00e9mi T\u00fcnde: Capulet-sors\u00fa erd\u00e9lyi l\u00e1ny a 18\u201319. sz\u00e1zad fordul\u00f3j\u00e1n (Korunk, 2. sz., 2011); Halotti besz\u00e9dek; Lev\u00e9lt\u00e1ri gy\u00e1szj.<\/br><\/p>\n","protected":false},"excerpt":{"rendered":"<p>1753? \u2020\u00a01803. m\u00e1rc.\u00a024.: R. Istv\u00e1n \u00e9s Torockai Kata fia. Feles\u00e9ge: gyer\u0151monostori Kem\u00e9ny Drusi\u00e1na\/ Druzsi\u00e1nna. Esk\u00fcv\u0151 1781. Le\u00e1nyuk R. Polixenia (1785. m\u00e1j. 21.- 1803. szept. 11.), fiaik: Istv\u00e1n, feles\u00e9ge gr. Rh\u00e9dey Kl\u00e1ra, \u00e9s \u00c1d\u00e1m, aki katonai p\u00e1ly\u00e1t v\u00e1lasztott. \u2013 Nagyenyeden a Ref. Koll.-ban tanult \u00e9s G\u00f6ttingenben folytatta tanulm\u00e1nyait. P\u00e1rtolta a tudom\u00e1nyokat. Bolyai Farkasnak felaj\u00e1nlotta, hogy k\u00f6lts\u00e9g\u00e9n [&hellip;]<\/p>\n","protected":false},"featured_media":0,"comment_status":"open","ping_status":"closed","template":"","meta":[],"product_brand":[],"product_cat":[137],"product_tag":[],"class_list":{"0":"post-18873","1":"product","2":"type-product","3":"status-publish","5":"product_cat-maros-megyei-eletrajzi-lexikon","7":"first","8":"instock","9":"shipping-taxable","10":"product-type-simple"},"_links":{"self":[{"href":"https:\/\/uj.adatbank.ro\/lexikon\/wp-json\/wp\/v2\/product\/18873","targetHints":{"allow":["GET"]}}],"collection":[{"href":"https:\/\/uj.adatbank.ro\/lexikon\/wp-json\/wp\/v2\/product"}],"about":[{"href":"https:\/\/uj.adatbank.ro\/lexikon\/wp-json\/wp\/v2\/types\/product"}],"replies":[{"embeddable":true,"href":"https:\/\/uj.adatbank.ro\/lexikon\/wp-json\/wp\/v2\/comments?post=18873"}],"wp:attachment":[{"href":"https:\/\/uj.adatbank.ro\/lexikon\/wp-json\/wp\/v2\/media?parent=18873"}],"wp:term":[{"taxonomy":"product_brand","embeddable":true,"href":"https:\/\/uj.adatbank.ro\/lexikon\/wp-json\/wp\/v2\/product_brand?post=18873"},{"taxonomy":"product_cat","embeddable":true,"href":"https:\/\/uj.adatbank.ro\/lexikon\/wp-json\/wp\/v2\/product_cat?post=18873"},{"taxonomy":"product_tag","embeddable":true,"href":"https:\/\/uj.adatbank.ro\/lexikon\/wp-json\/wp\/v2\/product_tag?post=18873"}],"curies":[{"name":"wp","href":"https:\/\/api.w.org\/{rel}","templated":true}]}}

RADÁK Ádám, br.

<p>1753? † 1803. márc. 24.: R. István és Torockai Kata fia. Felesége: gyerőmonostori Kemény Drusiána/ Druzsiánna. Esküvő 1781. Leányuk R. Polixenia (1785. máj. 21.- 1803. szept. 11.), fiaik: István, felesége gr. Rhédey Klára, és Ádám, aki katonai pályát választott. – Nagyenyeden a Ref. Koll.-ban tanult és Göttingenben folytatta tanulmányait. Pártolta a tudományokat. Bolyai Farkasnak felajánlotta, hogy költségén tanulhat külföldön. <br /><strong>Irod.:</strong> Farkas Noémi Tünde: Capulet-sorsú erdélyi lány a 18–19. század fordulóján (Korunk, 2. sz., 2011); Halotti beszédek; Levéltári gyászj.</br></p>

<p>1753? † 1803. márc. 24.: R. István és Torockai Kata fia. Felesége: gyerőmonostori Kemény Drusiána/ Druzsiánna. Esküvő 1781. Leányuk R. Polixenia (1785. máj. 21.- 1803. szept. 11.), fiaik: István, felesége gr. Rhédey Klára, és Ádám, aki katonai pályát választott. – Nagyenyeden a Ref. Koll.-ban tanult és Göttingenben folytatta tanulmányait. Pártolta a tudományokat. Bolyai Farkasnak felajánlotta, hogy költségén [&hellip;]</p>
