{"id":18874,"date":"2025-07-16T11:09:01","date_gmt":"2025-07-16T09:09:01","guid":{"rendered":"https:\/\/uj.adatbank.ro\/lexikon\/termek\/radak-adam-magyarbenyei-br\/"},"modified":"2025-07-16T11:09:01","modified_gmt":"2025-07-16T09:09:01","slug":"radak-adam-magyarbenyei-br","status":"publish","type":"product","link":"https:\/\/uj.adatbank.ro\/lexikon\/termek\/radak-adam-magyarbenyei-br\/","title":{"rendered":"RAD\u00c1K \u00c1d\u00e1m, magyarb\u00e9nyei br."},"content":{"rendered":"<p>Mv., 1837. szept. 3., \u2020\u00a0Mikesz\u00e1sza, 1897. \u00e1pr. 2. v. 5: a Johannita-rend lovagja, a m. f\u00f5rendih\u00e1z \u00f6r\u00f6k\u00f6s tagja. \u2013 R. Istv\u00e1n f\u00f6ldbirtokos \u00e9s gr. kisr\u00e9dei Rh\u00e9dey Kl\u00e1ra fia. Feles\u00e9ge gr. L\u00e1z\u00e1r Olga (1843. aug. 31.- Bp., 1902. j\u00fan. 2.), gr. L\u00e1z\u00e1r M\u00f3ricz \u00e9s Barcsay Polyxena le\u00e1nya, a Mv.-i J\u00f3t\u00e9kony N\u0151egylet eln\u00f6ke. Esk\u00fcv\u00f5: Meggyesfalva, (1864. jan. 20).- A gimn\u00e1zium elv\u00e9gz\u00e9se ut\u00e1n beiratkozott a b\u00e9csi M\u0171egyetem M\u00e9rn\u00f6ki Kar\u00e1ra (18 56\u201358). Birtokai: Magyarb\u00e9nye, Mikesz\u00e1sza (K\u00fck\u00fcll\u00f5m.), Magyar\u00f3zd, S\u00fclye (Fels\u00f5-Feh\u00e9rm.), Tasn\u00e1d-Sz\u00e1nt\u00f3, Szil\u00e1gy\u00fajfalu (K\u00fcls\u00f5-Szolnokm.), Csudabala (B\u00e9k\u00e9sm.). Lak\u00e1s: Magyar\u00f3zd, a kast\u00e9lyt a kuruc vez\u00e9r Pekri L\u0151rinc \u00e9p\u00edtette. \u00d3zdon 41 hold sz\u0151l\u0151st is m\u0171veltetett. A csal\u00e1d utols\u00f3 tagja. A f\u0151rendi H\u00e1z \u00f6r\u00f6k\u00f6s tagja (1884\u2013), a Johannita-rend tiszteleti lovagja (1869\u201397), a Porosz Szent J\u00e1nos Rend m. vit\u00e9zeinek rangid\u0151se (1895\u201397). <br \/><strong>Irod.:<\/strong> Cs\u00e1vossy; Gudenus; M. Johannita csal\u00e1dt\u00f6rt.; MNZS; Pesty 2014; Nagy Bod\u00f3 Tibor: A tat\u00e1rj\u00e1r\u00e1s el\u0151tti falu renesz\u00e1nsz kast\u00e9lya \u00e9s k\u00f6z\u00e9pkori temploma (K\u00f6zpont, 2016. m\u00e1j. 5\u201311.); Orb\u00e1n J\u00e1nos \u2013 Oniga; Szab\u00f3\u2013Simon\u2013Sz\u00f6gi<\/br><\/p>\n","protected":false},"excerpt":{"rendered":"<p>Mv., 1837. szept. 3., \u2020\u00a0Mikesz\u00e1sza, 1897. \u00e1pr. 2. v. 5: a Johannita-rend lovagja, a m. f\u00f5rendih\u00e1z \u00f6r\u00f6k\u00f6s tagja. \u2013 R. Istv\u00e1n f\u00f6ldbirtokos \u00e9s gr. kisr\u00e9dei Rh\u00e9dey Kl\u00e1ra fia. Feles\u00e9ge gr. L\u00e1z\u00e1r Olga (1843. aug. 31.- Bp., 1902. j\u00fan. 2.), gr. L\u00e1z\u00e1r M\u00f3ricz \u00e9s Barcsay Polyxena le\u00e1nya, a Mv.-i J\u00f3t\u00e9kony N\u0151egylet eln\u00f6ke. Esk\u00fcv\u00f5: Meggyesfalva, (1864. jan. [&hellip;]<\/p>\n","protected":false},"featured_media":0,"comment_status":"open","ping_status":"closed","template":"","meta":[],"product_brand":[],"product_cat":[137],"product_tag":[],"class_list":{"0":"post-18874","1":"product","2":"type-product","3":"status-publish","5":"product_cat-maros-megyei-eletrajzi-lexikon","7":"first","8":"instock","9":"shipping-taxable","10":"product-type-simple"},"_links":{"self":[{"href":"https:\/\/uj.adatbank.ro\/lexikon\/wp-json\/wp\/v2\/product\/18874","targetHints":{"allow":["GET"]}}],"collection":[{"href":"https:\/\/uj.adatbank.ro\/lexikon\/wp-json\/wp\/v2\/product"}],"about":[{"href":"https:\/\/uj.adatbank.ro\/lexikon\/wp-json\/wp\/v2\/types\/product"}],"replies":[{"embeddable":true,"href":"https:\/\/uj.adatbank.ro\/lexikon\/wp-json\/wp\/v2\/comments?post=18874"}],"wp:attachment":[{"href":"https:\/\/uj.adatbank.ro\/lexikon\/wp-json\/wp\/v2\/media?parent=18874"}],"wp:term":[{"taxonomy":"product_brand","embeddable":true,"href":"https:\/\/uj.adatbank.ro\/lexikon\/wp-json\/wp\/v2\/product_brand?post=18874"},{"taxonomy":"product_cat","embeddable":true,"href":"https:\/\/uj.adatbank.ro\/lexikon\/wp-json\/wp\/v2\/product_cat?post=18874"},{"taxonomy":"product_tag","embeddable":true,"href":"https:\/\/uj.adatbank.ro\/lexikon\/wp-json\/wp\/v2\/product_tag?post=18874"}],"curies":[{"name":"wp","href":"https:\/\/api.w.org\/{rel}","templated":true}]}}

RADÁK Ádám, magyarbényei br.

<p>Mv., 1837. szept. 3., † Mikeszásza, 1897. ápr. 2. v. 5: a Johannita-rend lovagja, a m. fõrendiház örökös tagja. – R. István földbirtokos és gr. kisrédei Rhédey Klára fia. Felesége gr. Lázár Olga (1843. aug. 31.- Bp., 1902. jún. 2.), gr. Lázár Móricz és Barcsay Polyxena leánya, a Mv.-i Jótékony Nőegylet elnöke. Esküvõ: Meggyesfalva, (1864. jan. 20).- A gimnázium elvégzése után beiratkozott a bécsi Műegyetem Mérnöki Karára (18 56–58). Birtokai: Magyarbénye, Mikeszásza (Küküllõm.), Magyarózd, Sülye (Felsõ-Fehérm.), Tasnád-Szántó, Szilágyújfalu (Külsõ-Szolnokm.), Csudabala (Békésm.). Lakás: Magyarózd, a kastélyt a kuruc vezér Pekri Lőrinc építette. Ózdon 41 hold szőlőst is műveltetett. A család utolsó tagja. A főrendi Ház örökös tagja (1884–), a Johannita-rend tiszteleti lovagja (1869–97), a Porosz Szent János Rend m. vitézeinek rangidőse (1895–97). <br /><strong>Irod.:</strong> Csávossy; Gudenus; M. Johannita családtört.; MNZS; Pesty 2014; Nagy Bodó Tibor: A tatárjárás előtti falu reneszánsz kastélya és középkori temploma (Központ, 2016. máj. 5–11.); Orbán János – Oniga; Szabó–Simon–Szögi</br></p>

<p>Mv., 1837. szept. 3., † Mikeszásza, 1897. ápr. 2. v. 5: a Johannita-rend lovagja, a m. fõrendiház örökös tagja. – R. István földbirtokos és gr. kisrédei Rhédey Klára fia. Felesége gr. Lázár Olga (1843. aug. 31.- Bp., 1902. jún. 2.), gr. Lázár Móricz és Barcsay Polyxena leánya, a Mv.-i Jótékony Nőegylet elnöke. Esküvõ: Meggyesfalva, (1864. jan. [&hellip;]</p>
