{"id":18878,"date":"2025-07-16T11:09:12","date_gmt":"2025-07-16T09:09:12","guid":{"rendered":"https:\/\/uj.adatbank.ro\/lexikon\/termek\/radak-istvan-magyarbenyei-br\/"},"modified":"2025-07-16T11:09:12","modified_gmt":"2025-07-16T09:09:12","slug":"radak-istvan-magyarbenyei-br","status":"publish","type":"product","link":"https:\/\/uj.adatbank.ro\/lexikon\/termek\/radak-istvan-magyarbenyei-br\/","title":{"rendered":"RAD\u00c1K Istv\u00e1n, magyarb\u00e9nyei br."},"content":{"rendered":"<p>? \u2020\u00a0? : nemes, f\u00f6ldbirtokos.- R. Istv\u00e1n \u00e9s Tordai Zsuzsanna fia. Testv\u00e9re L\u00f5rinc, ennek feles\u00e9ge, B\u00e1nffy M\u00e1ria. Mind a h\u00e1rman b\u00e1r\u00f3i rangot nyertek (B\u00e9cs, 1744. nov. 13.). Apjuk, R. Istv\u00e1n Bethlen G\u00e1bort\u00f3l adom\u00e1nyba kapta a k\u00fck\u00fcll\u00f5megyei Magyar-B\u00e9nye \u00e9s fels\u00f5-feh\u00e9rmegyei Magyar\u00f3zd birtok\u00e1t (1626). V\u00e1rkast\u00e9lyt \u00e9p\u00edtett \u00d3zdon, amit elz\u00e1logos\u00edtott Pekri L\u0151rincnek (1697). A R\u00e1k\u00f3czi szabads\u00e1gharc alatt a cs\u00e1sz\u00e1ri csapatok megostromolt\u00e1k, elfoglalt\u00e1k, lerombolt\u00e1k a v\u00e1rkast\u00e9lyt (1709). A birtok visszaker\u00fclt R. \u00c1d\u00e1m\u00e9s Pekri Polix\u00e9nia h\u00e1zass\u00e1g\u00e1val a Rad\u00e1k csal\u00e1dhoz (1732). <br \/><strong>Irod.:<\/strong> Fekete; MNZS; Nagy Bod\u00f3 Tibor: A tat\u00e1rj\u00e1r\u00e1s el\u0151tti falu renesz\u00e1nsz kast\u00e9lya \u00e9s k\u00f6z\u00e9pkori temploma (K\u00f6zpont, 2016. m\u00e1j. 5\u201311.)<\/br><\/p>\n","protected":false},"excerpt":{"rendered":"<p>? \u2020\u00a0? : nemes, f\u00f6ldbirtokos.- R. Istv\u00e1n \u00e9s Tordai Zsuzsanna fia. Testv\u00e9re L\u00f5rinc, ennek feles\u00e9ge, B\u00e1nffy M\u00e1ria. Mind a h\u00e1rman b\u00e1r\u00f3i rangot nyertek (B\u00e9cs, 1744. nov. 13.). Apjuk, R. Istv\u00e1n Bethlen G\u00e1bort\u00f3l adom\u00e1nyba kapta a k\u00fck\u00fcll\u00f5megyei Magyar-B\u00e9nye \u00e9s fels\u00f5-feh\u00e9rmegyei Magyar\u00f3zd birtok\u00e1t (1626). V\u00e1rkast\u00e9lyt \u00e9p\u00edtett \u00d3zdon, amit elz\u00e1logos\u00edtott Pekri L\u0151rincnek (1697). A R\u00e1k\u00f3czi szabads\u00e1gharc alatt a [&hellip;]<\/p>\n","protected":false},"featured_media":0,"comment_status":"open","ping_status":"closed","template":"","meta":[],"product_brand":[],"product_cat":[137],"product_tag":[],"class_list":{"0":"post-18878","1":"product","2":"type-product","3":"status-publish","5":"product_cat-maros-megyei-eletrajzi-lexikon","7":"first","8":"instock","9":"shipping-taxable","10":"product-type-simple"},"_links":{"self":[{"href":"https:\/\/uj.adatbank.ro\/lexikon\/wp-json\/wp\/v2\/product\/18878","targetHints":{"allow":["GET"]}}],"collection":[{"href":"https:\/\/uj.adatbank.ro\/lexikon\/wp-json\/wp\/v2\/product"}],"about":[{"href":"https:\/\/uj.adatbank.ro\/lexikon\/wp-json\/wp\/v2\/types\/product"}],"replies":[{"embeddable":true,"href":"https:\/\/uj.adatbank.ro\/lexikon\/wp-json\/wp\/v2\/comments?post=18878"}],"wp:attachment":[{"href":"https:\/\/uj.adatbank.ro\/lexikon\/wp-json\/wp\/v2\/media?parent=18878"}],"wp:term":[{"taxonomy":"product_brand","embeddable":true,"href":"https:\/\/uj.adatbank.ro\/lexikon\/wp-json\/wp\/v2\/product_brand?post=18878"},{"taxonomy":"product_cat","embeddable":true,"href":"https:\/\/uj.adatbank.ro\/lexikon\/wp-json\/wp\/v2\/product_cat?post=18878"},{"taxonomy":"product_tag","embeddable":true,"href":"https:\/\/uj.adatbank.ro\/lexikon\/wp-json\/wp\/v2\/product_tag?post=18878"}],"curies":[{"name":"wp","href":"https:\/\/api.w.org\/{rel}","templated":true}]}}

RADÁK István, magyarbényei br.

<p>? † ? : nemes, földbirtokos.- R. István és Tordai Zsuzsanna fia. Testvére Lõrinc, ennek felesége, Bánffy Mária. Mind a hárman bárói rangot nyertek (Bécs, 1744. nov. 13.). Apjuk, R. István Bethlen Gábortól adományba kapta a küküllõmegyei Magyar-Bénye és felsõ-fehérmegyei Magyarózd birtokát (1626). Várkastélyt épített Ózdon, amit elzálogosított Pekri Lőrincnek (1697). A Rákóczi szabadságharc alatt a császári csapatok megostromolták, elfoglalták, lerombolták a várkastélyt (1709). A birtok visszakerült R. Ádámés Pekri Polixénia házasságával a Radák családhoz (1732). <br /><strong>Irod.:</strong> Fekete; MNZS; Nagy Bodó Tibor: A tatárjárás előtti falu reneszánsz kastélya és középkori temploma (Központ, 2016. máj. 5–11.)</br></p>

<p>? † ? : nemes, földbirtokos.- R. István és Tordai Zsuzsanna fia. Testvére Lõrinc, ennek felesége, Bánffy Mária. Mind a hárman bárói rangot nyertek (Bécs, 1744. nov. 13.). Apjuk, R. István Bethlen Gábortól adományba kapta a küküllõmegyei Magyar-Bénye és felsõ-fehérmegyei Magyarózd birtokát (1626). Várkastélyt épített Ózdon, amit elzálogosított Pekri Lőrincnek (1697). A Rákóczi szabadságharc alatt a [&hellip;]</p>
