{"id":18888,"date":"2025-07-16T11:09:37","date_gmt":"2025-07-16T09:09:37","guid":{"rendered":"https:\/\/uj.adatbank.ro\/lexikon\/termek\/radnot\/"},"modified":"2025-07-16T11:09:37","modified_gmt":"2025-07-16T09:09:37","slug":"radnot","status":"publish","type":"product","link":"https:\/\/uj.adatbank.ro\/lexikon\/termek\/radnot\/","title":{"rendered":"RADN\u00d3T"},"content":{"rendered":"<p>? \u2020\u00a01322 k.: birtokos. \u2013 A h\u00edres K\u00f6k\u00e9nyes-Radn\u00f3t nemzets\u00e9gnek kimagasl\u00f3 tagja, fiatal \u00e9veiben az utols\u00f3 \u00c1rp\u00e1d-h\u00e1zi kir\u00e1lyok idej\u00e9n N\u00f3gr\u00e1d megy\u00e9ben lakott, de 1310-ben m\u00e1r Erd\u00e9lyben \u00e9lt. Birtokosa volt a nagy tekei uradalomnak, melyhez Nagyida, Sz\u00e1szp\u00e9ntek, L\u00fadv\u00e9g, Sz\u00e1szerked, Banyica, Sz\u00e1szakna, Koml\u00f3d, Nyulas, Kozmatelke, Kamar\u00e1s \u00e9s Szombattelke tartozott. K\u00e1roly R\u00f3bert kir\u00e1ly hatalmas vagyon\u00e1t hal\u00e1la ut\u00e1n egyik s\u00f3gor\u00e1nak K\u00e1csics Simon sz\u00e9kely isp\u00e1nnak adta (1322). Val\u00f3sz\u00edn\u0171 hogy a g\u00f6rg\u00e9nyi v\u00e1r v\u00e1rnagya v. m\u00e1s tisztvisel\u0151je volt, s a Marost\u00f3l a Gyergy\u00f3i hegyekig ny\u00fal\u00f3 nagy v\u00e1rbirtok nyugati sz\u00e9l\u00e9n \u0151 telep\u00edtette Radn\u00f3tf\u00e1j\u00e1t mely \u00edgy az \u0151 nev\u00e9t \u0151rzi. <br \/><strong>Irod.:<\/strong> Kelemen Lajos 2009<\/br><\/p>\n","protected":false},"excerpt":{"rendered":"<p>? \u2020\u00a01322 k.: birtokos. \u2013 A h\u00edres K\u00f6k\u00e9nyes-Radn\u00f3t nemzets\u00e9gnek kimagasl\u00f3 tagja, fiatal \u00e9veiben az utols\u00f3 \u00c1rp\u00e1d-h\u00e1zi kir\u00e1lyok idej\u00e9n N\u00f3gr\u00e1d megy\u00e9ben lakott, de 1310-ben m\u00e1r Erd\u00e9lyben \u00e9lt. Birtokosa volt a nagy tekei uradalomnak, melyhez Nagyida, Sz\u00e1szp\u00e9ntek, L\u00fadv\u00e9g, Sz\u00e1szerked, Banyica, Sz\u00e1szakna, Koml\u00f3d, Nyulas, Kozmatelke, Kamar\u00e1s \u00e9s Szombattelke tartozott. K\u00e1roly R\u00f3bert kir\u00e1ly hatalmas vagyon\u00e1t hal\u00e1la ut\u00e1n egyik s\u00f3gor\u00e1nak [&hellip;]<\/p>\n","protected":false},"featured_media":0,"comment_status":"open","ping_status":"closed","template":"","meta":[],"product_brand":[],"product_cat":[137],"product_tag":[],"class_list":{"0":"post-18888","1":"product","2":"type-product","3":"status-publish","5":"product_cat-maros-megyei-eletrajzi-lexikon","7":"first","8":"instock","9":"shipping-taxable","10":"product-type-simple"},"_links":{"self":[{"href":"https:\/\/uj.adatbank.ro\/lexikon\/wp-json\/wp\/v2\/product\/18888","targetHints":{"allow":["GET"]}}],"collection":[{"href":"https:\/\/uj.adatbank.ro\/lexikon\/wp-json\/wp\/v2\/product"}],"about":[{"href":"https:\/\/uj.adatbank.ro\/lexikon\/wp-json\/wp\/v2\/types\/product"}],"replies":[{"embeddable":true,"href":"https:\/\/uj.adatbank.ro\/lexikon\/wp-json\/wp\/v2\/comments?post=18888"}],"wp:attachment":[{"href":"https:\/\/uj.adatbank.ro\/lexikon\/wp-json\/wp\/v2\/media?parent=18888"}],"wp:term":[{"taxonomy":"product_brand","embeddable":true,"href":"https:\/\/uj.adatbank.ro\/lexikon\/wp-json\/wp\/v2\/product_brand?post=18888"},{"taxonomy":"product_cat","embeddable":true,"href":"https:\/\/uj.adatbank.ro\/lexikon\/wp-json\/wp\/v2\/product_cat?post=18888"},{"taxonomy":"product_tag","embeddable":true,"href":"https:\/\/uj.adatbank.ro\/lexikon\/wp-json\/wp\/v2\/product_tag?post=18888"}],"curies":[{"name":"wp","href":"https:\/\/api.w.org\/{rel}","templated":true}]}}

RADNÓT

<p>? † 1322 k.: birtokos. – A híres Kökényes-Radnót nemzetségnek kimagasló tagja, fiatal éveiben az utolsó Árpád-házi királyok idején Nógrád megyében lakott, de 1310-ben már Erdélyben élt. Birtokosa volt a nagy tekei uradalomnak, melyhez Nagyida, Szászpéntek, Lúdvég, Szászerked, Banyica, Szászakna, Komlód, Nyulas, Kozmatelke, Kamarás és Szombattelke tartozott. Károly Róbert király hatalmas vagyonát halála után egyik sógorának Kácsics Simon székely ispánnak adta (1322). Valószínű hogy a görgényi vár várnagya v. más tisztviselője volt, s a Marostól a Gyergyói hegyekig nyúló nagy várbirtok nyugati szélén ő telepítette Radnótfáját mely így az ő nevét őrzi. <br /><strong>Irod.:</strong> Kelemen Lajos 2009</br></p>

<p>? † 1322 k.: birtokos. – A híres Kökényes-Radnót nemzetségnek kimagasló tagja, fiatal éveiben az utolsó Árpád-házi királyok idején Nógrád megyében lakott, de 1310-ben már Erdélyben élt. Birtokosa volt a nagy tekei uradalomnak, melyhez Nagyida, Szászpéntek, Lúdvég, Szászerked, Banyica, Szászakna, Komlód, Nyulas, Kozmatelke, Kamarás és Szombattelke tartozott. Károly Róbert király hatalmas vagyonát halála után egyik sógorának [&hellip;]</p>
