{"id":18907,"date":"2025-07-16T11:10:18","date_gmt":"2025-07-16T09:10:18","guid":{"rendered":"https:\/\/uj.adatbank.ro\/lexikon\/termek\/rado-albert-rado-rosenfeld-albert\/"},"modified":"2025-07-16T11:10:18","modified_gmt":"2025-07-16T09:10:18","slug":"rado-albert-rado-rosenfeld-albert","status":"publish","type":"product","link":"https:\/\/uj.adatbank.ro\/lexikon\/termek\/rado-albert-rado-rosenfeld-albert\/","title":{"rendered":"RAD\u00d3 Albert, Rad\u00f3 (Rosenfeld) Albert"},"content":{"rendered":"<p>? \u2020\u00a0?: v\u00e9nd\u00e9gl\u0151s, k\u00e1v\u00e9s. \u2013 Gyulafeh\u00e9rv\u00e1rr\u00f3l \u00e9rkezett, a mv.-i els\u0151 telefon-el\u0151fizet\u0151k k\u00f6z\u00e9 tartozott (1893. szept.). Els\u0151 b\u00e9rl\u0151je. Megny\u00edlt az Eur\u00f3pa k\u00e1v\u00e9h\u00e1z a Csern\u00e1th-h\u00e1z f\u00f6ldsz\u00edntj\u00e9n, a Bem (ma Pet\u0151fi) t\u00e9ren (1893. nov. 23). Sikeresen m\u0171k\u00f6dtette, majd eladta W\u0151ckl Isv\u00e1n Gy\u00f6rgynek (1895. m\u00e1j.) \u00e9s megnyitotta a Szentgy\u00f6rgy u-ban, az \u00e1talak\u00edtott M\u00e9der sz\u00e1ll\u00f3t \u00e9s \u00e9ttermet (1896. okt. 1.\u2013). <br \/><strong>Irod.:<\/strong> Id\u0151t\u00e1r 5\/1; Sebesty\u00e9n 2018<\/br><\/p>\n","protected":false},"excerpt":{"rendered":"<p>? \u2020\u00a0?: v\u00e9nd\u00e9gl\u0151s, k\u00e1v\u00e9s. \u2013 Gyulafeh\u00e9rv\u00e1rr\u00f3l \u00e9rkezett, a mv.-i els\u0151 telefon-el\u0151fizet\u0151k k\u00f6z\u00e9 tartozott (1893. szept.). Els\u0151 b\u00e9rl\u0151je. Megny\u00edlt az Eur\u00f3pa k\u00e1v\u00e9h\u00e1z a Csern\u00e1th-h\u00e1z f\u00f6ldsz\u00edntj\u00e9n, a Bem (ma Pet\u0151fi) t\u00e9ren (1893. nov. 23). Sikeresen m\u0171k\u00f6dtette, majd eladta W\u0151ckl Isv\u00e1n Gy\u00f6rgynek (1895. m\u00e1j.) \u00e9s megnyitotta a Szentgy\u00f6rgy u-ban, az \u00e1talak\u00edtott M\u00e9der sz\u00e1ll\u00f3t \u00e9s \u00e9ttermet (1896. okt. 1.\u2013). [&hellip;]<\/p>\n","protected":false},"featured_media":0,"comment_status":"open","ping_status":"closed","template":"","meta":[],"product_brand":[],"product_cat":[137],"product_tag":[],"class_list":{"0":"post-18907","1":"product","2":"type-product","3":"status-publish","5":"product_cat-maros-megyei-eletrajzi-lexikon","7":"first","8":"instock","9":"shipping-taxable","10":"product-type-simple"},"_links":{"self":[{"href":"https:\/\/uj.adatbank.ro\/lexikon\/wp-json\/wp\/v2\/product\/18907","targetHints":{"allow":["GET"]}}],"collection":[{"href":"https:\/\/uj.adatbank.ro\/lexikon\/wp-json\/wp\/v2\/product"}],"about":[{"href":"https:\/\/uj.adatbank.ro\/lexikon\/wp-json\/wp\/v2\/types\/product"}],"replies":[{"embeddable":true,"href":"https:\/\/uj.adatbank.ro\/lexikon\/wp-json\/wp\/v2\/comments?post=18907"}],"wp:attachment":[{"href":"https:\/\/uj.adatbank.ro\/lexikon\/wp-json\/wp\/v2\/media?parent=18907"}],"wp:term":[{"taxonomy":"product_brand","embeddable":true,"href":"https:\/\/uj.adatbank.ro\/lexikon\/wp-json\/wp\/v2\/product_brand?post=18907"},{"taxonomy":"product_cat","embeddable":true,"href":"https:\/\/uj.adatbank.ro\/lexikon\/wp-json\/wp\/v2\/product_cat?post=18907"},{"taxonomy":"product_tag","embeddable":true,"href":"https:\/\/uj.adatbank.ro\/lexikon\/wp-json\/wp\/v2\/product_tag?post=18907"}],"curies":[{"name":"wp","href":"https:\/\/api.w.org\/{rel}","templated":true}]}}

RADÓ Albert, Radó (Rosenfeld) Albert

<p>? † ?: véndéglős, kávés. – Gyulafehérvárról érkezett, a mv.-i első telefon-előfizetők közé tartozott (1893. szept.). Első bérlője. Megnyílt az Európa kávéház a Csernáth-ház földszíntjén, a Bem (ma Petőfi) téren (1893. nov. 23). Sikeresen működtette, majd eladta Wőckl Isván Györgynek (1895. máj.) és megnyitotta a Szentgyörgy u-ban, az átalakított Méder szállót és éttermet (1896. okt. 1.–). <br /><strong>Irod.:</strong> Időtár 5/1; Sebestyén 2018</br></p>

<p>? † ?: véndéglős, kávés. – Gyulafehérvárról érkezett, a mv.-i első telefon-előfizetők közé tartozott (1893. szept.). Első bérlője. Megnyílt az Európa kávéház a Csernáth-ház földszíntjén, a Bem (ma Petőfi) téren (1893. nov. 23). Sikeresen működtette, majd eladta Wőckl Isván Györgynek (1895. máj.) és megnyitotta a Szentgyörgy u-ban, az átalakított Méder szállót és éttermet (1896. okt. 1.–). [&hellip;]</p>
